--
-- Host: db    Database: db
-- ------------------------------------------------------


--
-- Table structure for table `addresses`
--

CREATE TABLE `addresses` (
  `id` int NOT NULL,
  `ownerId` int DEFAULT NULL,
  `countryCode` varchar(255) NOT NULL,
  `administrativeArea` varchar(255) DEFAULT NULL,
  `locality` varchar(255) DEFAULT NULL,
  `dependentLocality` varchar(255) DEFAULT NULL,
  `postalCode` varchar(255) DEFAULT NULL,
  `sortingCode` varchar(255) DEFAULT NULL,
  `addressLine1` varchar(255) DEFAULT NULL,
  `addressLine2` varchar(255) DEFAULT NULL,
  `organization` varchar(255) DEFAULT NULL,
  `organizationTaxId` varchar(255) DEFAULT NULL,
  `fullName` varchar(255) DEFAULT NULL,
  `firstName` varchar(255) DEFAULT NULL,
  `lastName` varchar(255) DEFAULT NULL,
  `latitude` varchar(255) DEFAULT NULL,
  `longitude` varchar(255) DEFAULT NULL,
  `dateCreated` datetime NOT NULL,
  `dateUpdated` datetime NOT NULL,
  PRIMARY KEY (`id`),
  KEY `fk_izvvwcasjwojevvokzokuqxorlivlbnjzcdg` (`ownerId`),
  CONSTRAINT `fk_izvvwcasjwojevvokzokuqxorlivlbnjzcdg` FOREIGN KEY (`ownerId`) REFERENCES `elements` (`id`) ON DELETE CASCADE,
  CONSTRAINT `fk_xppeufixifzrlhkejiuezttpicrumarcwtam` FOREIGN KEY (`id`) REFERENCES `elements` (`id`) ON DELETE CASCADE
) ENGINE=InnoDB DEFAULT CHARSET=utf8mb3;

--
-- Table structure for table `announcements`
--

CREATE TABLE `announcements` (
  `id` int NOT NULL AUTO_INCREMENT,
  `userId` int NOT NULL,
  `pluginId` int DEFAULT NULL,
  `heading` varchar(255) NOT NULL,
  `body` text NOT NULL,
  `unread` tinyint(1) NOT NULL DEFAULT '1',
  `dateRead` datetime DEFAULT NULL,
  `dateCreated` datetime NOT NULL,
  PRIMARY KEY (`id`),
  KEY `idx_whnnqpxifrwvhullxghjczpsumdqennxywfl` (`userId`,`unread`,`dateRead`,`dateCreated`),
  KEY `idx_xglobubguvhoizrqlhlyklneqhwyjrpaeacr` (`dateRead`),
  KEY `fk_fhbtadhcgowltxjnlhxfglxqxwpubklnktpc` (`pluginId`),
  CONSTRAINT `fk_fhbtadhcgowltxjnlhxfglxqxwpubklnktpc` FOREIGN KEY (`pluginId`) REFERENCES `plugins` (`id`) ON DELETE CASCADE,
  CONSTRAINT `fk_prpvgexpsgvfjudhsrtqcstzocwykndlblui` FOREIGN KEY (`userId`) REFERENCES `users` (`id`) ON DELETE CASCADE
) ENGINE=InnoDB DEFAULT CHARSET=utf8mb3;

--
-- Table structure for table `assetindexingsessions`
--

CREATE TABLE `assetindexingsessions` (
  `id` int NOT NULL AUTO_INCREMENT,
  `indexedVolumes` text,
  `totalEntries` int DEFAULT NULL,
  `processedEntries` int NOT NULL DEFAULT '0',
  `cacheRemoteImages` tinyint(1) DEFAULT NULL,
  `listEmptyFolders` tinyint(1) DEFAULT '0',
  `isCli` tinyint(1) DEFAULT '0',
  `actionRequired` tinyint(1) DEFAULT '0',
  `processIfRootEmpty` tinyint(1) DEFAULT '0',
  `dateCreated` datetime NOT NULL,
  `dateUpdated` datetime NOT NULL,
  `uid` char(36) NOT NULL DEFAULT '0',
  PRIMARY KEY (`id`)
) ENGINE=InnoDB DEFAULT CHARSET=utf8mb3;

--
-- Table structure for table `assets`
--

CREATE TABLE `assets` (
  `id` int NOT NULL,
  `volumeId` int DEFAULT NULL,
  `folderId` int NOT NULL,
  `uploaderId` int DEFAULT NULL,
  `filename` varchar(255) NOT NULL,
  `kind` varchar(50) NOT NULL DEFAULT 'unknown',
  `alt` text,
  `width` int unsigned DEFAULT NULL,
  `height` int unsigned DEFAULT NULL,
  `size` bigint unsigned DEFAULT NULL,
  `focalPoint` varchar(13) DEFAULT NULL,
  `deletedWithVolume` tinyint(1) DEFAULT NULL,
  `keptFile` tinyint(1) DEFAULT NULL,
  `dateModified` datetime DEFAULT NULL,
  `dateCreated` datetime NOT NULL,
  `dateUpdated` datetime NOT NULL,
  PRIMARY KEY (`id`),
  KEY `idx_vnlveceoihzbdkysawidpkzmicxhrbsihpey` (`filename`,`folderId`),
  KEY `idx_liutuklxskgfwycztucihfyctcliqogfsgwm` (`folderId`),
  KEY `idx_zhzjjryzcadkmwyjiqlyfwwcvbggnxvwxooq` (`volumeId`),
  KEY `fk_mejaipqpexmprqfgxjqkwoutmnejqeyhlbzd` (`uploaderId`),
  CONSTRAINT `fk_brhpjqoxsdylulzhxdgqoppjntpxkwqyvife` FOREIGN KEY (`volumeId`) REFERENCES `volumes` (`id`) ON DELETE CASCADE,
  CONSTRAINT `fk_llhfrxfaahsdpcqwzxyltgugknllkwcrummd` FOREIGN KEY (`id`) REFERENCES `elements` (`id`) ON DELETE CASCADE,
  CONSTRAINT `fk_mejaipqpexmprqfgxjqkwoutmnejqeyhlbzd` FOREIGN KEY (`uploaderId`) REFERENCES `users` (`id`) ON DELETE SET NULL,
  CONSTRAINT `fk_nyoytsxdgueaszdxizafchepnqzczkkfrpjm` FOREIGN KEY (`folderId`) REFERENCES `volumefolders` (`id`) ON DELETE CASCADE
) ENGINE=InnoDB DEFAULT CHARSET=utf8mb3;

--
-- Table structure for table `categories`
--

CREATE TABLE `categories` (
  `id` int NOT NULL,
  `groupId` int NOT NULL,
  `parentId` int DEFAULT NULL,
  `deletedWithGroup` tinyint(1) DEFAULT NULL,
  `dateCreated` datetime NOT NULL,
  `dateUpdated` datetime NOT NULL,
  PRIMARY KEY (`id`),
  KEY `idx_hfvdycicpegxaaachwghftcjbcdzexvnjtaj` (`groupId`),
  KEY `fk_fvbvexxspyypwwydfuaslvwbkanrxhyltdwj` (`parentId`),
  CONSTRAINT `fk_fvbvexxspyypwwydfuaslvwbkanrxhyltdwj` FOREIGN KEY (`parentId`) REFERENCES `categories` (`id`) ON DELETE SET NULL,
  CONSTRAINT `fk_gjeablbpwynkdyslhwbrpwofcyvkvmpwkwqr` FOREIGN KEY (`id`) REFERENCES `elements` (`id`) ON DELETE CASCADE,
  CONSTRAINT `fk_moluevgjdwcdhsajospxzjgxajuubsmguqel` FOREIGN KEY (`groupId`) REFERENCES `categorygroups` (`id`) ON DELETE CASCADE
) ENGINE=InnoDB DEFAULT CHARSET=utf8mb3;

--
-- Table structure for table `categorygroups`
--

CREATE TABLE `categorygroups` (
  `id` int NOT NULL AUTO_INCREMENT,
  `structureId` int NOT NULL,
  `fieldLayoutId` int DEFAULT NULL,
  `name` varchar(255) NOT NULL,
  `handle` varchar(255) NOT NULL,
  `defaultPlacement` enum('beginning','end') NOT NULL DEFAULT 'end',
  `dateCreated` datetime NOT NULL,
  `dateUpdated` datetime NOT NULL,
  `dateDeleted` datetime DEFAULT NULL,
  `uid` char(36) NOT NULL DEFAULT '0',
  PRIMARY KEY (`id`),
  KEY `idx_cmpqdaolkpsbmefmnofmcufkudkmpoirubgi` (`name`),
  KEY `idx_ribakonhixqtcvbvgmtoomactudhcmluywxt` (`handle`),
  KEY `idx_gpsgyfbokwwnixgrqdgkrxhumreptgylgvgw` (`structureId`),
  KEY `idx_wwsitjinxxgbakidjmwofkkrrqzlnownuvzu` (`fieldLayoutId`),
  KEY `idx_txjubgbpupxuzibbwtolfdwdalvowtqdoebz` (`dateDeleted`),
  CONSTRAINT `fk_annixcyooygmatdkdfndpswsalywlfekixqm` FOREIGN KEY (`fieldLayoutId`) REFERENCES `fieldlayouts` (`id`) ON DELETE SET NULL,
  CONSTRAINT `fk_ckavmiwlnhxmygzcjmywrtevsuwjyabkzesa` FOREIGN KEY (`structureId`) REFERENCES `structures` (`id`) ON DELETE CASCADE
) ENGINE=InnoDB DEFAULT CHARSET=utf8mb3;

--
-- Table structure for table `categorygroups_sites`
--

CREATE TABLE `categorygroups_sites` (
  `id` int NOT NULL AUTO_INCREMENT,
  `groupId` int NOT NULL,
  `siteId` int NOT NULL,
  `hasUrls` tinyint(1) NOT NULL DEFAULT '1',
  `uriFormat` text,
  `template` varchar(500) DEFAULT NULL,
  `dateCreated` datetime NOT NULL,
  `dateUpdated` datetime NOT NULL,
  `uid` char(36) NOT NULL DEFAULT '0',
  PRIMARY KEY (`id`),
  UNIQUE KEY `idx_swcndoqgfucqtvbeaoihcvdmbnishkidixyh` (`groupId`,`siteId`),
  KEY `idx_botcmyypuurxwqosmnvrnhhzrlwecxlaijyc` (`siteId`),
  CONSTRAINT `fk_kcbnfqwpyosenuvldktviodkyfrhrhfentii` FOREIGN KEY (`siteId`) REFERENCES `sites` (`id`) ON DELETE CASCADE ON UPDATE CASCADE,
  CONSTRAINT `fk_ldcrqoqpeqsimrcmpdxrbcgttyxmnnopvsdh` FOREIGN KEY (`groupId`) REFERENCES `categorygroups` (`id`) ON DELETE CASCADE
) ENGINE=InnoDB DEFAULT CHARSET=utf8mb3;

--
-- Table structure for table `changedattributes`
--

CREATE TABLE `changedattributes` (
  `elementId` int NOT NULL,
  `siteId` int NOT NULL,
  `attribute` varchar(255) NOT NULL,
  `dateUpdated` datetime NOT NULL,
  `propagated` tinyint(1) NOT NULL,
  `userId` int DEFAULT NULL,
  PRIMARY KEY (`elementId`,`siteId`,`attribute`),
  KEY `idx_enqcyeqrsoypffspmtepbizjwkoaceudfpph` (`elementId`,`siteId`,`dateUpdated`),
  KEY `fk_vdvwmwhwuaaywzdtcwijwfqoaxvgvrixxkbz` (`siteId`),
  KEY `fk_rosugvmhgkmakbbwjatamnbhslowifwnnaan` (`userId`),
  CONSTRAINT `fk_eygryjdtunymmsioakxqcapaatxkujrepykn` FOREIGN KEY (`elementId`) REFERENCES `elements` (`id`) ON DELETE CASCADE ON UPDATE CASCADE,
  CONSTRAINT `fk_rosugvmhgkmakbbwjatamnbhslowifwnnaan` FOREIGN KEY (`userId`) REFERENCES `users` (`id`) ON DELETE SET NULL ON UPDATE CASCADE,
  CONSTRAINT `fk_vdvwmwhwuaaywzdtcwijwfqoaxvgvrixxkbz` FOREIGN KEY (`siteId`) REFERENCES `sites` (`id`) ON DELETE CASCADE ON UPDATE CASCADE
) ENGINE=InnoDB DEFAULT CHARSET=utf8mb3;

--
-- Table structure for table `changedfields`
--

CREATE TABLE `changedfields` (
  `elementId` int NOT NULL,
  `siteId` int NOT NULL,
  `fieldId` int NOT NULL,
  `dateUpdated` datetime NOT NULL,
  `propagated` tinyint(1) NOT NULL,
  `userId` int DEFAULT NULL,
  PRIMARY KEY (`elementId`,`siteId`,`fieldId`),
  KEY `idx_fojyyeuwhemurjhgkbuboxyuvwqbiatpwkfr` (`elementId`,`siteId`,`dateUpdated`),
  KEY `fk_vtdzezcefkgcsxcceevrzuzhdimytkakcoxl` (`siteId`),
  KEY `fk_mcikdlkixbwpuiltyksfhqrldovvafdwwtfk` (`fieldId`),
  KEY `fk_bdkhmeefluihderjicwbmzrhgddmxdiuesjk` (`userId`),
  CONSTRAINT `fk_aklcvafpgnihzaryriwzicuxcdvknoplzsin` FOREIGN KEY (`elementId`) REFERENCES `elements` (`id`) ON DELETE CASCADE ON UPDATE CASCADE,
  CONSTRAINT `fk_bdkhmeefluihderjicwbmzrhgddmxdiuesjk` FOREIGN KEY (`userId`) REFERENCES `users` (`id`) ON DELETE SET NULL ON UPDATE CASCADE,
  CONSTRAINT `fk_mcikdlkixbwpuiltyksfhqrldovvafdwwtfk` FOREIGN KEY (`fieldId`) REFERENCES `fields` (`id`) ON DELETE CASCADE ON UPDATE CASCADE,
  CONSTRAINT `fk_vtdzezcefkgcsxcceevrzuzhdimytkakcoxl` FOREIGN KEY (`siteId`) REFERENCES `sites` (`id`) ON DELETE CASCADE ON UPDATE CASCADE
) ENGINE=InnoDB DEFAULT CHARSET=utf8mb3;

--
-- Table structure for table `content`
--

CREATE TABLE `content` (
  `id` int NOT NULL AUTO_INCREMENT,
  `elementId` int NOT NULL,
  `siteId` int NOT NULL,
  `title` varchar(255) DEFAULT NULL,
  `dateCreated` datetime NOT NULL,
  `dateUpdated` datetime NOT NULL,
  `uid` char(36) NOT NULL DEFAULT '0',
  `field_addressInfo_yvoxjiqw` text,
  `field_websiteInfo_redxynfl` text,
  `field_phoneInfo_dldokaha` text,
  `field_mainBody_tpegdnet` text,
  `field_metaTitle_twasfpfx` text,
  `field_metaKeywords_oixzmdop` text,
  `field_metaDescription_btnkhqnn` text,
  PRIMARY KEY (`id`),
  UNIQUE KEY `idx_ieonpqhvixhvggtxhwxiothwzvbpzwljiphm` (`elementId`,`siteId`),
  KEY `idx_scnwbcusqzhokdxkszzmqerhomsxysspawnm` (`siteId`),
  KEY `idx_pofbrulhzwwaxpfvkwvqkrsyiozktwkbvmcz` (`title`),
  CONSTRAINT `fk_hdqbyzdzwgyopsgxacadurdveslilmoqgpuu` FOREIGN KEY (`elementId`) REFERENCES `elements` (`id`) ON DELETE CASCADE,
  CONSTRAINT `fk_mxzpxhzwafkuifdrllklfjviavniwduxhdqq` FOREIGN KEY (`siteId`) REFERENCES `sites` (`id`) ON DELETE CASCADE ON UPDATE CASCADE
) ENGINE=InnoDB AUTO_INCREMENT=18 DEFAULT CHARSET=utf8mb3;

--
-- Table structure for table `drafts`
--

CREATE TABLE `drafts` (
  `id` int NOT NULL AUTO_INCREMENT,
  `canonicalId` int DEFAULT NULL,
  `creatorId` int DEFAULT NULL,
  `provisional` tinyint(1) NOT NULL DEFAULT '0',
  `name` varchar(255) NOT NULL,
  `notes` text,
  `trackChanges` tinyint(1) NOT NULL DEFAULT '0',
  `dateLastMerged` datetime DEFAULT NULL,
  `saved` tinyint(1) NOT NULL DEFAULT '1',
  PRIMARY KEY (`id`),
  KEY `idx_gsixywprcqdgxqlrffcsxdsekwxelakhqgbx` (`creatorId`,`provisional`),
  KEY `idx_bpfvklfibnuhflbnqjpwdozkjxgnptaalnvt` (`saved`),
  KEY `fk_zslaxdvrigcahitlhlwihaiubuorvbgwmfxb` (`canonicalId`),
  CONSTRAINT `fk_nldfnkdelulekucucvedovympxhmrlomkcra` FOREIGN KEY (`creatorId`) REFERENCES `users` (`id`) ON DELETE SET NULL,
  CONSTRAINT `fk_zslaxdvrigcahitlhlwihaiubuorvbgwmfxb` FOREIGN KEY (`canonicalId`) REFERENCES `elements` (`id`) ON DELETE CASCADE
) ENGINE=InnoDB DEFAULT CHARSET=utf8mb3;

--
-- Table structure for table `elementactivity`
--

CREATE TABLE `elementactivity` (
  `elementId` int NOT NULL,
  `userId` int NOT NULL,
  `siteId` int NOT NULL,
  `draftId` int DEFAULT NULL,
  `type` varchar(255) NOT NULL,
  `timestamp` datetime DEFAULT NULL,
  PRIMARY KEY (`elementId`,`userId`,`type`),
  KEY `idx_vwzyiirbhfjuhtoynkhowezntsvwtporsqsl` (`elementId`,`timestamp`,`userId`),
  KEY `fk_pvqylhgzqjzlqsiwuvqoqnpmahlhlkbknofk` (`userId`),
  KEY `fk_iqgytalunlfvummasmhbikrjktkyxoslfpox` (`siteId`),
  KEY `fk_piktailgliwyfugubsnfjglpubnztwtusaoe` (`draftId`),
  CONSTRAINT `fk_iqgytalunlfvummasmhbikrjktkyxoslfpox` FOREIGN KEY (`siteId`) REFERENCES `sites` (`id`) ON DELETE CASCADE,
  CONSTRAINT `fk_piktailgliwyfugubsnfjglpubnztwtusaoe` FOREIGN KEY (`draftId`) REFERENCES `drafts` (`id`) ON DELETE CASCADE,
  CONSTRAINT `fk_pvqylhgzqjzlqsiwuvqoqnpmahlhlkbknofk` FOREIGN KEY (`userId`) REFERENCES `users` (`id`) ON DELETE CASCADE,
  CONSTRAINT `fk_wnhowclrbszaahfqtqqhdvailuatalpqbqfn` FOREIGN KEY (`elementId`) REFERENCES `elements` (`id`) ON DELETE CASCADE
) ENGINE=InnoDB DEFAULT CHARSET=utf8mb3;

--
-- Table structure for table `elements`
--

CREATE TABLE `elements` (
  `id` int NOT NULL AUTO_INCREMENT,
  `canonicalId` int DEFAULT NULL,
  `draftId` int DEFAULT NULL,
  `revisionId` int DEFAULT NULL,
  `fieldLayoutId` int DEFAULT NULL,
  `type` varchar(255) NOT NULL,
  `enabled` tinyint(1) NOT NULL DEFAULT '1',
  `archived` tinyint(1) NOT NULL DEFAULT '0',
  `dateCreated` datetime NOT NULL,
  `dateUpdated` datetime NOT NULL,
  `dateLastMerged` datetime DEFAULT NULL,
  `dateDeleted` datetime DEFAULT NULL,
  `uid` char(36) NOT NULL DEFAULT '0',
  PRIMARY KEY (`id`),
  KEY `idx_uyjclvxusebuqdyujwulrmtgbeorecnymqjj` (`dateDeleted`),
  KEY `idx_dxfqkgdukzwujjvtqamvwjbcqfpoceexvnti` (`fieldLayoutId`),
  KEY `idx_rbumdyewkylnfvssohxeweaygnftxtaefrmt` (`type`),
  KEY `idx_pdzbgnabtizkmzygkqjpzidzxtuxgunabtsi` (`enabled`),
  KEY `idx_iaerwandopaxevjnipmtjujsnkrdnwdmtdxl` (`canonicalId`),
  KEY `idx_lckhilovmxmvqfdxpkxzkbviymrulopavzpt` (`archived`,`dateCreated`),
  KEY `idx_vtidxhwduhscydzupknuxvwrmukcyjuzhxed` (`archived`,`dateDeleted`,`draftId`,`revisionId`,`canonicalId`),
  KEY `idx_nbzqkgkygamotdvzkrjwpitqdqeotzhwobbz` (`archived`,`dateDeleted`,`draftId`,`revisionId`,`canonicalId`,`enabled`),
  KEY `fk_rxttiptepoyenvcnvjkcilzexwircfxyybym` (`draftId`),
  KEY `fk_jvzsvijhaxjbistyljkvmcmnotrjcwqrndda` (`revisionId`),
  CONSTRAINT `fk_gnvfuwikbknwiqofqycwbpjntrjzjvbzaliz` FOREIGN KEY (`fieldLayoutId`) REFERENCES `fieldlayouts` (`id`) ON DELETE SET NULL,
  CONSTRAINT `fk_jkcyrngeptlharexmfnllymhcjcvejaybcsu` FOREIGN KEY (`canonicalId`) REFERENCES `elements` (`id`) ON DELETE SET NULL,
  CONSTRAINT `fk_jvzsvijhaxjbistyljkvmcmnotrjcwqrndda` FOREIGN KEY (`revisionId`) REFERENCES `revisions` (`id`) ON DELETE CASCADE,
  CONSTRAINT `fk_rxttiptepoyenvcnvjkcilzexwircfxyybym` FOREIGN KEY (`draftId`) REFERENCES `drafts` (`id`) ON DELETE CASCADE
) ENGINE=InnoDB AUTO_INCREMENT=18 DEFAULT CHARSET=utf8mb3;

--
-- Table structure for table `elements_sites`
--

CREATE TABLE `elements_sites` (
  `id` int NOT NULL AUTO_INCREMENT,
  `elementId` int NOT NULL,
  `siteId` int NOT NULL,
  `slug` varchar(255) DEFAULT NULL,
  `uri` varchar(255) DEFAULT NULL,
  `enabled` tinyint(1) NOT NULL DEFAULT '1',
  `dateCreated` datetime NOT NULL,
  `dateUpdated` datetime NOT NULL,
  `uid` char(36) NOT NULL DEFAULT '0',
  PRIMARY KEY (`id`),
  UNIQUE KEY `idx_gtsnlggfysjayaoczzqahgtslfmwoiojshou` (`elementId`,`siteId`),
  KEY `idx_nckfmhostnsdlmfeblvmpaiwyfuywijmwlwy` (`siteId`),
  KEY `idx_gzrdkqpxyfwzdnfmeuvdfivefpizrtskmgrf` (`slug`,`siteId`),
  KEY `idx_estjnzhjuytzpnfykeunezsilxgvcxrkwgzl` (`enabled`),
  KEY `idx_zzcjdtwcqmsuythzwuulhyndglcwportsxss` (`uri`,`siteId`),
  CONSTRAINT `fk_iegwgbesfvnerjpjhbvccpeaecthatltpgpl` FOREIGN KEY (`elementId`) REFERENCES `elements` (`id`) ON DELETE CASCADE,
  CONSTRAINT `fk_zqhtkeepibesuovbstylemlxnqgbjdttislm` FOREIGN KEY (`siteId`) REFERENCES `sites` (`id`) ON DELETE CASCADE ON UPDATE CASCADE
) ENGINE=InnoDB AUTO_INCREMENT=18 DEFAULT CHARSET=utf8mb3;

--
-- Table structure for table `entries`
--

CREATE TABLE `entries` (
  `id` int NOT NULL,
  `sectionId` int NOT NULL,
  `parentId` int DEFAULT NULL,
  `typeId` int NOT NULL,
  `authorId` int DEFAULT NULL,
  `postDate` datetime DEFAULT NULL,
  `expiryDate` datetime DEFAULT NULL,
  `deletedWithEntryType` tinyint(1) DEFAULT NULL,
  `dateCreated` datetime NOT NULL,
  `dateUpdated` datetime NOT NULL,
  PRIMARY KEY (`id`),
  KEY `idx_njwjljtrxarcidhwilvdbxxobuthbuyyewcc` (`postDate`),
  KEY `idx_wjxbkpftuauhvuavndhbzepiejlmhrqicejo` (`expiryDate`),
  KEY `idx_fugufqhcbvzgbblvyweuqcjghwacqcchwikj` (`authorId`),
  KEY `idx_smwrfethfcijpqmkvnxsmdsuhuibxuevhtqg` (`sectionId`),
  KEY `idx_mskmrcjzfkwaoljsvntmwunibpkvuusvzxwh` (`typeId`),
  KEY `fk_xbvhrvcekwfguypxwsoblzpgqghzstzeabxs` (`parentId`),
  CONSTRAINT `fk_fysvzfcraclpqmpusjqcultsfmkufsmjoflz` FOREIGN KEY (`id`) REFERENCES `elements` (`id`) ON DELETE CASCADE,
  CONSTRAINT `fk_jxyynpjqybnanleyzxfwqaimqapcctvwzhix` FOREIGN KEY (`authorId`) REFERENCES `users` (`id`) ON DELETE SET NULL,
  CONSTRAINT `fk_pmvzlkjzaosmwingklueokknefuotqmfwrhx` FOREIGN KEY (`typeId`) REFERENCES `entrytypes` (`id`) ON DELETE CASCADE,
  CONSTRAINT `fk_slmrqxxsuqczylmldfyijgqqviwgjzntjlsw` FOREIGN KEY (`sectionId`) REFERENCES `sections` (`id`) ON DELETE CASCADE,
  CONSTRAINT `fk_xbvhrvcekwfguypxwsoblzpgqghzstzeabxs` FOREIGN KEY (`parentId`) REFERENCES `entries` (`id`) ON DELETE SET NULL
) ENGINE=InnoDB DEFAULT CHARSET=utf8mb3;

--
-- Table structure for table `entrytypes`
--

CREATE TABLE `entrytypes` (
  `id` int NOT NULL AUTO_INCREMENT,
  `sectionId` int NOT NULL,
  `fieldLayoutId` int DEFAULT NULL,
  `name` varchar(255) NOT NULL,
  `handle` varchar(255) NOT NULL,
  `hasTitleField` tinyint(1) NOT NULL DEFAULT '1',
  `titleTranslationMethod` varchar(255) NOT NULL DEFAULT 'site',
  `titleTranslationKeyFormat` text,
  `titleFormat` varchar(255) DEFAULT NULL,
  `slugTranslationMethod` varchar(255) NOT NULL DEFAULT 'site',
  `slugTranslationKeyFormat` text,
  `showStatusField` tinyint(1) DEFAULT '1',
  `sortOrder` smallint unsigned DEFAULT NULL,
  `dateCreated` datetime NOT NULL,
  `dateUpdated` datetime NOT NULL,
  `dateDeleted` datetime DEFAULT NULL,
  `uid` char(36) NOT NULL DEFAULT '0',
  PRIMARY KEY (`id`),
  KEY `idx_zumyardxwgspkwlbiqonnktloxlewtvdqvis` (`name`,`sectionId`),
  KEY `idx_czaabzyaqypyrabtscjzcuxabbjqsoqmshzh` (`handle`,`sectionId`),
  KEY `idx_cfvywnwnrloqucnqkdyhbpnpdfeccybdpqlu` (`sectionId`),
  KEY `idx_ivefpixivceytkqeyqlcyceguahfmbocsheo` (`fieldLayoutId`),
  KEY `idx_heiklclolotozuaiqiekfhfasxlounkjkgjf` (`dateDeleted`),
  CONSTRAINT `fk_evxemaqsuziahkigujaqyqpblhdeavrdbxkm` FOREIGN KEY (`sectionId`) REFERENCES `sections` (`id`) ON DELETE CASCADE,
  CONSTRAINT `fk_wgfsprtbwtplhaefpnmtxfpjpgrmvdrchgiz` FOREIGN KEY (`fieldLayoutId`) REFERENCES `fieldlayouts` (`id`) ON DELETE SET NULL
) ENGINE=InnoDB AUTO_INCREMENT=5 DEFAULT CHARSET=utf8mb3;

--
-- Table structure for table `fieldgroups`
--

CREATE TABLE `fieldgroups` (
  `id` int NOT NULL AUTO_INCREMENT,
  `name` varchar(255) NOT NULL,
  `dateCreated` datetime NOT NULL,
  `dateUpdated` datetime NOT NULL,
  `dateDeleted` datetime DEFAULT NULL,
  `uid` char(36) NOT NULL DEFAULT '0',
  PRIMARY KEY (`id`),
  KEY `idx_kynqpbtmqwbqmejnjqzojpgklwcvmhdvcqdc` (`name`),
  KEY `idx_xwubsbssikrcmacemergsduzckukcrfqjsnm` (`dateDeleted`,`name`)
) ENGINE=InnoDB AUTO_INCREMENT=2 DEFAULT CHARSET=utf8mb3;

--
-- Table structure for table `fieldlayoutfields`
--

CREATE TABLE `fieldlayoutfields` (
  `id` int NOT NULL AUTO_INCREMENT,
  `layoutId` int NOT NULL,
  `tabId` int NOT NULL,
  `fieldId` int NOT NULL,
  `required` tinyint(1) NOT NULL DEFAULT '0',
  `sortOrder` smallint unsigned DEFAULT NULL,
  `dateCreated` datetime NOT NULL,
  `dateUpdated` datetime NOT NULL,
  `uid` char(36) NOT NULL DEFAULT '0',
  PRIMARY KEY (`id`),
  UNIQUE KEY `idx_nxahjazrohjsefioihkoplxexvaaiambjzgv` (`layoutId`,`fieldId`),
  KEY `idx_mjwhwgqgynrhiqibvxqrepyewzyvxbylckpp` (`sortOrder`),
  KEY `idx_ymlhvrmhrnobrdzqzgiidbjwpptmywadjvtu` (`tabId`),
  KEY `idx_ctyoxialkchdkynxtfusfcnvurwvnudajxrq` (`fieldId`),
  CONSTRAINT `fk_adecbjxqcpgcgixllkpxivylztshynqjvpuc` FOREIGN KEY (`fieldId`) REFERENCES `fields` (`id`) ON DELETE CASCADE,
  CONSTRAINT `fk_imlqgotcimqlgglnjfdibsvndrnnhlfmamkh` FOREIGN KEY (`tabId`) REFERENCES `fieldlayouttabs` (`id`) ON DELETE CASCADE,
  CONSTRAINT `fk_vaokqbhjvxlqihlaadzkwspmhuiwxwognszz` FOREIGN KEY (`layoutId`) REFERENCES `fieldlayouts` (`id`) ON DELETE CASCADE
) ENGINE=InnoDB AUTO_INCREMENT=53 DEFAULT CHARSET=utf8mb3;

--
-- Table structure for table `fieldlayouts`
--

CREATE TABLE `fieldlayouts` (
  `id` int NOT NULL AUTO_INCREMENT,
  `type` varchar(255) NOT NULL,
  `dateCreated` datetime NOT NULL,
  `dateUpdated` datetime NOT NULL,
  `dateDeleted` datetime DEFAULT NULL,
  `uid` char(36) NOT NULL DEFAULT '0',
  PRIMARY KEY (`id`),
  KEY `idx_bphkmedksrkzigxttozmyjuikerhnsxmoncq` (`dateDeleted`),
  KEY `idx_oahhynflsgfmlywygqcqnipsvinprwnspnyo` (`type`)
) ENGINE=InnoDB AUTO_INCREMENT=5 DEFAULT CHARSET=utf8mb3;

--
-- Table structure for table `fieldlayouttabs`
--

CREATE TABLE `fieldlayouttabs` (
  `id` int NOT NULL AUTO_INCREMENT,
  `layoutId` int NOT NULL,
  `name` varchar(255) NOT NULL,
  `settings` text,
  `elements` text,
  `sortOrder` smallint unsigned DEFAULT NULL,
  `dateCreated` datetime NOT NULL,
  `dateUpdated` datetime NOT NULL,
  `uid` char(36) NOT NULL DEFAULT '0',
  PRIMARY KEY (`id`),
  KEY `idx_ceneauzmqbztlyrzkvqyfyvcprdqjvtwfzjz` (`sortOrder`),
  KEY `idx_imjqmwpirjivsxpqlrfgscfdpvaqscvazltv` (`layoutId`),
  CONSTRAINT `fk_jeclwwibiqxrryrneqvbfzwlagytgkjxpfxn` FOREIGN KEY (`layoutId`) REFERENCES `fieldlayouts` (`id`) ON DELETE CASCADE
) ENGINE=InnoDB AUTO_INCREMENT=17 DEFAULT CHARSET=utf8mb3;

--
-- Table structure for table `fields`
--

CREATE TABLE `fields` (
  `id` int NOT NULL AUTO_INCREMENT,
  `groupId` int DEFAULT NULL,
  `name` varchar(255) NOT NULL,
  `handle` varchar(64) NOT NULL,
  `context` varchar(255) NOT NULL DEFAULT 'global',
  `columnSuffix` char(8) DEFAULT NULL,
  `instructions` text,
  `searchable` tinyint(1) NOT NULL DEFAULT '1',
  `translationMethod` varchar(255) NOT NULL DEFAULT 'none',
  `translationKeyFormat` text,
  `type` varchar(255) NOT NULL,
  `settings` text,
  `dateCreated` datetime NOT NULL,
  `dateUpdated` datetime NOT NULL,
  `uid` char(36) NOT NULL DEFAULT '0',
  PRIMARY KEY (`id`),
  KEY `idx_keprgmsfcjozkwgruemsvyccssspptlapyie` (`handle`,`context`),
  KEY `idx_pjnqpkeisdpgvwvpxptujfqnaaguadwvecso` (`groupId`),
  KEY `idx_blpqmqfwhtkaefbrlcmvhdgaaxgalebvmtkw` (`context`),
  CONSTRAINT `fk_vsamykkkczubsyxnycptfbrswpiemniblcpm` FOREIGN KEY (`groupId`) REFERENCES `fieldgroups` (`id`) ON DELETE CASCADE
) ENGINE=InnoDB AUTO_INCREMENT=8 DEFAULT CHARSET=utf8mb3;

--
-- Table structure for table `globalsets`
--

CREATE TABLE `globalsets` (
  `id` int NOT NULL AUTO_INCREMENT,
  `name` varchar(255) NOT NULL,
  `handle` varchar(255) NOT NULL,
  `fieldLayoutId` int DEFAULT NULL,
  `sortOrder` smallint unsigned DEFAULT NULL,
  `dateCreated` datetime NOT NULL,
  `dateUpdated` datetime NOT NULL,
  `uid` char(36) NOT NULL DEFAULT '0',
  PRIMARY KEY (`id`),
  KEY `idx_pmsfvuxwmtgdzjlnsjdhnkknhtmosizvgqjy` (`name`),
  KEY `idx_lqvlbbtzbzxghucvyaobtbxsnephnmvhakuf` (`handle`),
  KEY `idx_vbzkjytfgcnbvbiquolxiwkiqdjnjdvuupdv` (`fieldLayoutId`),
  KEY `idx_kapkoaoibahwjvhrejbouppvfdggjdjiyijp` (`sortOrder`),
  CONSTRAINT `fk_htwezikndxiaqmafxbyzqfkyqhmkmikiywpu` FOREIGN KEY (`id`) REFERENCES `elements` (`id`) ON DELETE CASCADE,
  CONSTRAINT `fk_tzgdvsysydqwkbalzgokldtuqnqmtwzrwkmz` FOREIGN KEY (`fieldLayoutId`) REFERENCES `fieldlayouts` (`id`) ON DELETE SET NULL
) ENGINE=InnoDB DEFAULT CHARSET=utf8mb3;

--
-- Table structure for table `gqlschemas`
--

CREATE TABLE `gqlschemas` (
  `id` int NOT NULL AUTO_INCREMENT,
  `name` varchar(255) NOT NULL,
  `scope` text,
  `isPublic` tinyint(1) NOT NULL DEFAULT '0',
  `dateCreated` datetime NOT NULL,
  `dateUpdated` datetime NOT NULL,
  `uid` char(36) NOT NULL DEFAULT '0',
  PRIMARY KEY (`id`)
) ENGINE=InnoDB DEFAULT CHARSET=utf8mb3;

--
-- Table structure for table `imagetransformindex`
--

CREATE TABLE `imagetransformindex` (
  `id` int NOT NULL AUTO_INCREMENT,
  `assetId` int NOT NULL,
  `transformer` varchar(255) DEFAULT NULL,
  `filename` varchar(255) DEFAULT NULL,
  `format` varchar(255) DEFAULT NULL,
  `transformString` varchar(255) NOT NULL,
  `fileExists` tinyint(1) NOT NULL DEFAULT '0',
  `inProgress` tinyint(1) NOT NULL DEFAULT '0',
  `error` tinyint(1) NOT NULL DEFAULT '0',
  `dateIndexed` datetime DEFAULT NULL,
  `dateCreated` datetime NOT NULL,
  `dateUpdated` datetime NOT NULL,
  `uid` char(36) NOT NULL DEFAULT '0',
  PRIMARY KEY (`id`),
  KEY `idx_xmwrfxszxbfrzojxprwzqnduesjchvlsidyb` (`assetId`,`transformString`)
) ENGINE=InnoDB DEFAULT CHARSET=utf8mb3;

--
-- Table structure for table `imagetransforms`
--

CREATE TABLE `imagetransforms` (
  `id` int NOT NULL AUTO_INCREMENT,
  `name` varchar(255) NOT NULL,
  `handle` varchar(255) NOT NULL,
  `mode` enum('stretch','fit','crop','letterbox') NOT NULL DEFAULT 'crop',
  `position` enum('top-left','top-center','top-right','center-left','center-center','center-right','bottom-left','bottom-center','bottom-right') NOT NULL DEFAULT 'center-center',
  `width` int unsigned DEFAULT NULL,
  `height` int unsigned DEFAULT NULL,
  `format` varchar(255) DEFAULT NULL,
  `quality` int DEFAULT NULL,
  `interlace` enum('none','line','plane','partition') NOT NULL DEFAULT 'none',
  `fill` varchar(11) DEFAULT NULL,
  `upscale` tinyint(1) NOT NULL DEFAULT '1',
  `parameterChangeTime` datetime DEFAULT NULL,
  `dateCreated` datetime NOT NULL,
  `dateUpdated` datetime NOT NULL,
  `uid` char(36) NOT NULL DEFAULT '0',
  PRIMARY KEY (`id`),
  KEY `idx_oizqihkdzsitividkozgmgslapzxmegasaic` (`name`),
  KEY `idx_mswvazfudnsyxicmgicbpnjcroqobnjfxoue` (`handle`)
) ENGINE=InnoDB DEFAULT CHARSET=utf8mb3;

--
-- Table structure for table `info`
--

CREATE TABLE `info` (
  `id` int NOT NULL AUTO_INCREMENT,
  `version` varchar(50) NOT NULL,
  `schemaVersion` varchar(15) NOT NULL,
  `maintenance` tinyint(1) NOT NULL DEFAULT '0',
  `configVersion` char(12) NOT NULL DEFAULT '000000000000',
  `fieldVersion` char(12) NOT NULL DEFAULT '000000000000',
  `dateCreated` datetime NOT NULL,
  `dateUpdated` datetime NOT NULL,
  `uid` char(36) NOT NULL DEFAULT '0',
  PRIMARY KEY (`id`)
) ENGINE=InnoDB AUTO_INCREMENT=2 DEFAULT CHARSET=utf8mb3;

--
-- Table structure for table `matrixblocks`
--

CREATE TABLE `matrixblocks` (
  `id` int NOT NULL,
  `primaryOwnerId` int NOT NULL,
  `fieldId` int NOT NULL,
  `typeId` int NOT NULL,
  `deletedWithOwner` tinyint(1) DEFAULT NULL,
  `dateCreated` datetime NOT NULL,
  `dateUpdated` datetime NOT NULL,
  PRIMARY KEY (`id`),
  KEY `idx_nlyddrxsxshysnaobazmhffforfpdgqcnqoq` (`primaryOwnerId`),
  KEY `idx_tgjfhkudkoeticfvwpowxeesknnritlhnywm` (`fieldId`),
  KEY `idx_rmpxihciuogvqozthtegmlalmvlymgopjard` (`typeId`),
  CONSTRAINT `fk_dmdohpmqshqgrguxqivybjhcmctcegyqzugs` FOREIGN KEY (`primaryOwnerId`) REFERENCES `elements` (`id`) ON DELETE CASCADE,
  CONSTRAINT `fk_iityujeiuuderarfjrngryxuoszgwemhextn` FOREIGN KEY (`typeId`) REFERENCES `matrixblocktypes` (`id`) ON DELETE CASCADE,
  CONSTRAINT `fk_mygfkopsmwklphypqakblonptcjutpfhrtss` FOREIGN KEY (`fieldId`) REFERENCES `fields` (`id`) ON DELETE CASCADE,
  CONSTRAINT `fk_xmcnssictfgtoxvjyrrfoilauovxcbaplgef` FOREIGN KEY (`id`) REFERENCES `elements` (`id`) ON DELETE CASCADE
) ENGINE=InnoDB DEFAULT CHARSET=utf8mb3;

--
-- Table structure for table `matrixblocks_owners`
--

CREATE TABLE `matrixblocks_owners` (
  `blockId` int NOT NULL,
  `ownerId` int NOT NULL,
  `sortOrder` smallint unsigned NOT NULL,
  PRIMARY KEY (`blockId`,`ownerId`),
  KEY `fk_ojwkrfrqzvfngcwwnlfhisktdsgtmstbgyoy` (`ownerId`),
  CONSTRAINT `fk_ojwkrfrqzvfngcwwnlfhisktdsgtmstbgyoy` FOREIGN KEY (`ownerId`) REFERENCES `elements` (`id`) ON DELETE CASCADE,
  CONSTRAINT `fk_sekppcvnfpnsowtarphsdtfascmfpeygqumh` FOREIGN KEY (`blockId`) REFERENCES `matrixblocks` (`id`) ON DELETE CASCADE
) ENGINE=InnoDB DEFAULT CHARSET=utf8mb3;

--
-- Table structure for table `matrixblocktypes`
--

CREATE TABLE `matrixblocktypes` (
  `id` int NOT NULL AUTO_INCREMENT,
  `fieldId` int NOT NULL,
  `fieldLayoutId` int DEFAULT NULL,
  `name` varchar(255) NOT NULL,
  `handle` varchar(255) NOT NULL,
  `sortOrder` smallint unsigned DEFAULT NULL,
  `dateCreated` datetime NOT NULL,
  `dateUpdated` datetime NOT NULL,
  `uid` char(36) NOT NULL DEFAULT '0',
  PRIMARY KEY (`id`),
  KEY `idx_ppbgitltruyigqdukbvtfkbssahnyswdlybs` (`name`,`fieldId`),
  KEY `idx_jyjmoqozjqnbtajonwelizfbgzrgbkipowjo` (`handle`,`fieldId`),
  KEY `idx_qzzglalrefoviklacnuxukkxtozoixanhnoe` (`fieldId`),
  KEY `idx_clmnezwnuwlltysreiocptkryrejuxridppp` (`fieldLayoutId`),
  CONSTRAINT `fk_qogxpzznmifwcvinxnedznqzcdonfuobxbrd` FOREIGN KEY (`fieldId`) REFERENCES `fields` (`id`) ON DELETE CASCADE,
  CONSTRAINT `fk_tbvfyxamohjigdzmiqseldinoendwiimpnks` FOREIGN KEY (`fieldLayoutId`) REFERENCES `fieldlayouts` (`id`) ON DELETE SET NULL
) ENGINE=InnoDB DEFAULT CHARSET=utf8mb3;

--
-- Table structure for table `migrations`
--

CREATE TABLE `migrations` (
  `id` int NOT NULL AUTO_INCREMENT,
  `track` varchar(255) NOT NULL,
  `name` varchar(255) NOT NULL,
  `applyTime` datetime NOT NULL,
  `dateCreated` datetime NOT NULL,
  `dateUpdated` datetime NOT NULL,
  `uid` char(36) NOT NULL DEFAULT '0',
  PRIMARY KEY (`id`),
  UNIQUE KEY `idx_vxsoeslgffcquzcbtccbcohllbrytzzuovww` (`track`,`name`)
) ENGINE=InnoDB AUTO_INCREMENT=41 DEFAULT CHARSET=utf8mb3;

--
-- Table structure for table `plugins`
--

CREATE TABLE `plugins` (
  `id` int NOT NULL AUTO_INCREMENT,
  `handle` varchar(255) NOT NULL,
  `version` varchar(255) NOT NULL,
  `schemaVersion` varchar(255) NOT NULL,
  `installDate` datetime NOT NULL,
  `dateCreated` datetime NOT NULL,
  `dateUpdated` datetime NOT NULL,
  `uid` char(36) NOT NULL DEFAULT '0',
  PRIMARY KEY (`id`),
  UNIQUE KEY `idx_chvrxdzpbsdndxirsgyxocqlktywulhtgyie` (`handle`)
) ENGINE=InnoDB AUTO_INCREMENT=4 DEFAULT CHARSET=utf8mb3;

--
-- Table structure for table `projectconfig`
--

CREATE TABLE `projectconfig` (
  `path` varchar(255) NOT NULL,
  `value` text NOT NULL,
  PRIMARY KEY (`path`)
) ENGINE=InnoDB DEFAULT CHARSET=utf8mb3;

--
-- Table structure for table `queue`
--

CREATE TABLE `queue` (
  `id` int NOT NULL AUTO_INCREMENT,
  `channel` varchar(255) NOT NULL DEFAULT 'queue',
  `job` longblob NOT NULL,
  `description` text,
  `timePushed` int NOT NULL,
  `ttr` int NOT NULL,
  `delay` int NOT NULL DEFAULT '0',
  `priority` int unsigned NOT NULL DEFAULT '1024',
  `dateReserved` datetime DEFAULT NULL,
  `timeUpdated` int DEFAULT NULL,
  `progress` smallint NOT NULL DEFAULT '0',
  `progressLabel` varchar(255) DEFAULT NULL,
  `attempt` int DEFAULT NULL,
  `fail` tinyint(1) DEFAULT '0',
  `dateFailed` datetime DEFAULT NULL,
  `error` text,
  PRIMARY KEY (`id`),
  KEY `idx_eiqtvirlvhqxcyhsldomzsfxrofohftfhrwp` (`channel`,`fail`,`timeUpdated`,`timePushed`),
  KEY `idx_hptshysxmomurknmygvazvtsudbbtacxpdqe` (`channel`,`fail`,`timeUpdated`,`delay`)
) ENGINE=InnoDB AUTO_INCREMENT=18 DEFAULT CHARSET=utf8mb3;

--
-- Table structure for table `relations`
--

CREATE TABLE `relations` (
  `id` int NOT NULL AUTO_INCREMENT,
  `fieldId` int NOT NULL,
  `sourceId` int NOT NULL,
  `sourceSiteId` int DEFAULT NULL,
  `targetId` int NOT NULL,
  `sortOrder` smallint unsigned DEFAULT NULL,
  `dateCreated` datetime NOT NULL,
  `dateUpdated` datetime NOT NULL,
  `uid` char(36) NOT NULL DEFAULT '0',
  PRIMARY KEY (`id`),
  UNIQUE KEY `idx_vblwepayzumaietldnexvngyvbpygahmuoyy` (`fieldId`,`sourceId`,`sourceSiteId`,`targetId`),
  KEY `idx_kgpvinwvxuwztyhkrhhatqrbyyzzthtfdeai` (`sourceId`),
  KEY `idx_empydzpuzikizbcatjqlrfpxojtawmonfjze` (`targetId`),
  KEY `idx_xchvbuscniprmvcrnyvsgfjqaekcmxlotynv` (`sourceSiteId`),
  CONSTRAINT `fk_qxuyqrxxbsfnmsfcojvfcasyisuobsztkgsc` FOREIGN KEY (`sourceId`) REFERENCES `elements` (`id`) ON DELETE CASCADE,
  CONSTRAINT `fk_vfochbzokvroodjdxxtgkyuuwwrfgbencnvr` FOREIGN KEY (`fieldId`) REFERENCES `fields` (`id`) ON DELETE CASCADE,
  CONSTRAINT `fk_xxbblctwyypzlhoihtnbuldtfuxeigiskasn` FOREIGN KEY (`sourceSiteId`) REFERENCES `sites` (`id`) ON DELETE CASCADE ON UPDATE CASCADE
) ENGINE=InnoDB DEFAULT CHARSET=utf8mb3;

--
-- Table structure for table `revisions`
--

CREATE TABLE `revisions` (
  `id` int NOT NULL AUTO_INCREMENT,
  `canonicalId` int NOT NULL,
  `creatorId` int DEFAULT NULL,
  `num` int NOT NULL,
  `notes` text,
  PRIMARY KEY (`id`),
  UNIQUE KEY `idx_sqnnbvapnimtiyhzmbjmljoyvhbdvfvzxzho` (`canonicalId`,`num`),
  KEY `fk_qcdqtmsdzoswygkeupazbhvsfzatwzvejpoe` (`creatorId`),
  CONSTRAINT `fk_bhntjgehpcocdhqeyjbrhkbxoxlsiqymoxjp` FOREIGN KEY (`canonicalId`) REFERENCES `elements` (`id`) ON DELETE CASCADE,
  CONSTRAINT `fk_qcdqtmsdzoswygkeupazbhvsfzatwzvejpoe` FOREIGN KEY (`creatorId`) REFERENCES `users` (`id`) ON DELETE SET NULL
) ENGINE=InnoDB AUTO_INCREMENT=13 DEFAULT CHARSET=utf8mb3;

--
-- Table structure for table `searchindex`
--

CREATE TABLE `searchindex` (
  `elementId` int NOT NULL,
  `attribute` varchar(25) NOT NULL,
  `fieldId` int NOT NULL,
  `siteId` int NOT NULL,
  `keywords` text NOT NULL,
  PRIMARY KEY (`elementId`,`attribute`,`fieldId`,`siteId`),
  FULLTEXT KEY `idx_zfbeynvovcftujxpbbhpprbgihcdyihxsqtz` (`keywords`)
) ENGINE=InnoDB DEFAULT CHARSET=utf8mb3;

--
-- Table structure for table `sections`
--

CREATE TABLE `sections` (
  `id` int NOT NULL AUTO_INCREMENT,
  `structureId` int DEFAULT NULL,
  `name` varchar(255) NOT NULL,
  `handle` varchar(255) NOT NULL,
  `type` enum('single','channel','structure') NOT NULL DEFAULT 'channel',
  `enableVersioning` tinyint(1) NOT NULL DEFAULT '0',
  `propagationMethod` varchar(255) NOT NULL DEFAULT 'all',
  `defaultPlacement` enum('beginning','end') NOT NULL DEFAULT 'end',
  `previewTargets` text,
  `dateCreated` datetime NOT NULL,
  `dateUpdated` datetime NOT NULL,
  `dateDeleted` datetime DEFAULT NULL,
  `uid` char(36) NOT NULL DEFAULT '0',
  PRIMARY KEY (`id`),
  KEY `idx_bhdsaiaqllhsgskyxkmwruujzctsrjvehkme` (`handle`),
  KEY `idx_ojlgefntltwzyaovuzpnhpykxgttattgpist` (`name`),
  KEY `idx_fllstiignzmprjfbxqqnbymxnqxskhfwnxtl` (`structureId`),
  KEY `idx_icccjzsadrbzvupchjlecbofdzumpuileebq` (`dateDeleted`),
  CONSTRAINT `fk_xmgjolncbtxbxbkabxszlyaucoztbdrudmcd` FOREIGN KEY (`structureId`) REFERENCES `structures` (`id`) ON DELETE SET NULL
) ENGINE=InnoDB AUTO_INCREMENT=5 DEFAULT CHARSET=utf8mb3;

--
-- Table structure for table `sections_sites`
--

CREATE TABLE `sections_sites` (
  `id` int NOT NULL AUTO_INCREMENT,
  `sectionId` int NOT NULL,
  `siteId` int NOT NULL,
  `hasUrls` tinyint(1) NOT NULL DEFAULT '1',
  `uriFormat` text,
  `template` varchar(500) DEFAULT NULL,
  `enabledByDefault` tinyint(1) NOT NULL DEFAULT '1',
  `dateCreated` datetime NOT NULL,
  `dateUpdated` datetime NOT NULL,
  `uid` char(36) NOT NULL DEFAULT '0',
  PRIMARY KEY (`id`),
  UNIQUE KEY `idx_snuaskcaqsmyaacypanskukcyemypehvthjn` (`sectionId`,`siteId`),
  KEY `idx_fiebjraokowuqrazjddpeoifxuhohnfrfkjd` (`siteId`),
  CONSTRAINT `fk_heqdrelluozdrgujdjsfgxqrqiqtaokssuth` FOREIGN KEY (`sectionId`) REFERENCES `sections` (`id`) ON DELETE CASCADE,
  CONSTRAINT `fk_srggimnchknoxtsulgblphmhbabuzacvfiib` FOREIGN KEY (`siteId`) REFERENCES `sites` (`id`) ON DELETE CASCADE ON UPDATE CASCADE
) ENGINE=InnoDB AUTO_INCREMENT=5 DEFAULT CHARSET=utf8mb3;

--
-- Table structure for table `sequences`
--

CREATE TABLE `sequences` (
  `name` varchar(255) NOT NULL,
  `next` int unsigned NOT NULL DEFAULT '1',
  PRIMARY KEY (`name`)
) ENGINE=InnoDB DEFAULT CHARSET=utf8mb3;

--
-- Table structure for table `shunnedmessages`
--

CREATE TABLE `shunnedmessages` (
  `id` int NOT NULL AUTO_INCREMENT,
  `userId` int NOT NULL,
  `message` varchar(255) NOT NULL,
  `expiryDate` datetime DEFAULT NULL,
  `dateCreated` datetime NOT NULL,
  `dateUpdated` datetime NOT NULL,
  `uid` char(36) NOT NULL DEFAULT '0',
  PRIMARY KEY (`id`),
  UNIQUE KEY `idx_hjdubpcnrplijvmuyqulifkallidsuxzemiy` (`userId`,`message`),
  CONSTRAINT `fk_xgvazmdwmmgyzcryssfvbowtyxiudxnhcmco` FOREIGN KEY (`userId`) REFERENCES `users` (`id`) ON DELETE CASCADE
) ENGINE=InnoDB DEFAULT CHARSET=utf8mb3;

--
-- Table structure for table `sitegroups`
--

CREATE TABLE `sitegroups` (
  `id` int NOT NULL AUTO_INCREMENT,
  `name` varchar(255) NOT NULL,
  `dateCreated` datetime NOT NULL,
  `dateUpdated` datetime NOT NULL,
  `dateDeleted` datetime DEFAULT NULL,
  `uid` char(36) NOT NULL DEFAULT '0',
  PRIMARY KEY (`id`),
  KEY `idx_pnccxrshwxsuygespmymzgexcaokbonqzoyt` (`name`)
) ENGINE=InnoDB AUTO_INCREMENT=2 DEFAULT CHARSET=utf8mb3;

--
-- Table structure for table `sites`
--

CREATE TABLE `sites` (
  `id` int NOT NULL AUTO_INCREMENT,
  `groupId` int NOT NULL,
  `primary` tinyint(1) NOT NULL,
  `enabled` varchar(255) NOT NULL DEFAULT 'true',
  `name` varchar(255) NOT NULL,
  `handle` varchar(255) NOT NULL,
  `language` varchar(12) NOT NULL,
  `hasUrls` tinyint(1) NOT NULL DEFAULT '0',
  `baseUrl` varchar(255) DEFAULT NULL,
  `sortOrder` smallint unsigned DEFAULT NULL,
  `dateCreated` datetime NOT NULL,
  `dateUpdated` datetime NOT NULL,
  `dateDeleted` datetime DEFAULT NULL,
  `uid` char(36) NOT NULL DEFAULT '0',
  PRIMARY KEY (`id`),
  KEY `idx_vjxjdzvwnzptgexskzaljxyxgzeccyltjoyu` (`dateDeleted`),
  KEY `idx_nessfpohqqburnsntjvaugomqyimxfmubbpm` (`handle`),
  KEY `idx_lfyxudeodvmerslwpwgzsltvhftitygqdoaz` (`sortOrder`),
  KEY `fk_mlroukxfwksrffytcvvomrnmhzlxgjjqvkmx` (`groupId`),
  CONSTRAINT `fk_mlroukxfwksrffytcvvomrnmhzlxgjjqvkmx` FOREIGN KEY (`groupId`) REFERENCES `sitegroups` (`id`) ON DELETE CASCADE
) ENGINE=InnoDB AUTO_INCREMENT=2 DEFAULT CHARSET=utf8mb3;

--
-- Table structure for table `structureelements`
--

CREATE TABLE `structureelements` (
  `id` int NOT NULL AUTO_INCREMENT,
  `structureId` int NOT NULL,
  `elementId` int DEFAULT NULL,
  `root` int unsigned DEFAULT NULL,
  `lft` int unsigned NOT NULL,
  `rgt` int unsigned NOT NULL,
  `level` smallint unsigned NOT NULL,
  `dateCreated` datetime NOT NULL,
  `dateUpdated` datetime NOT NULL,
  `uid` char(36) NOT NULL DEFAULT '0',
  PRIMARY KEY (`id`),
  UNIQUE KEY `idx_mvpdbnnsbjeknxevfzcyhtvzlzaogenszmwb` (`structureId`,`elementId`),
  KEY `idx_ntzkphfbwnnoxbttjlzqynrebfxsjjtkmjci` (`root`),
  KEY `idx_hcvqgptqmwgfzehkucaqayfqtvlbhwazprdt` (`lft`),
  KEY `idx_uvdzhvkzxatgnbjlnxhnxdclmfuvzxpiaorj` (`rgt`),
  KEY `idx_lwattqmrczfmdednicxsncvkhikpvbqgzywj` (`level`),
  KEY `idx_qlnhmhiamxldzfwzszsalmdfiylvozcjnhzf` (`elementId`),
  CONSTRAINT `fk_ffzywrcbtfocczqruwfiivtmxksdickugbmd` FOREIGN KEY (`structureId`) REFERENCES `structures` (`id`) ON DELETE CASCADE
) ENGINE=InnoDB DEFAULT CHARSET=utf8mb3;

--
-- Table structure for table `structures`
--

CREATE TABLE `structures` (
  `id` int NOT NULL AUTO_INCREMENT,
  `maxLevels` smallint unsigned DEFAULT NULL,
  `dateCreated` datetime NOT NULL,
  `dateUpdated` datetime NOT NULL,
  `dateDeleted` datetime DEFAULT NULL,
  `uid` char(36) NOT NULL DEFAULT '0',
  PRIMARY KEY (`id`),
  KEY `idx_mqkeksixobonjmahowpomanppwbscrnpodzv` (`dateDeleted`)
) ENGINE=InnoDB DEFAULT CHARSET=utf8mb3;

--
-- Table structure for table `taggroups`
--

CREATE TABLE `taggroups` (
  `id` int NOT NULL AUTO_INCREMENT,
  `name` varchar(255) NOT NULL,
  `handle` varchar(255) NOT NULL,
  `fieldLayoutId` int DEFAULT NULL,
  `dateCreated` datetime NOT NULL,
  `dateUpdated` datetime NOT NULL,
  `dateDeleted` datetime DEFAULT NULL,
  `uid` char(36) NOT NULL DEFAULT '0',
  PRIMARY KEY (`id`),
  KEY `idx_lmqhyqqjgzwovmxqgtljjectuwvtboakjkia` (`name`),
  KEY `idx_aqqpburwgndgcplovbmltbwbckdxyfpemrgf` (`handle`),
  KEY `idx_asdqztzqobtbhfnnutlmfaeokouuerwpilvs` (`dateDeleted`),
  KEY `fk_yhhewswxmhmxhjxlzyjprfttrrhqklnzgssv` (`fieldLayoutId`),
  CONSTRAINT `fk_yhhewswxmhmxhjxlzyjprfttrrhqklnzgssv` FOREIGN KEY (`fieldLayoutId`) REFERENCES `fieldlayouts` (`id`) ON DELETE SET NULL
) ENGINE=InnoDB DEFAULT CHARSET=utf8mb3;

--
-- Table structure for table `tags`
--

CREATE TABLE `tags` (
  `id` int NOT NULL,
  `groupId` int NOT NULL,
  `deletedWithGroup` tinyint(1) DEFAULT NULL,
  `dateCreated` datetime NOT NULL,
  `dateUpdated` datetime NOT NULL,
  PRIMARY KEY (`id`),
  KEY `idx_odhjuugyzmvjukootopwrfoxipqiptzvbqgo` (`groupId`),
  CONSTRAINT `fk_ejqopqxwnsfofrvtfyjaxmyeqrhdpspsuqky` FOREIGN KEY (`id`) REFERENCES `elements` (`id`) ON DELETE CASCADE,
  CONSTRAINT `fk_omcqqygmytqnwusbkkhhkizawnntvsaequyx` FOREIGN KEY (`groupId`) REFERENCES `taggroups` (`id`) ON DELETE CASCADE
) ENGINE=InnoDB DEFAULT CHARSET=utf8mb3;

--
-- Table structure for table `usergroups`
--

CREATE TABLE `usergroups` (
  `id` int NOT NULL AUTO_INCREMENT,
  `name` varchar(255) NOT NULL,
  `handle` varchar(255) NOT NULL,
  `description` text,
  `dateCreated` datetime NOT NULL,
  `dateUpdated` datetime NOT NULL,
  `uid` char(36) NOT NULL DEFAULT '0',
  PRIMARY KEY (`id`),
  KEY `idx_cfchwswksvefjxbiujsqxrkppbdcnkqqxtgj` (`handle`),
  KEY `idx_rdiokxutnzpeywqbhsaiiiwqroxtrwyrzquu` (`name`)
) ENGINE=InnoDB DEFAULT CHARSET=utf8mb3;

--
-- Table structure for table `usergroups_users`
--

CREATE TABLE `usergroups_users` (
  `id` int NOT NULL AUTO_INCREMENT,
  `groupId` int NOT NULL,
  `userId` int NOT NULL,
  `dateCreated` datetime NOT NULL,
  `dateUpdated` datetime NOT NULL,
  `uid` char(36) NOT NULL DEFAULT '0',
  PRIMARY KEY (`id`),
  UNIQUE KEY `idx_lbkfdjgedispjlliierwzjnlkbbzjpejdxvw` (`groupId`,`userId`),
  KEY `idx_vrvunfpaaiwdjhltgexcjfiigkrlgqoduogx` (`userId`),
  CONSTRAINT `fk_bxqrmhgvksndlehqkpvwoikmakkuaqivtnzr` FOREIGN KEY (`groupId`) REFERENCES `usergroups` (`id`) ON DELETE CASCADE,
  CONSTRAINT `fk_ivhyedqyjhcmojorlckxeecepfcppiiecwjm` FOREIGN KEY (`userId`) REFERENCES `users` (`id`) ON DELETE CASCADE
) ENGINE=InnoDB DEFAULT CHARSET=utf8mb3;

--
-- Table structure for table `userpermissions`
--

CREATE TABLE `userpermissions` (
  `id` int NOT NULL AUTO_INCREMENT,
  `name` varchar(255) NOT NULL,
  `dateCreated` datetime NOT NULL,
  `dateUpdated` datetime NOT NULL,
  `uid` char(36) NOT NULL DEFAULT '0',
  PRIMARY KEY (`id`),
  UNIQUE KEY `idx_ziscvmfdsjqcvxxqqmkhymirfhdxfkblvlkn` (`name`)
) ENGINE=InnoDB DEFAULT CHARSET=utf8mb3;

--
-- Table structure for table `userpermissions_usergroups`
--

CREATE TABLE `userpermissions_usergroups` (
  `id` int NOT NULL AUTO_INCREMENT,
  `permissionId` int NOT NULL,
  `groupId` int NOT NULL,
  `dateCreated` datetime NOT NULL,
  `dateUpdated` datetime NOT NULL,
  `uid` char(36) NOT NULL DEFAULT '0',
  PRIMARY KEY (`id`),
  UNIQUE KEY `idx_kjjcqgiuyheujiqlpgbocfjgruouanmynlsy` (`permissionId`,`groupId`),
  KEY `idx_gfookkverhkxqutbbubihjicyzbudkaiisww` (`groupId`),
  CONSTRAINT `fk_jyqwqpswvnlkrxjoozzivwbmskujhslqsxka` FOREIGN KEY (`permissionId`) REFERENCES `userpermissions` (`id`) ON DELETE CASCADE,
  CONSTRAINT `fk_sbfdkgyfmncljqacawxjghhbrfatspzctiwu` FOREIGN KEY (`groupId`) REFERENCES `usergroups` (`id`) ON DELETE CASCADE
) ENGINE=InnoDB DEFAULT CHARSET=utf8mb3;

--
-- Table structure for table `userpermissions_users`
--

CREATE TABLE `userpermissions_users` (
  `id` int NOT NULL AUTO_INCREMENT,
  `permissionId` int NOT NULL,
  `userId` int NOT NULL,
  `dateCreated` datetime NOT NULL,
  `dateUpdated` datetime NOT NULL,
  `uid` char(36) NOT NULL DEFAULT '0',
  PRIMARY KEY (`id`),
  UNIQUE KEY `idx_gkujobohyyzfbonajqmchhemrprkrnhxvnag` (`permissionId`,`userId`),
  KEY `idx_eowykqwyeuuclfgpqoxycrkpbdwnlkvhqifn` (`userId`),
  CONSTRAINT `fk_aicgytxadyuxusiebazlodouhttpraitbxfl` FOREIGN KEY (`userId`) REFERENCES `users` (`id`) ON DELETE CASCADE,
  CONSTRAINT `fk_thuqsozasviuctqhqvbaeisltguqewtetmvv` FOREIGN KEY (`permissionId`) REFERENCES `userpermissions` (`id`) ON DELETE CASCADE
) ENGINE=InnoDB DEFAULT CHARSET=utf8mb3;

--
-- Table structure for table `userpreferences`
--

CREATE TABLE `userpreferences` (
  `userId` int NOT NULL AUTO_INCREMENT,
  `preferences` text,
  PRIMARY KEY (`userId`),
  CONSTRAINT `fk_dybubznvxtkpzehtkvodumkkljuuvowmdyqk` FOREIGN KEY (`userId`) REFERENCES `users` (`id`) ON DELETE CASCADE
) ENGINE=InnoDB AUTO_INCREMENT=18 DEFAULT CHARSET=utf8mb3;

--
-- Table structure for table `volumefolders`
--

CREATE TABLE `volumefolders` (
  `id` int NOT NULL AUTO_INCREMENT,
  `parentId` int DEFAULT NULL,
  `volumeId` int DEFAULT NULL,
  `name` varchar(255) NOT NULL,
  `path` varchar(255) DEFAULT NULL,
  `dateCreated` datetime NOT NULL,
  `dateUpdated` datetime NOT NULL,
  `uid` char(36) NOT NULL DEFAULT '0',
  PRIMARY KEY (`id`),
  UNIQUE KEY `idx_pryohycfampakmwtztioaecbfkbhdmkghvsx` (`name`,`parentId`,`volumeId`),
  KEY `idx_twzjfmepyztkbuuyziwaliishjjuoszjsihb` (`parentId`),
  KEY `idx_vzgwbqcukqqxlpvyhasmrtlaivdtbdehwstq` (`volumeId`),
  CONSTRAINT `fk_einrtecsizzewrjwgltsnnbjcmssphaclrvv` FOREIGN KEY (`parentId`) REFERENCES `volumefolders` (`id`) ON DELETE CASCADE,
  CONSTRAINT `fk_rffcekoliynserabucdoebirggljjhwpbokv` FOREIGN KEY (`volumeId`) REFERENCES `volumes` (`id`) ON DELETE CASCADE
) ENGINE=InnoDB DEFAULT CHARSET=utf8mb3;

--
-- Table structure for table `volumes`
--

CREATE TABLE `volumes` (
  `id` int NOT NULL AUTO_INCREMENT,
  `fieldLayoutId` int DEFAULT NULL,
  `name` varchar(255) NOT NULL,
  `handle` varchar(255) NOT NULL,
  `fs` varchar(255) NOT NULL,
  `transformFs` varchar(255) DEFAULT NULL,
  `transformSubpath` varchar(255) DEFAULT NULL,
  `titleTranslationMethod` varchar(255) NOT NULL DEFAULT 'site',
  `titleTranslationKeyFormat` text,
  `sortOrder` smallint unsigned DEFAULT NULL,
  `dateCreated` datetime NOT NULL,
  `dateUpdated` datetime NOT NULL,
  `dateDeleted` datetime DEFAULT NULL,
  `uid` char(36) NOT NULL DEFAULT '0',
  PRIMARY KEY (`id`),
  KEY `idx_gjexzolrjdvjrzhopqqpazriuhyitogaspak` (`name`),
  KEY `idx_ktadphhwjpexvcpihmmzlvcplplaedjhfwcg` (`handle`),
  KEY `idx_xertzicgvtfzlolmdpzxmttqpfurnmupkrib` (`fieldLayoutId`),
  KEY `idx_pxabotdgadhiocybpdisuicxzhzezbcsqfhp` (`dateDeleted`),
  CONSTRAINT `fk_unrjwhcuxjrcebzpjqbhkqqdjqindsdsaxsn` FOREIGN KEY (`fieldLayoutId`) REFERENCES `fieldlayouts` (`id`) ON DELETE SET NULL
) ENGINE=InnoDB DEFAULT CHARSET=utf8mb3;

--
-- Table structure for table `widgets`
--

CREATE TABLE `widgets` (
  `id` int NOT NULL AUTO_INCREMENT,
  `userId` int NOT NULL,
  `type` varchar(255) NOT NULL,
  `sortOrder` smallint unsigned DEFAULT NULL,
  `colspan` tinyint DEFAULT NULL,
  `settings` text,
  `enabled` tinyint(1) NOT NULL DEFAULT '1',
  `dateCreated` datetime NOT NULL,
  `dateUpdated` datetime NOT NULL,
  `uid` char(36) NOT NULL DEFAULT '0',
  PRIMARY KEY (`id`),
  KEY `idx_oyqdgzkrzfjgazyeewrwchdorygkzthjsguq` (`userId`),
  CONSTRAINT `fk_kuitwqxfcakzwviajavrpurxlcyqixwtnifq` FOREIGN KEY (`userId`) REFERENCES `users` (`id`) ON DELETE CASCADE
) ENGINE=InnoDB AUTO_INCREMENT=5 DEFAULT CHARSET=utf8mb3;

--
-- Dumping routines for database 'db'
--


--
-- Host: db    Database: db
-- ------------------------------------------------------


--
-- Dumping data for table `addresses`
--

set autocommit=0;
commit;

--
-- Dumping data for table `announcements`
--

set autocommit=0;
commit;

--
-- Dumping data for table `assetindexingsessions`
--

set autocommit=0;
commit;

--
-- Dumping data for table `assets`
--

set autocommit=0;
commit;

--
-- Dumping data for table `categories`
--

set autocommit=0;
commit;

--
-- Dumping data for table `categorygroups`
--

set autocommit=0;
commit;

--
-- Dumping data for table `categorygroups_sites`
--

set autocommit=0;
commit;

--
-- Dumping data for table `changedattributes`
--

set autocommit=0;
commit;

--
-- Dumping data for table `changedfields`
--

set autocommit=0;
commit;

--
-- Dumping data for table `content`
--

set autocommit=0;
INSERT INTO `content` VALUES (1,1,1,'Concentre Formation','2024-02-20 03:47:35','2024-02-20 03:47:36','bd82455f-c245-44ab-8e35-c529cb6955e8',NULL,NULL,NULL,NULL,NULL,NULL,NULL),(2,2,1,'Concentre Formation','2024-02-20 03:47:35','2024-02-20 03:47:35','ce0882e3-dad7-485f-a577-7293439f9acf',NULL,NULL,NULL,NULL,NULL,NULL,NULL),(3,3,1,'Concentre Formation','2024-02-20 03:47:35','2024-02-20 03:47:35','a8387f71-85d2-4c25-908b-9dd94add3545',NULL,NULL,NULL,NULL,NULL,NULL,NULL),(4,4,1,'Home','2024-02-20 03:47:35','2024-02-20 03:47:36','75a66e9f-78ae-4a9c-83bc-34ee8f7508a7',NULL,NULL,NULL,NULL,NULL,NULL,NULL),(5,5,1,'Home','2024-02-20 03:47:35','2024-02-20 03:47:35','3410a2cf-6a1a-4e83-90bf-2563536845cf',NULL,NULL,NULL,NULL,NULL,NULL,NULL),(6,6,1,'Home','2024-02-20 03:47:35','2024-02-20 03:47:35','f9a54e27-c75e-43eb-b37e-c1e129bfd596',NULL,NULL,NULL,NULL,NULL,NULL,NULL),(7,7,1,'Contact','2024-02-20 03:47:36','2024-02-20 03:47:36','1f5eac2e-bbac-4eab-9389-2357d4827306',NULL,NULL,NULL,NULL,NULL,NULL,NULL),(8,8,1,'Contact','2024-02-20 03:47:36','2024-02-20 03:47:36','5c235669-0221-4c5d-a67c-b9412663a928',NULL,NULL,NULL,NULL,NULL,NULL,NULL),(9,9,1,'Contact','2024-02-20 03:47:36','2024-02-20 03:47:36','11685cb5-eb3a-4d83-9a2a-5569114037e1',NULL,NULL,NULL,NULL,NULL,NULL,NULL),(10,10,1,'Testimonals','2024-02-20 03:47:36','2024-02-20 03:47:36','a7a66f87-1a5d-4bc3-a800-40d569076d8a',NULL,NULL,NULL,NULL,NULL,NULL,NULL),(11,11,1,'Testimonals','2024-02-20 03:47:36','2024-02-20 03:47:36','771411a0-09c5-4f24-b7b4-9569eeed1154',NULL,NULL,NULL,NULL,NULL,NULL,NULL),(12,12,1,'Testimonals','2024-02-20 03:47:36','2024-02-20 03:47:36','624f8a3d-26a2-4666-ba71-4558c53f0847',NULL,NULL,NULL,NULL,NULL,NULL,NULL),(13,13,1,'Concentre Formation','2024-02-20 03:47:36','2024-02-20 03:47:36','a36cc0bc-b4d4-4a9e-ab06-d75f5fc0d331',NULL,NULL,NULL,NULL,NULL,NULL,NULL),(14,14,1,'Concentre Formation','2024-02-20 03:47:36','2024-02-20 03:47:36','22dd6f40-fa92-44fa-b413-b7a8a0000fb5',NULL,NULL,NULL,NULL,NULL,NULL,NULL),(15,15,1,'Home','2024-02-20 03:47:36','2024-02-20 03:47:36','34985e3e-2c52-4055-b0dc-321725baa7e7',NULL,NULL,NULL,NULL,NULL,NULL,NULL),(16,16,1,'Home','2024-02-20 03:47:36','2024-02-20 03:47:36','aaf9b993-575d-484d-aa93-a4e36897fac5',NULL,NULL,NULL,NULL,NULL,NULL,NULL),(17,17,1,NULL,'2024-02-20 03:47:37','2024-02-20 03:47:37','a5f3b1ac-ed16-4018-a86f-0ab99e2fbf00',NULL,NULL,NULL,NULL,NULL,NULL,NULL);
commit;
set autocommit=0;
commit;
set autocommit=0;
commit;

--
-- Dumping data for table `drafts`
--

set autocommit=0;
commit;

--
-- Dumping data for table `elementactivity`
--

set autocommit=0;
commit;

--
-- Dumping data for table `elements`
--

set autocommit=0;
INSERT INTO `elements` VALUES (1,NULL,NULL,NULL,1,'craft\\elements\\Entry',1,0,'2024-02-20 03:47:35','2024-02-20 03:47:36',NULL,NULL,'1c272e0e-e2ef-435f-a483-fa7c1bb9b254'),(2,1,NULL,1,1,'craft\\elements\\Entry',1,0,'2024-02-20 03:47:35','2024-02-20 03:47:35',NULL,NULL,'0e0106ca-0c98-40f1-ba1a-1ec7097f8db3'),(3,1,NULL,2,1,'craft\\elements\\Entry',1,0,'2024-02-20 03:47:35','2024-02-20 03:47:35',NULL,NULL,'6fb3c2f2-2579-4c4c-b762-2f1d69e6d275'),(4,NULL,NULL,NULL,2,'craft\\elements\\Entry',1,0,'2024-02-20 03:47:35','2024-02-20 03:47:36',NULL,NULL,'cf9f1494-04ac-4b56-9375-6dc8a29c7ece'),(5,4,NULL,3,2,'craft\\elements\\Entry',1,0,'2024-02-20 03:47:35','2024-02-20 03:47:35',NULL,NULL,'0e08187b-45bf-4916-b5f9-c4e2a96d9f15'),(6,4,NULL,4,2,'craft\\elements\\Entry',1,0,'2024-02-20 03:47:35','2024-02-20 03:47:35',NULL,NULL,'40f8318d-4559-4c50-811e-c059b9994e32'),(7,NULL,NULL,NULL,3,'craft\\elements\\Entry',1,0,'2024-02-20 03:47:36','2024-02-20 03:47:36',NULL,NULL,'cf9f13d9-c783-4e28-abdf-a5697c95fb6d'),(8,7,NULL,5,3,'craft\\elements\\Entry',1,0,'2024-02-20 03:47:36','2024-02-20 03:47:36',NULL,NULL,'b5efd0d7-4bbb-4f9f-b2cf-9c42305761a4'),(9,7,NULL,6,3,'craft\\elements\\Entry',1,0,'2024-02-20 03:47:36','2024-02-20 03:47:36',NULL,NULL,'9bcfe33f-19af-4245-9f9c-b122369fee00'),(10,NULL,NULL,NULL,4,'craft\\elements\\Entry',1,0,'2024-02-20 03:47:36','2024-02-20 03:47:36',NULL,NULL,'bf6b89bf-5cb2-4d34-8fc3-5b0d273d54c4'),(11,10,NULL,7,4,'craft\\elements\\Entry',1,0,'2024-02-20 03:47:36','2024-02-20 03:47:36',NULL,NULL,'35b13053-0f4e-4d98-82fd-fb467dd2e5ed'),(12,10,NULL,8,4,'craft\\elements\\Entry',1,0,'2024-02-20 03:47:36','2024-02-20 03:47:36',NULL,NULL,'79cd460f-f654-4fd6-8e64-4163ee1fce4f'),(13,1,NULL,9,1,'craft\\elements\\Entry',1,0,'2024-02-20 03:47:36','2024-02-20 03:47:36',NULL,NULL,'251ec443-0912-4312-a9bd-cc5022b1399c'),(14,1,NULL,10,1,'craft\\elements\\Entry',1,0,'2024-02-20 03:47:36','2024-02-20 03:47:36',NULL,NULL,'13297b58-6088-40fa-bd0c-9a65ea0224e5'),(15,4,NULL,11,2,'craft\\elements\\Entry',1,0,'2024-02-20 03:47:36','2024-02-20 03:47:36',NULL,NULL,'0749388b-4330-48b0-a604-d332115581e1'),(16,4,NULL,12,2,'craft\\elements\\Entry',1,0,'2024-02-20 03:47:36','2024-02-20 03:47:36',NULL,NULL,'a19d9fd9-04d4-4951-9283-86a0541775e3'),(17,NULL,NULL,NULL,NULL,'craft\\elements\\User',1,0,'2024-02-20 03:47:37','2024-02-20 03:47:37',NULL,NULL,'7dab61a4-af30-420d-b65a-d4c41b8aeb6e');
commit;

--
-- Dumping data for table `elements_sites`
--

set autocommit=0;
INSERT INTO `elements_sites` VALUES (1,1,1,'concentre-formation','concentre-formation',1,'2024-02-20 03:47:35','2024-02-20 03:47:35','049b9142-121d-441d-9831-77f90b88e2d7'),(2,2,1,'concentre-formation','concentre-formation',1,'2024-02-20 03:47:35','2024-02-20 03:47:35','d793e0b7-eb9d-476d-8bbe-c7b74b228352'),(3,3,1,'concentre-formation','concentre-formation',1,'2024-02-20 03:47:35','2024-02-20 03:47:35','d634eae3-707d-48d4-a936-95d732c8c34b'),(4,4,1,'home',NULL,1,'2024-02-20 03:47:35','2024-02-20 03:47:35','f676ac33-d863-43d1-b02a-cac5826c03bc'),(5,5,1,'home',NULL,1,'2024-02-20 03:47:35','2024-02-20 03:47:35','c4bcad9b-bcd2-4b14-bdf6-e54e59772b9a'),(6,6,1,'home',NULL,1,'2024-02-20 03:47:35','2024-02-20 03:47:35','08d94361-c6f7-4920-a359-14418256f942'),(7,7,1,'contact',NULL,1,'2024-02-20 03:47:36','2024-02-20 03:47:36','1d99e7c6-3a1f-48b2-8424-a5836cf81773'),(8,8,1,'contact',NULL,1,'2024-02-20 03:47:36','2024-02-20 03:47:36','7284e2ff-f3bb-4fe9-b174-62237701bd89'),(9,9,1,'contact',NULL,1,'2024-02-20 03:47:36','2024-02-20 03:47:36','7b521915-5905-41b0-a17a-45c70f8f5bf4'),(10,10,1,'testimonals','testimonals',1,'2024-02-20 03:47:36','2024-02-20 03:47:36','f6d420c9-4559-4fb2-91ce-0f0baf88a09d'),(11,11,1,'testimonals','testimonals',1,'2024-02-20 03:47:36','2024-02-20 03:47:36','6483db3c-4c32-43b2-b355-7bc5b5124274'),(12,12,1,'testimonals','testimonals',1,'2024-02-20 03:47:36','2024-02-20 03:47:36','445c4e28-f503-4b28-bf97-741f7e5a95d7'),(13,13,1,'concentre-formation','concentre-formation',1,'2024-02-20 03:47:36','2024-02-20 03:47:36','d09a067c-8f74-4830-b184-bab18b6502e5'),(14,14,1,'concentre-formation','concentre-formation',1,'2024-02-20 03:47:36','2024-02-20 03:47:36','b265b8f1-6732-49ee-9338-efdd991c9c6c'),(15,15,1,'home',NULL,1,'2024-02-20 03:47:36','2024-02-20 03:47:36','d5fdcb7b-9657-438d-820f-d61d1c78f000'),(16,16,1,'home',NULL,1,'2024-02-20 03:47:36','2024-02-20 03:47:36','9598e5ed-ffbb-425b-a43f-f1919f672929'),(17,17,1,NULL,NULL,1,'2024-02-20 03:47:37','2024-02-20 03:47:37','cb9d2368-0cf9-41c5-a5ba-926f188b7e7a');
commit;

--
-- Dumping data for table `entries`
--

set autocommit=0;
INSERT INTO `entries` VALUES (1,2,NULL,1,NULL,'2024-02-20 03:47:00',NULL,NULL,'2024-02-20 03:47:35','2024-02-20 03:47:35'),(2,2,NULL,1,NULL,'2024-02-20 03:47:00',NULL,NULL,'2024-02-20 03:47:35','2024-02-20 03:47:35'),(3,2,NULL,1,NULL,'2024-02-20 03:47:00',NULL,NULL,'2024-02-20 03:47:35','2024-02-20 03:47:35'),(4,3,NULL,2,NULL,'2024-02-20 03:47:00',NULL,NULL,'2024-02-20 03:47:35','2024-02-20 03:47:35'),(5,3,NULL,2,NULL,'2024-02-20 03:47:00',NULL,NULL,'2024-02-20 03:47:35','2024-02-20 03:47:35'),(6,3,NULL,2,NULL,'2024-02-20 03:47:00',NULL,NULL,'2024-02-20 03:47:35','2024-02-20 03:47:35'),(7,1,NULL,3,NULL,'2024-02-20 03:47:00',NULL,NULL,'2024-02-20 03:47:36','2024-02-20 03:47:36'),(8,1,NULL,3,NULL,'2024-02-20 03:47:00',NULL,NULL,'2024-02-20 03:47:36','2024-02-20 03:47:36'),(9,1,NULL,3,NULL,'2024-02-20 03:47:00',NULL,NULL,'2024-02-20 03:47:36','2024-02-20 03:47:36'),(10,4,NULL,4,NULL,'2024-02-20 03:47:00',NULL,NULL,'2024-02-20 03:47:36','2024-02-20 03:47:36'),(11,4,NULL,4,NULL,'2024-02-20 03:47:00',NULL,NULL,'2024-02-20 03:47:36','2024-02-20 03:47:36'),(12,4,NULL,4,NULL,'2024-02-20 03:47:00',NULL,NULL,'2024-02-20 03:47:36','2024-02-20 03:47:36'),(13,2,NULL,1,NULL,'2024-02-20 03:47:00',NULL,NULL,'2024-02-20 03:47:36','2024-02-20 03:47:36'),(14,2,NULL,1,NULL,'2024-02-20 03:47:00',NULL,NULL,'2024-02-20 03:47:36','2024-02-20 03:47:36'),(15,3,NULL,2,NULL,'2024-02-20 03:47:00',NULL,NULL,'2024-02-20 03:47:36','2024-02-20 03:47:36'),(16,3,NULL,2,NULL,'2024-02-20 03:47:00',NULL,NULL,'2024-02-20 03:47:36','2024-02-20 03:47:36');
commit;

--
-- Dumping data for table `entrytypes`
--

set autocommit=0;
INSERT INTO `entrytypes` VALUES (1,2,1,'Concentre Formation','concentreFormation',0,'site',NULL,'{section.name|raw}','site',NULL,1,1,'2024-02-20 03:47:35','2024-02-20 03:47:35',NULL,'243132ec-7ddc-431a-9f35-a01167e7601e'),(2,3,2,'Home','home',0,'site',NULL,'{section.name|raw}','site',NULL,1,1,'2024-02-20 03:47:35','2024-02-20 03:47:35',NULL,'896d88d8-f54b-4799-ba57-a346316c25a0'),(3,1,3,'Contact','contact',0,'site',NULL,'{section.name|raw}','site',NULL,1,1,'2024-02-20 03:47:36','2024-02-20 03:47:36',NULL,'7be2d13f-8a6d-49b3-a720-a14b4b50e56b'),(4,4,4,'Testimonals','testimonals',0,'site',NULL,'{section.name|raw}','site',NULL,1,1,'2024-02-20 03:47:36','2024-02-20 03:47:36',NULL,'6f26f678-d8b0-4139-89ce-a173402cfe5f');
commit;

--
-- Dumping data for table `fieldgroups`
--

set autocommit=0;
INSERT INTO `fieldgroups` VALUES (1,'Common','2024-02-20 03:47:34','2024-02-20 03:47:34',NULL,'bd0d155e-95be-41a2-880b-08b603e0e675');
commit;

--
-- Dumping data for table `fieldlayoutfields`
--

set autocommit=0;
INSERT INTO `fieldlayoutfields` VALUES (30,1,10,5,0,1,'2024-02-20 03:47:36','2024-02-20 03:47:36','f58d3e4a-da1c-4bbb-a1aa-274e2f8b9cd4'),(31,1,10,7,0,2,'2024-02-20 03:47:36','2024-02-20 03:47:36','2e3d6563-b2b2-4043-b88a-e3b7ac1db54d'),(32,1,10,6,0,3,'2024-02-20 03:47:36','2024-02-20 03:47:36','8f79c630-9137-4d06-a689-b120009af9ee'),(37,2,12,4,0,1,'2024-02-20 03:47:36','2024-02-20 03:47:36','dd7447c6-416f-433a-9188-00d627eaca54'),(38,2,12,5,0,2,'2024-02-20 03:47:36','2024-02-20 03:47:36','563d9e01-dcea-45ff-8985-6f9a64ff3474'),(39,2,12,7,0,3,'2024-02-20 03:47:36','2024-02-20 03:47:36','2a2994e3-945d-4f2b-bbbc-2b3f69f4b48d'),(40,2,12,6,0,4,'2024-02-20 03:47:36','2024-02-20 03:47:36','efb9b971-e088-4e0f-aef8-5e792968a4cd'),(44,3,14,1,0,1,'2024-02-20 03:47:36','2024-02-20 03:47:36','77568271-94dc-4b21-b9db-eecf4422456c'),(45,3,14,3,0,2,'2024-02-20 03:47:36','2024-02-20 03:47:36','72873316-5324-4d47-a56e-10ff6f29771a'),(46,3,14,2,0,3,'2024-02-20 03:47:36','2024-02-20 03:47:36','f5e96abf-ae52-451a-872e-5a5a1c7979da'),(50,4,16,5,0,1,'2024-02-20 03:47:36','2024-02-20 03:47:36','ab6f445b-0667-415c-893e-7f43de9a5972'),(51,4,16,7,0,2,'2024-02-20 03:47:36','2024-02-20 03:47:36','ee674653-dbd3-48af-a55a-7588e65fe124'),(52,4,16,6,0,3,'2024-02-20 03:47:36','2024-02-20 03:47:36','e06e45b8-7310-41ff-9e66-d5bced06a68f');
commit;

--
-- Dumping data for table `fieldlayouts`
--

set autocommit=0;
INSERT INTO `fieldlayouts` VALUES (1,'craft\\elements\\Entry','2024-02-20 03:47:35','2024-02-20 03:47:35',NULL,'33850719-ebbe-4d77-b76b-a8dc775d58f3'),(2,'craft\\elements\\Entry','2024-02-20 03:47:35','2024-02-20 03:47:35',NULL,'94f9c533-ede2-4aeb-8cd1-68142164ffd9'),(3,'craft\\elements\\Entry','2024-02-20 03:47:36','2024-02-20 03:47:36',NULL,'b1bd1e3e-b81f-4d31-9e94-21821595ca24'),(4,'craft\\elements\\Entry','2024-02-20 03:47:36','2024-02-20 03:47:36',NULL,'227e499e-3a05-44b8-b015-38678ce3a2e8');
commit;

--
-- Dumping data for table `fieldlayouttabs`
--

set autocommit=0;
INSERT INTO `fieldlayouttabs` VALUES (10,1,'Content','{\"userCondition\":null,\"elementCondition\":null}','[{\"type\":\"craft\\\\fieldlayoutelements\\\\entries\\\\EntryTitleField\",\"inputType\":null,\"autocomplete\":false,\"class\":null,\"size\":null,\"name\":null,\"autocorrect\":true,\"autocapitalize\":true,\"disabled\":false,\"readonly\":false,\"title\":null,\"placeholder\":null,\"step\":null,\"min\":null,\"max\":null,\"requirable\":false,\"id\":null,\"containerAttributes\":[],\"inputContainerAttributes\":[],\"labelAttributes\":[],\"orientation\":null,\"label\":null,\"instructions\":null,\"tip\":null,\"warning\":null,\"width\":100,\"uid\":\"0148ccf8-895a-4135-851c-ae1d8203cc81\",\"userCondition\":null,\"elementCondition\":null},{\"type\":\"craft\\\\fieldlayoutelements\\\\CustomField\",\"label\":null,\"instructions\":null,\"tip\":null,\"warning\":null,\"required\":false,\"width\":100,\"uid\":\"42a3a81e-b6b3-49d6-894f-e27594a5342b\",\"userCondition\":null,\"elementCondition\":null,\"fieldUid\":\"334d9b18-744c-492c-9c09-9417e30a9afd\"},{\"type\":\"craft\\\\fieldlayoutelements\\\\CustomField\",\"label\":null,\"instructions\":null,\"tip\":null,\"warning\":null,\"required\":false,\"width\":100,\"uid\":\"e9756f4c-8a22-4d55-8a96-5233bb5cd343\",\"userCondition\":null,\"elementCondition\":null,\"fieldUid\":\"dc86aa34-6468-4975-a85c-8439117a29ec\"},{\"type\":\"craft\\\\fieldlayoutelements\\\\CustomField\",\"label\":null,\"instructions\":null,\"tip\":null,\"warning\":null,\"required\":false,\"width\":100,\"uid\":\"20cb6518-3446-4db9-af6b-7661a675c0d3\",\"userCondition\":null,\"elementCondition\":null,\"fieldUid\":\"5e192a8d-1c33-4a39-ae36-85fb03ff44d8\"}]',1,'2024-02-20 03:47:36','2024-02-20 03:47:36','fb6ff28f-ef45-4724-a027-ba3883d22388'),(12,2,'Content','{\"userCondition\":null,\"elementCondition\":null}','[{\"type\":\"craft\\\\fieldlayoutelements\\\\entries\\\\EntryTitleField\",\"inputType\":null,\"autocomplete\":false,\"class\":null,\"size\":null,\"name\":null,\"autocorrect\":true,\"autocapitalize\":true,\"disabled\":false,\"readonly\":false,\"title\":null,\"placeholder\":null,\"step\":null,\"min\":null,\"max\":null,\"requirable\":false,\"id\":null,\"containerAttributes\":[],\"inputContainerAttributes\":[],\"labelAttributes\":[],\"orientation\":null,\"label\":null,\"instructions\":null,\"tip\":null,\"warning\":null,\"width\":100,\"uid\":\"1e4a8c99-7857-48f5-b9b7-5935ca792b1c\",\"userCondition\":null,\"elementCondition\":null},{\"type\":\"craft\\\\fieldlayoutelements\\\\CustomField\",\"label\":null,\"instructions\":null,\"tip\":null,\"warning\":null,\"required\":false,\"width\":100,\"uid\":\"c8e3f1b8-e173-40b8-8265-72c3748112ce\",\"userCondition\":null,\"elementCondition\":null,\"fieldUid\":\"c4be0015-38d8-4cec-8afc-410a6a5f7ad8\"},{\"type\":\"craft\\\\fieldlayoutelements\\\\CustomField\",\"label\":null,\"instructions\":null,\"tip\":null,\"warning\":null,\"required\":false,\"width\":100,\"uid\":\"d041d880-b9b5-4be0-9329-b096cdc6e300\",\"userCondition\":null,\"elementCondition\":null,\"fieldUid\":\"334d9b18-744c-492c-9c09-9417e30a9afd\"},{\"type\":\"craft\\\\fieldlayoutelements\\\\CustomField\",\"label\":null,\"instructions\":null,\"tip\":null,\"warning\":null,\"required\":false,\"width\":100,\"uid\":\"9dbc0a4c-075c-4924-800f-00c9193ec36b\",\"userCondition\":null,\"elementCondition\":null,\"fieldUid\":\"dc86aa34-6468-4975-a85c-8439117a29ec\"},{\"type\":\"craft\\\\fieldlayoutelements\\\\CustomField\",\"label\":null,\"instructions\":null,\"tip\":null,\"warning\":null,\"required\":false,\"width\":100,\"uid\":\"3d0e83fc-d902-4477-8364-7878f9a6f9e3\",\"userCondition\":null,\"elementCondition\":null,\"fieldUid\":\"5e192a8d-1c33-4a39-ae36-85fb03ff44d8\"}]',1,'2024-02-20 03:47:36','2024-02-20 03:47:36','c690b68a-4112-4c3d-9c48-5cc9d5a2704d'),(14,3,'Content','{\"userCondition\":null,\"elementCondition\":null}','[{\"type\":\"craft\\\\fieldlayoutelements\\\\entries\\\\EntryTitleField\",\"inputType\":null,\"autocomplete\":false,\"class\":null,\"size\":null,\"name\":null,\"autocorrect\":true,\"autocapitalize\":true,\"disabled\":false,\"readonly\":false,\"title\":null,\"placeholder\":null,\"step\":null,\"min\":null,\"max\":null,\"requirable\":false,\"id\":null,\"containerAttributes\":[],\"inputContainerAttributes\":[],\"labelAttributes\":[],\"orientation\":null,\"label\":null,\"instructions\":null,\"tip\":null,\"warning\":null,\"width\":100,\"uid\":\"bccc6998-9dfb-4b49-9c28-7edd5d4a090b\",\"userCondition\":null,\"elementCondition\":null},{\"type\":\"craft\\\\fieldlayoutelements\\\\CustomField\",\"label\":null,\"instructions\":null,\"tip\":null,\"warning\":null,\"required\":false,\"width\":100,\"uid\":\"631256d9-13cf-4569-a8e6-7176875ca535\",\"userCondition\":null,\"elementCondition\":null,\"fieldUid\":\"eab8a676-0d2d-4222-a0db-66b628376328\"},{\"type\":\"craft\\\\fieldlayoutelements\\\\CustomField\",\"label\":null,\"instructions\":null,\"tip\":null,\"warning\":null,\"required\":false,\"width\":100,\"uid\":\"25f61557-0b6e-4aa7-95d7-e2c853718384\",\"userCondition\":null,\"elementCondition\":null,\"fieldUid\":\"9d48da84-3e96-43b3-8db6-b9dd428b0c69\"},{\"type\":\"craft\\\\fieldlayoutelements\\\\CustomField\",\"label\":null,\"instructions\":null,\"tip\":null,\"warning\":null,\"required\":false,\"width\":100,\"uid\":\"1e86e5b3-ee31-44fa-ae9a-63a53975cad9\",\"userCondition\":null,\"elementCondition\":null,\"fieldUid\":\"61556d00-6075-4da9-bacc-144b7bf20499\"}]',1,'2024-02-20 03:47:36','2024-02-20 03:47:36','96fb39d9-0208-4e00-885e-7d9c21eaa6bc'),(16,4,'Content','{\"userCondition\":null,\"elementCondition\":null}','[{\"type\":\"craft\\\\fieldlayoutelements\\\\entries\\\\EntryTitleField\",\"inputType\":null,\"autocomplete\":false,\"class\":null,\"size\":null,\"name\":null,\"autocorrect\":true,\"autocapitalize\":true,\"disabled\":false,\"readonly\":false,\"title\":null,\"placeholder\":null,\"step\":null,\"min\":null,\"max\":null,\"requirable\":false,\"id\":null,\"containerAttributes\":[],\"inputContainerAttributes\":[],\"labelAttributes\":[],\"orientation\":null,\"label\":null,\"instructions\":null,\"tip\":null,\"warning\":null,\"width\":100,\"uid\":\"6a8d76dd-d710-4b1e-a8d7-e25b5603a5aa\",\"userCondition\":null,\"elementCondition\":null},{\"type\":\"craft\\\\fieldlayoutelements\\\\CustomField\",\"label\":null,\"instructions\":null,\"tip\":null,\"warning\":null,\"required\":false,\"width\":100,\"uid\":\"0c061ea8-d273-4877-953c-a4495ebc5d04\",\"userCondition\":null,\"elementCondition\":null,\"fieldUid\":\"334d9b18-744c-492c-9c09-9417e30a9afd\"},{\"type\":\"craft\\\\fieldlayoutelements\\\\CustomField\",\"label\":null,\"instructions\":null,\"tip\":null,\"warning\":null,\"required\":false,\"width\":100,\"uid\":\"71e72ab0-9ada-46e2-8011-c8b63592562b\",\"userCondition\":null,\"elementCondition\":null,\"fieldUid\":\"dc86aa34-6468-4975-a85c-8439117a29ec\"},{\"type\":\"craft\\\\fieldlayoutelements\\\\CustomField\",\"label\":null,\"instructions\":null,\"tip\":null,\"warning\":null,\"required\":false,\"width\":100,\"uid\":\"ebb0b57c-32c3-46a2-a671-95de3a7e12d3\",\"userCondition\":null,\"elementCondition\":null,\"fieldUid\":\"5e192a8d-1c33-4a39-ae36-85fb03ff44d8\"}]',1,'2024-02-20 03:47:36','2024-02-20 03:47:36','0d268fcd-4860-4fac-9364-0d3d76bc1041');
commit;

--
-- Dumping data for table `fields`
--

set autocommit=0;
INSERT INTO `fields` VALUES (1,1,'Address Info','addressInfo','global','yvoxjiqw',NULL,0,'none',NULL,'craft\\fields\\PlainText','{\"byteLimit\":null,\"charLimit\":null,\"code\":false,\"columnType\":null,\"initialRows\":4,\"multiline\":false,\"placeholder\":null,\"uiMode\":\"normal\"}','2024-02-20 03:47:34','2024-02-20 03:47:34','eab8a676-0d2d-4222-a0db-66b628376328'),(2,1,'Website Info','websiteInfo','global','redxynfl',NULL,0,'none',NULL,'craft\\fields\\PlainText','{\"byteLimit\":null,\"charLimit\":null,\"code\":false,\"columnType\":null,\"initialRows\":4,\"multiline\":false,\"placeholder\":null,\"uiMode\":\"normal\"}','2024-02-20 03:47:35','2024-02-20 03:47:35','61556d00-6075-4da9-bacc-144b7bf20499'),(3,1,'Phone Info','phoneInfo','global','dldokaha',NULL,0,'none',NULL,'craft\\fields\\PlainText','{\"byteLimit\":null,\"charLimit\":null,\"code\":false,\"columnType\":null,\"initialRows\":4,\"multiline\":false,\"placeholder\":null,\"uiMode\":\"normal\"}','2024-02-20 03:47:35','2024-02-20 03:47:35','9d48da84-3e96-43b3-8db6-b9dd428b0c69'),(4,1,'Main Body','mainBody','global','tpegdnet',NULL,0,'none',NULL,'craft\\redactor\\Field','{\"availableTransforms\":\"\",\"availableVolumes\":\"\",\"columnType\":\"text\",\"configSelectionMode\":\"choose\",\"defaultTransform\":\"\",\"manualConfig\":\"\",\"purifierConfig\":null,\"purifyHtml\":true,\"redactorConfig\":null,\"removeEmptyTags\":false,\"removeInlineStyles\":false,\"removeNbsp\":false,\"showHtmlButtonForNonAdmins\":false,\"showUnpermittedFiles\":false,\"showUnpermittedVolumes\":false,\"uiMode\":\"enlarged\"}','2024-02-20 03:47:35','2024-02-20 03:47:35','c4be0015-38d8-4cec-8afc-410a6a5f7ad8'),(5,1,'Meta Title','metaTitle','global','twasfpfx',NULL,0,'none',NULL,'craft\\fields\\PlainText','{\"byteLimit\":null,\"charLimit\":null,\"code\":false,\"columnType\":null,\"initialRows\":4,\"multiline\":false,\"placeholder\":null,\"uiMode\":\"normal\"}','2024-02-20 03:47:35','2024-02-20 03:47:35','334d9b18-744c-492c-9c09-9417e30a9afd'),(6,1,'Meta Keywords','metaKeywords','global','oixzmdop',NULL,0,'none',NULL,'craft\\fields\\PlainText','{\"byteLimit\":null,\"charLimit\":null,\"code\":false,\"columnType\":null,\"initialRows\":4,\"multiline\":false,\"placeholder\":null,\"uiMode\":\"normal\"}','2024-02-20 03:47:35','2024-02-20 03:47:35','5e192a8d-1c33-4a39-ae36-85fb03ff44d8'),(7,1,'Meta Description','metaDescription','global','btnkhqnn',NULL,0,'none',NULL,'craft\\fields\\PlainText','{\"byteLimit\":null,\"charLimit\":null,\"code\":false,\"columnType\":null,\"initialRows\":4,\"multiline\":false,\"placeholder\":null,\"uiMode\":\"normal\"}','2024-02-20 03:47:35','2024-02-20 03:47:35','dc86aa34-6468-4975-a85c-8439117a29ec');
commit;

--
-- Dumping data for table `globalsets`
--

set autocommit=0;
commit;

--
-- Dumping data for table `gqlschemas`
--

set autocommit=0;
commit;
set autocommit=0;
commit;

--
-- Dumping data for table `imagetransforms`
--

set autocommit=0;
commit;

--
-- Dumping data for table `info`
--

set autocommit=0;
INSERT INTO `info` VALUES (1,'4.7.1','4.5.3.0',0,'apaeaorbjgmj','3@cmvvskheux','2024-02-20 03:47:34','2024-02-20 03:47:38','a6452bc4-5eac-4592-9bda-492434ec1686');
commit;

--
-- Dumping data for table `matrixblocks`
--

set autocommit=0;
commit;

--
-- Dumping data for table `matrixblocks_owners`
--

set autocommit=0;
commit;

--
-- Dumping data for table `matrixblocktypes`
--

set autocommit=0;
commit;

--
-- Dumping data for table `migrations`
--

set autocommit=0;
INSERT INTO `migrations` VALUES (1,'plugin:postmark','m190220_005730_update_email_settings','2024-02-20 03:47:34','2024-02-20 03:47:34','2024-02-20 03:47:34','28568291-9d8a-4e8a-9a22-3b7137bd3072'),(2,'plugin:postmark','m190727_220415_drop_plugin_settings','2024-02-20 03:47:34','2024-02-20 03:47:34','2024-02-20 03:47:34','2f2f84d2-cd3a-4cb9-aabb-afb8c030fe62'),(3,'plugin:redactor','m180430_204710_remove_old_plugins','2024-02-20 03:47:34','2024-02-20 03:47:34','2024-02-20 03:47:34','27e821da-9c7c-43d0-bcdd-938f6eddaec0'),(4,'plugin:redactor','Install','2024-02-20 03:47:34','2024-02-20 03:47:34','2024-02-20 03:47:34','53f4ee7b-b43b-4329-9c9d-4ded2fad8515'),(5,'plugin:redactor','m190225_003922_split_cleanup_html_settings','2024-02-20 03:47:34','2024-02-20 03:47:34','2024-02-20 03:47:34','b680a05d-64fd-44c0-bec9-e1895f027522'),(6,'craft','Install','2024-02-20 03:47:38','2024-02-20 03:47:38','2024-02-20 03:47:38','1eb80a2b-ae38-4bac-8253-d59093ac01ec'),(7,'craft','m210121_145800_asset_indexing_changes','2024-02-20 03:47:38','2024-02-20 03:47:38','2024-02-20 03:47:38','e3489f92-4017-4398-85df-7b8daf480b0b'),(8,'craft','m210624_222934_drop_deprecated_tables','2024-02-20 03:47:38','2024-02-20 03:47:38','2024-02-20 03:47:38','5d54aa7d-c7fa-4f80-9d95-edb00b679ca2'),(9,'craft','m210724_180756_rename_source_cols','2024-02-20 03:47:38','2024-02-20 03:47:38','2024-02-20 03:47:38','e79649cd-d136-461d-8392-e7674c5439f4'),(10,'craft','m210809_124211_remove_superfluous_uids','2024-02-20 03:47:38','2024-02-20 03:47:38','2024-02-20 03:47:38','d7dde435-ff1a-4d8c-8fb6-454f4ef33cbf'),(11,'craft','m210817_014201_universal_users','2024-02-20 03:47:38','2024-02-20 03:47:38','2024-02-20 03:47:38','6f08c807-0e02-46d4-9554-5a08bf4edbbc'),(12,'craft','m210904_132612_store_element_source_settings_in_project_config','2024-02-20 03:47:38','2024-02-20 03:47:38','2024-02-20 03:47:38','58365477-6e62-4dc8-a92d-b0d1027ae434'),(13,'craft','m211115_135500_image_transformers','2024-02-20 03:47:38','2024-02-20 03:47:38','2024-02-20 03:47:38','19a69c93-d38c-47c3-bea9-03c8aae21029'),(14,'craft','m211201_131000_filesystems','2024-02-20 03:47:38','2024-02-20 03:47:38','2024-02-20 03:47:38','0f5b9b3c-94f6-4252-8d07-da8dcef2106e'),(15,'craft','m220103_043103_tab_conditions','2024-02-20 03:47:38','2024-02-20 03:47:38','2024-02-20 03:47:38','84d9bce1-ab4a-4d6d-8f09-1d2cdb5d0912'),(16,'craft','m220104_003433_asset_alt_text','2024-02-20 03:47:38','2024-02-20 03:47:38','2024-02-20 03:47:38','35db9e20-cce6-4dea-8b11-c1f96b34edc0'),(17,'craft','m220123_213619_update_permissions','2024-02-20 03:47:38','2024-02-20 03:47:38','2024-02-20 03:47:38','45ba48f0-81a1-42f6-908b-201a470e4168'),(18,'craft','m220126_003432_addresses','2024-02-20 03:47:38','2024-02-20 03:47:38','2024-02-20 03:47:38','d7b856b1-c1cf-410e-8756-2b09bfd0963a'),(19,'craft','m220209_095604_add_indexes','2024-02-20 03:47:38','2024-02-20 03:47:38','2024-02-20 03:47:38','cb844e88-a4de-4547-a2a1-34cafce6410d'),(20,'craft','m220213_015220_matrixblocks_owners_table','2024-02-20 03:47:38','2024-02-20 03:47:38','2024-02-20 03:47:38','8ba81437-e23a-4e24-9822-af363993dbd6'),(21,'craft','m220214_000000_truncate_sessions','2024-02-20 03:47:38','2024-02-20 03:47:38','2024-02-20 03:47:38','a5f258f4-c03a-4a75-989a-aff72417e224'),(22,'craft','m220222_122159_full_names','2024-02-20 03:47:38','2024-02-20 03:47:38','2024-02-20 03:47:38','25e462fb-520b-438e-a29e-69178435fbcb'),(23,'craft','m220223_180559_nullable_address_owner','2024-02-20 03:47:38','2024-02-20 03:47:38','2024-02-20 03:47:38','54e7b4ae-7afc-4b12-b5e7-35cb9fb8261a'),(24,'craft','m220225_165000_transform_filesystems','2024-02-20 03:47:38','2024-02-20 03:47:38','2024-02-20 03:47:38','2e003366-4b04-457a-9531-324f93a45564'),(25,'craft','m220309_152006_rename_field_layout_elements','2024-02-20 03:47:38','2024-02-20 03:47:38','2024-02-20 03:47:38','390d7660-8952-495a-84eb-cbeb18007e89'),(26,'craft','m220314_211928_field_layout_element_uids','2024-02-20 03:47:38','2024-02-20 03:47:38','2024-02-20 03:47:38','98af0aca-8b42-4992-bdda-6a22a88c23ba'),(27,'craft','m220316_123800_transform_fs_subpath','2024-02-20 03:47:38','2024-02-20 03:47:38','2024-02-20 03:47:38','ce353ffc-6fe1-4389-8497-2b5a921fab8c'),(28,'craft','m220317_174250_release_all_jobs','2024-02-20 03:47:38','2024-02-20 03:47:38','2024-02-20 03:47:38','bbbf0b0f-30c0-4c22-a917-188a16af697d'),(29,'craft','m220330_150000_add_site_gql_schema_components','2024-02-20 03:47:38','2024-02-20 03:47:38','2024-02-20 03:47:38','3e28cf0b-22d5-40c6-a763-e75d3e37612a'),(30,'craft','m220413_024536_site_enabled_string','2024-02-20 03:47:38','2024-02-20 03:47:38','2024-02-20 03:47:38','881cbc39-c323-4143-a033-ffafb73fabf6'),(31,'craft','m221027_160703_add_image_transform_fill','2024-02-20 03:47:38','2024-02-20 03:47:38','2024-02-20 03:47:38','0f652225-9955-445e-8002-9058ce6ace08'),(32,'craft','m221028_130548_add_canonical_id_index','2024-02-20 03:47:38','2024-02-20 03:47:38','2024-02-20 03:47:38','fdccaf8c-899b-4840-8d72-072cc119c6b4'),(33,'craft','m221118_003031_drop_element_fks','2024-02-20 03:47:38','2024-02-20 03:47:38','2024-02-20 03:47:38','d8dc3a96-f9ec-4c20-99dc-f706f359eced'),(34,'craft','m230131_120713_asset_indexing_session_new_options','2024-02-20 03:47:38','2024-02-20 03:47:38','2024-02-20 03:47:38','77af062b-7e88-4a16-b8b3-b4ad714ba2bd'),(35,'craft','m230226_013114_drop_plugin_license_columns','2024-02-20 03:47:38','2024-02-20 03:47:38','2024-02-20 03:47:38','880f8062-401b-41c4-86f9-47de799fbf97'),(36,'craft','m230531_123004_add_entry_type_show_status_field','2024-02-20 03:47:38','2024-02-20 03:47:38','2024-02-20 03:47:38','227d0d9b-93cf-4a00-b83c-00836641d4bb'),(37,'craft','m230607_102049_add_entrytype_slug_translation_columns','2024-02-20 03:47:38','2024-02-20 03:47:38','2024-02-20 03:47:38','b73f6566-a07a-4a95-a3de-320a0922dfd9'),(38,'craft','m230710_162700_element_activity','2024-02-20 03:47:38','2024-02-20 03:47:38','2024-02-20 03:47:38','72de62c5-6753-4692-b396-ff35be4f0f94'),(39,'craft','m230820_162023_fix_cache_id_type','2024-02-20 03:47:38','2024-02-20 03:47:38','2024-02-20 03:47:38','1aba2d82-c88b-4f0c-8fb2-2911da0b16b3'),(40,'craft','m230826_094050_fix_session_id_type','2024-02-20 03:47:38','2024-02-20 03:47:38','2024-02-20 03:47:38','c6849da0-1f2d-44a7-9c1e-ac9ade7d6bd4');
commit;

--
-- Dumping data for table `plugins`
--

set autocommit=0;
INSERT INTO `plugins` VALUES (1,'contact-form','3.0.1','1.0.0','2024-02-20 03:47:34','2024-02-20 03:47:34','2024-02-20 03:47:34','01d2d405-a798-485d-949c-7659a3b7c3a8'),(2,'postmark','3.0.0','2.0.1','2024-02-20 03:47:34','2024-02-20 03:47:34','2024-02-20 03:47:34','6b4f5883-9206-4a50-a97d-f15ee11b2eda'),(3,'redactor','3.0.4','2.3.0','2024-02-20 03:47:34','2024-02-20 03:47:34','2024-02-20 03:47:34','07eb5458-5c32-4cd2-8185-6a85bcd3a6e8');
commit;

--
-- Dumping data for table `projectconfig`
--

set autocommit=0;
INSERT INTO `projectconfig` VALUES ('dateModified','1708400857'),('email.fromEmail','\"admin@cnc.vikal.com.au\"'),('email.fromName','\"cnc.vikal.com.au\"'),('email.transportType','\"craft\\\\mail\\\\transportadapters\\\\Sendmail\"'),('entryTypes.243132ec-7ddc-431a-9f35-a01167e7601e.fieldLayouts.33850719-ebbe-4d77-b76b-a8dc775d58f3.tabs.0.elementCondition','null'),('entryTypes.243132ec-7ddc-431a-9f35-a01167e7601e.fieldLayouts.33850719-ebbe-4d77-b76b-a8dc775d58f3.tabs.0.elements.0.autocapitalize','true'),('entryTypes.243132ec-7ddc-431a-9f35-a01167e7601e.fieldLayouts.33850719-ebbe-4d77-b76b-a8dc775d58f3.tabs.0.elements.0.autocomplete','false'),('entryTypes.243132ec-7ddc-431a-9f35-a01167e7601e.fieldLayouts.33850719-ebbe-4d77-b76b-a8dc775d58f3.tabs.0.elements.0.autocorrect','true'),('entryTypes.243132ec-7ddc-431a-9f35-a01167e7601e.fieldLayouts.33850719-ebbe-4d77-b76b-a8dc775d58f3.tabs.0.elements.0.class','null'),('entryTypes.243132ec-7ddc-431a-9f35-a01167e7601e.fieldLayouts.33850719-ebbe-4d77-b76b-a8dc775d58f3.tabs.0.elements.0.disabled','false'),('entryTypes.243132ec-7ddc-431a-9f35-a01167e7601e.fieldLayouts.33850719-ebbe-4d77-b76b-a8dc775d58f3.tabs.0.elements.0.elementCondition','null'),('entryTypes.243132ec-7ddc-431a-9f35-a01167e7601e.fieldLayouts.33850719-ebbe-4d77-b76b-a8dc775d58f3.tabs.0.elements.0.id','null'),('entryTypes.243132ec-7ddc-431a-9f35-a01167e7601e.fieldLayouts.33850719-ebbe-4d77-b76b-a8dc775d58f3.tabs.0.elements.0.inputType','null'),('entryTypes.243132ec-7ddc-431a-9f35-a01167e7601e.fieldLayouts.33850719-ebbe-4d77-b76b-a8dc775d58f3.tabs.0.elements.0.instructions','null'),('entryTypes.243132ec-7ddc-431a-9f35-a01167e7601e.fieldLayouts.33850719-ebbe-4d77-b76b-a8dc775d58f3.tabs.0.elements.0.label','null'),('entryTypes.243132ec-7ddc-431a-9f35-a01167e7601e.fieldLayouts.33850719-ebbe-4d77-b76b-a8dc775d58f3.tabs.0.elements.0.max','null'),('entryTypes.243132ec-7ddc-431a-9f35-a01167e7601e.fieldLayouts.33850719-ebbe-4d77-b76b-a8dc775d58f3.tabs.0.elements.0.min','null'),('entryTypes.243132ec-7ddc-431a-9f35-a01167e7601e.fieldLayouts.33850719-ebbe-4d77-b76b-a8dc775d58f3.tabs.0.elements.0.name','null'),('entryTypes.243132ec-7ddc-431a-9f35-a01167e7601e.fieldLayouts.33850719-ebbe-4d77-b76b-a8dc775d58f3.tabs.0.elements.0.orientation','null'),('entryTypes.243132ec-7ddc-431a-9f35-a01167e7601e.fieldLayouts.33850719-ebbe-4d77-b76b-a8dc775d58f3.tabs.0.elements.0.placeholder','null'),('entryTypes.243132ec-7ddc-431a-9f35-a01167e7601e.fieldLayouts.33850719-ebbe-4d77-b76b-a8dc775d58f3.tabs.0.elements.0.readonly','false'),('entryTypes.243132ec-7ddc-431a-9f35-a01167e7601e.fieldLayouts.33850719-ebbe-4d77-b76b-a8dc775d58f3.tabs.0.elements.0.requirable','false'),('entryTypes.243132ec-7ddc-431a-9f35-a01167e7601e.fieldLayouts.33850719-ebbe-4d77-b76b-a8dc775d58f3.tabs.0.elements.0.size','null'),('entryTypes.243132ec-7ddc-431a-9f35-a01167e7601e.fieldLayouts.33850719-ebbe-4d77-b76b-a8dc775d58f3.tabs.0.elements.0.step','null'),('entryTypes.243132ec-7ddc-431a-9f35-a01167e7601e.fieldLayouts.33850719-ebbe-4d77-b76b-a8dc775d58f3.tabs.0.elements.0.tip','null'),('entryTypes.243132ec-7ddc-431a-9f35-a01167e7601e.fieldLayouts.33850719-ebbe-4d77-b76b-a8dc775d58f3.tabs.0.elements.0.title','null'),('entryTypes.243132ec-7ddc-431a-9f35-a01167e7601e.fieldLayouts.33850719-ebbe-4d77-b76b-a8dc775d58f3.tabs.0.elements.0.type','\"craft\\\\fieldlayoutelements\\\\entries\\\\EntryTitleField\"'),('entryTypes.243132ec-7ddc-431a-9f35-a01167e7601e.fieldLayouts.33850719-ebbe-4d77-b76b-a8dc775d58f3.tabs.0.elements.0.uid','\"0148ccf8-895a-4135-851c-ae1d8203cc81\"'),('entryTypes.243132ec-7ddc-431a-9f35-a01167e7601e.fieldLayouts.33850719-ebbe-4d77-b76b-a8dc775d58f3.tabs.0.elements.0.userCondition','null'),('entryTypes.243132ec-7ddc-431a-9f35-a01167e7601e.fieldLayouts.33850719-ebbe-4d77-b76b-a8dc775d58f3.tabs.0.elements.0.warning','null'),('entryTypes.243132ec-7ddc-431a-9f35-a01167e7601e.fieldLayouts.33850719-ebbe-4d77-b76b-a8dc775d58f3.tabs.0.elements.0.width','100'),('entryTypes.243132ec-7ddc-431a-9f35-a01167e7601e.fieldLayouts.33850719-ebbe-4d77-b76b-a8dc775d58f3.tabs.0.elements.1.elementCondition','null'),('entryTypes.243132ec-7ddc-431a-9f35-a01167e7601e.fieldLayouts.33850719-ebbe-4d77-b76b-a8dc775d58f3.tabs.0.elements.1.fieldUid','\"334d9b18-744c-492c-9c09-9417e30a9afd\"'),('entryTypes.243132ec-7ddc-431a-9f35-a01167e7601e.fieldLayouts.33850719-ebbe-4d77-b76b-a8dc775d58f3.tabs.0.elements.1.instructions','null'),('entryTypes.243132ec-7ddc-431a-9f35-a01167e7601e.fieldLayouts.33850719-ebbe-4d77-b76b-a8dc775d58f3.tabs.0.elements.1.label','null'),('entryTypes.243132ec-7ddc-431a-9f35-a01167e7601e.fieldLayouts.33850719-ebbe-4d77-b76b-a8dc775d58f3.tabs.0.elements.1.required','false'),('entryTypes.243132ec-7ddc-431a-9f35-a01167e7601e.fieldLayouts.33850719-ebbe-4d77-b76b-a8dc775d58f3.tabs.0.elements.1.tip','null'),('entryTypes.243132ec-7ddc-431a-9f35-a01167e7601e.fieldLayouts.33850719-ebbe-4d77-b76b-a8dc775d58f3.tabs.0.elements.1.type','\"craft\\\\fieldlayoutelements\\\\CustomField\"'),('entryTypes.243132ec-7ddc-431a-9f35-a01167e7601e.fieldLayouts.33850719-ebbe-4d77-b76b-a8dc775d58f3.tabs.0.elements.1.uid','\"42a3a81e-b6b3-49d6-894f-e27594a5342b\"'),('entryTypes.243132ec-7ddc-431a-9f35-a01167e7601e.fieldLayouts.33850719-ebbe-4d77-b76b-a8dc775d58f3.tabs.0.elements.1.userCondition','null'),('entryTypes.243132ec-7ddc-431a-9f35-a01167e7601e.fieldLayouts.33850719-ebbe-4d77-b76b-a8dc775d58f3.tabs.0.elements.1.warning','null'),('entryTypes.243132ec-7ddc-431a-9f35-a01167e7601e.fieldLayouts.33850719-ebbe-4d77-b76b-a8dc775d58f3.tabs.0.elements.1.width','100'),('entryTypes.243132ec-7ddc-431a-9f35-a01167e7601e.fieldLayouts.33850719-ebbe-4d77-b76b-a8dc775d58f3.tabs.0.elements.2.elementCondition','null'),('entryTypes.243132ec-7ddc-431a-9f35-a01167e7601e.fieldLayouts.33850719-ebbe-4d77-b76b-a8dc775d58f3.tabs.0.elements.2.fieldUid','\"dc86aa34-6468-4975-a85c-8439117a29ec\"'),('entryTypes.243132ec-7ddc-431a-9f35-a01167e7601e.fieldLayouts.33850719-ebbe-4d77-b76b-a8dc775d58f3.tabs.0.elements.2.instructions','null'),('entryTypes.243132ec-7ddc-431a-9f35-a01167e7601e.fieldLayouts.33850719-ebbe-4d77-b76b-a8dc775d58f3.tabs.0.elements.2.label','null'),('entryTypes.243132ec-7ddc-431a-9f35-a01167e7601e.fieldLayouts.33850719-ebbe-4d77-b76b-a8dc775d58f3.tabs.0.elements.2.required','false'),('entryTypes.243132ec-7ddc-431a-9f35-a01167e7601e.fieldLayouts.33850719-ebbe-4d77-b76b-a8dc775d58f3.tabs.0.elements.2.tip','null'),('entryTypes.243132ec-7ddc-431a-9f35-a01167e7601e.fieldLayouts.33850719-ebbe-4d77-b76b-a8dc775d58f3.tabs.0.elements.2.type','\"craft\\\\fieldlayoutelements\\\\CustomField\"'),('entryTypes.243132ec-7ddc-431a-9f35-a01167e7601e.fieldLayouts.33850719-ebbe-4d77-b76b-a8dc775d58f3.tabs.0.elements.2.uid','\"e9756f4c-8a22-4d55-8a96-5233bb5cd343\"'),('entryTypes.243132ec-7ddc-431a-9f35-a01167e7601e.fieldLayouts.33850719-ebbe-4d77-b76b-a8dc775d58f3.tabs.0.elements.2.userCondition','null'),('entryTypes.243132ec-7ddc-431a-9f35-a01167e7601e.fieldLayouts.33850719-ebbe-4d77-b76b-a8dc775d58f3.tabs.0.elements.2.warning','null'),('entryTypes.243132ec-7ddc-431a-9f35-a01167e7601e.fieldLayouts.33850719-ebbe-4d77-b76b-a8dc775d58f3.tabs.0.elements.2.width','100'),('entryTypes.243132ec-7ddc-431a-9f35-a01167e7601e.fieldLayouts.33850719-ebbe-4d77-b76b-a8dc775d58f3.tabs.0.elements.3.elementCondition','null'),('entryTypes.243132ec-7ddc-431a-9f35-a01167e7601e.fieldLayouts.33850719-ebbe-4d77-b76b-a8dc775d58f3.tabs.0.elements.3.fieldUid','\"5e192a8d-1c33-4a39-ae36-85fb03ff44d8\"'),('entryTypes.243132ec-7ddc-431a-9f35-a01167e7601e.fieldLayouts.33850719-ebbe-4d77-b76b-a8dc775d58f3.tabs.0.elements.3.instructions','null'),('entryTypes.243132ec-7ddc-431a-9f35-a01167e7601e.fieldLayouts.33850719-ebbe-4d77-b76b-a8dc775d58f3.tabs.0.elements.3.label','null'),('entryTypes.243132ec-7ddc-431a-9f35-a01167e7601e.fieldLayouts.33850719-ebbe-4d77-b76b-a8dc775d58f3.tabs.0.elements.3.required','false'),('entryTypes.243132ec-7ddc-431a-9f35-a01167e7601e.fieldLayouts.33850719-ebbe-4d77-b76b-a8dc775d58f3.tabs.0.elements.3.tip','null'),('entryTypes.243132ec-7ddc-431a-9f35-a01167e7601e.fieldLayouts.33850719-ebbe-4d77-b76b-a8dc775d58f3.tabs.0.elements.3.type','\"craft\\\\fieldlayoutelements\\\\CustomField\"'),('entryTypes.243132ec-7ddc-431a-9f35-a01167e7601e.fieldLayouts.33850719-ebbe-4d77-b76b-a8dc775d58f3.tabs.0.elements.3.uid','\"20cb6518-3446-4db9-af6b-7661a675c0d3\"'),('entryTypes.243132ec-7ddc-431a-9f35-a01167e7601e.fieldLayouts.33850719-ebbe-4d77-b76b-a8dc775d58f3.tabs.0.elements.3.userCondition','null'),('entryTypes.243132ec-7ddc-431a-9f35-a01167e7601e.fieldLayouts.33850719-ebbe-4d77-b76b-a8dc775d58f3.tabs.0.elements.3.warning','null'),('entryTypes.243132ec-7ddc-431a-9f35-a01167e7601e.fieldLayouts.33850719-ebbe-4d77-b76b-a8dc775d58f3.tabs.0.elements.3.width','100'),('entryTypes.243132ec-7ddc-431a-9f35-a01167e7601e.fieldLayouts.33850719-ebbe-4d77-b76b-a8dc775d58f3.tabs.0.name','\"Content\"'),('entryTypes.243132ec-7ddc-431a-9f35-a01167e7601e.fieldLayouts.33850719-ebbe-4d77-b76b-a8dc775d58f3.tabs.0.uid','\"fb6ff28f-ef45-4724-a027-ba3883d22388\"'),('entryTypes.243132ec-7ddc-431a-9f35-a01167e7601e.fieldLayouts.33850719-ebbe-4d77-b76b-a8dc775d58f3.tabs.0.userCondition','null'),('entryTypes.243132ec-7ddc-431a-9f35-a01167e7601e.handle','\"concentreFormation\"'),('entryTypes.243132ec-7ddc-431a-9f35-a01167e7601e.hasTitleField','false'),('entryTypes.243132ec-7ddc-431a-9f35-a01167e7601e.name','\"Concentre Formation\"'),('entryTypes.243132ec-7ddc-431a-9f35-a01167e7601e.section','\"6abe29e6-3ce9-46ae-99e3-810a99427a60\"'),('entryTypes.243132ec-7ddc-431a-9f35-a01167e7601e.showStatusField','true'),('entryTypes.243132ec-7ddc-431a-9f35-a01167e7601e.slugTranslationKeyFormat','null'),('entryTypes.243132ec-7ddc-431a-9f35-a01167e7601e.slugTranslationMethod','\"site\"'),('entryTypes.243132ec-7ddc-431a-9f35-a01167e7601e.sortOrder','1'),('entryTypes.243132ec-7ddc-431a-9f35-a01167e7601e.titleFormat','\"{section.name|raw}\"'),('entryTypes.243132ec-7ddc-431a-9f35-a01167e7601e.titleTranslationKeyFormat','null'),('entryTypes.243132ec-7ddc-431a-9f35-a01167e7601e.titleTranslationMethod','\"site\"'),('entryTypes.6f26f678-d8b0-4139-89ce-a173402cfe5f.fieldLayouts.227e499e-3a05-44b8-b015-38678ce3a2e8.tabs.0.elementCondition','null'),('entryTypes.6f26f678-d8b0-4139-89ce-a173402cfe5f.fieldLayouts.227e499e-3a05-44b8-b015-38678ce3a2e8.tabs.0.elements.0.autocapitalize','true'),('entryTypes.6f26f678-d8b0-4139-89ce-a173402cfe5f.fieldLayouts.227e499e-3a05-44b8-b015-38678ce3a2e8.tabs.0.elements.0.autocomplete','false'),('entryTypes.6f26f678-d8b0-4139-89ce-a173402cfe5f.fieldLayouts.227e499e-3a05-44b8-b015-38678ce3a2e8.tabs.0.elements.0.autocorrect','true'),('entryTypes.6f26f678-d8b0-4139-89ce-a173402cfe5f.fieldLayouts.227e499e-3a05-44b8-b015-38678ce3a2e8.tabs.0.elements.0.class','null'),('entryTypes.6f26f678-d8b0-4139-89ce-a173402cfe5f.fieldLayouts.227e499e-3a05-44b8-b015-38678ce3a2e8.tabs.0.elements.0.disabled','false'),('entryTypes.6f26f678-d8b0-4139-89ce-a173402cfe5f.fieldLayouts.227e499e-3a05-44b8-b015-38678ce3a2e8.tabs.0.elements.0.elementCondition','null'),('entryTypes.6f26f678-d8b0-4139-89ce-a173402cfe5f.fieldLayouts.227e499e-3a05-44b8-b015-38678ce3a2e8.tabs.0.elements.0.id','null'),('entryTypes.6f26f678-d8b0-4139-89ce-a173402cfe5f.fieldLayouts.227e499e-3a05-44b8-b015-38678ce3a2e8.tabs.0.elements.0.inputType','null'),('entryTypes.6f26f678-d8b0-4139-89ce-a173402cfe5f.fieldLayouts.227e499e-3a05-44b8-b015-38678ce3a2e8.tabs.0.elements.0.instructions','null'),('entryTypes.6f26f678-d8b0-4139-89ce-a173402cfe5f.fieldLayouts.227e499e-3a05-44b8-b015-38678ce3a2e8.tabs.0.elements.0.label','null'),('entryTypes.6f26f678-d8b0-4139-89ce-a173402cfe5f.fieldLayouts.227e499e-3a05-44b8-b015-38678ce3a2e8.tabs.0.elements.0.max','null'),('entryTypes.6f26f678-d8b0-4139-89ce-a173402cfe5f.fieldLayouts.227e499e-3a05-44b8-b015-38678ce3a2e8.tabs.0.elements.0.min','null'),('entryTypes.6f26f678-d8b0-4139-89ce-a173402cfe5f.fieldLayouts.227e499e-3a05-44b8-b015-38678ce3a2e8.tabs.0.elements.0.name','null'),('entryTypes.6f26f678-d8b0-4139-89ce-a173402cfe5f.fieldLayouts.227e499e-3a05-44b8-b015-38678ce3a2e8.tabs.0.elements.0.orientation','null'),('entryTypes.6f26f678-d8b0-4139-89ce-a173402cfe5f.fieldLayouts.227e499e-3a05-44b8-b015-38678ce3a2e8.tabs.0.elements.0.placeholder','null'),('entryTypes.6f26f678-d8b0-4139-89ce-a173402cfe5f.fieldLayouts.227e499e-3a05-44b8-b015-38678ce3a2e8.tabs.0.elements.0.readonly','false'),('entryTypes.6f26f678-d8b0-4139-89ce-a173402cfe5f.fieldLayouts.227e499e-3a05-44b8-b015-38678ce3a2e8.tabs.0.elements.0.requirable','false'),('entryTypes.6f26f678-d8b0-4139-89ce-a173402cfe5f.fieldLayouts.227e499e-3a05-44b8-b015-38678ce3a2e8.tabs.0.elements.0.size','null'),('entryTypes.6f26f678-d8b0-4139-89ce-a173402cfe5f.fieldLayouts.227e499e-3a05-44b8-b015-38678ce3a2e8.tabs.0.elements.0.step','null'),('entryTypes.6f26f678-d8b0-4139-89ce-a173402cfe5f.fieldLayouts.227e499e-3a05-44b8-b015-38678ce3a2e8.tabs.0.elements.0.tip','null'),('entryTypes.6f26f678-d8b0-4139-89ce-a173402cfe5f.fieldLayouts.227e499e-3a05-44b8-b015-38678ce3a2e8.tabs.0.elements.0.title','null'),('entryTypes.6f26f678-d8b0-4139-89ce-a173402cfe5f.fieldLayouts.227e499e-3a05-44b8-b015-38678ce3a2e8.tabs.0.elements.0.type','\"craft\\\\fieldlayoutelements\\\\entries\\\\EntryTitleField\"'),('entryTypes.6f26f678-d8b0-4139-89ce-a173402cfe5f.fieldLayouts.227e499e-3a05-44b8-b015-38678ce3a2e8.tabs.0.elements.0.uid','\"6a8d76dd-d710-4b1e-a8d7-e25b5603a5aa\"'),('entryTypes.6f26f678-d8b0-4139-89ce-a173402cfe5f.fieldLayouts.227e499e-3a05-44b8-b015-38678ce3a2e8.tabs.0.elements.0.userCondition','null'),('entryTypes.6f26f678-d8b0-4139-89ce-a173402cfe5f.fieldLayouts.227e499e-3a05-44b8-b015-38678ce3a2e8.tabs.0.elements.0.warning','null'),('entryTypes.6f26f678-d8b0-4139-89ce-a173402cfe5f.fieldLayouts.227e499e-3a05-44b8-b015-38678ce3a2e8.tabs.0.elements.0.width','100'),('entryTypes.6f26f678-d8b0-4139-89ce-a173402cfe5f.fieldLayouts.227e499e-3a05-44b8-b015-38678ce3a2e8.tabs.0.elements.1.elementCondition','null'),('entryTypes.6f26f678-d8b0-4139-89ce-a173402cfe5f.fieldLayouts.227e499e-3a05-44b8-b015-38678ce3a2e8.tabs.0.elements.1.fieldUid','\"334d9b18-744c-492c-9c09-9417e30a9afd\"'),('entryTypes.6f26f678-d8b0-4139-89ce-a173402cfe5f.fieldLayouts.227e499e-3a05-44b8-b015-38678ce3a2e8.tabs.0.elements.1.instructions','null'),('entryTypes.6f26f678-d8b0-4139-89ce-a173402cfe5f.fieldLayouts.227e499e-3a05-44b8-b015-38678ce3a2e8.tabs.0.elements.1.label','null'),('entryTypes.6f26f678-d8b0-4139-89ce-a173402cfe5f.fieldLayouts.227e499e-3a05-44b8-b015-38678ce3a2e8.tabs.0.elements.1.required','false'),('entryTypes.6f26f678-d8b0-4139-89ce-a173402cfe5f.fieldLayouts.227e499e-3a05-44b8-b015-38678ce3a2e8.tabs.0.elements.1.tip','null'),('entryTypes.6f26f678-d8b0-4139-89ce-a173402cfe5f.fieldLayouts.227e499e-3a05-44b8-b015-38678ce3a2e8.tabs.0.elements.1.type','\"craft\\\\fieldlayoutelements\\\\CustomField\"'),('entryTypes.6f26f678-d8b0-4139-89ce-a173402cfe5f.fieldLayouts.227e499e-3a05-44b8-b015-38678ce3a2e8.tabs.0.elements.1.uid','\"0c061ea8-d273-4877-953c-a4495ebc5d04\"'),('entryTypes.6f26f678-d8b0-4139-89ce-a173402cfe5f.fieldLayouts.227e499e-3a05-44b8-b015-38678ce3a2e8.tabs.0.elements.1.userCondition','null'),('entryTypes.6f26f678-d8b0-4139-89ce-a173402cfe5f.fieldLayouts.227e499e-3a05-44b8-b015-38678ce3a2e8.tabs.0.elements.1.warning','null'),('entryTypes.6f26f678-d8b0-4139-89ce-a173402cfe5f.fieldLayouts.227e499e-3a05-44b8-b015-38678ce3a2e8.tabs.0.elements.1.width','100'),('entryTypes.6f26f678-d8b0-4139-89ce-a173402cfe5f.fieldLayouts.227e499e-3a05-44b8-b015-38678ce3a2e8.tabs.0.elements.2.elementCondition','null'),('entryTypes.6f26f678-d8b0-4139-89ce-a173402cfe5f.fieldLayouts.227e499e-3a05-44b8-b015-38678ce3a2e8.tabs.0.elements.2.fieldUid','\"dc86aa34-6468-4975-a85c-8439117a29ec\"'),('entryTypes.6f26f678-d8b0-4139-89ce-a173402cfe5f.fieldLayouts.227e499e-3a05-44b8-b015-38678ce3a2e8.tabs.0.elements.2.instructions','null'),('entryTypes.6f26f678-d8b0-4139-89ce-a173402cfe5f.fieldLayouts.227e499e-3a05-44b8-b015-38678ce3a2e8.tabs.0.elements.2.label','null'),('entryTypes.6f26f678-d8b0-4139-89ce-a173402cfe5f.fieldLayouts.227e499e-3a05-44b8-b015-38678ce3a2e8.tabs.0.elements.2.required','false'),('entryTypes.6f26f678-d8b0-4139-89ce-a173402cfe5f.fieldLayouts.227e499e-3a05-44b8-b015-38678ce3a2e8.tabs.0.elements.2.tip','null'),('entryTypes.6f26f678-d8b0-4139-89ce-a173402cfe5f.fieldLayouts.227e499e-3a05-44b8-b015-38678ce3a2e8.tabs.0.elements.2.type','\"craft\\\\fieldlayoutelements\\\\CustomField\"'),('entryTypes.6f26f678-d8b0-4139-89ce-a173402cfe5f.fieldLayouts.227e499e-3a05-44b8-b015-38678ce3a2e8.tabs.0.elements.2.uid','\"71e72ab0-9ada-46e2-8011-c8b63592562b\"'),('entryTypes.6f26f678-d8b0-4139-89ce-a173402cfe5f.fieldLayouts.227e499e-3a05-44b8-b015-38678ce3a2e8.tabs.0.elements.2.userCondition','null'),('entryTypes.6f26f678-d8b0-4139-89ce-a173402cfe5f.fieldLayouts.227e499e-3a05-44b8-b015-38678ce3a2e8.tabs.0.elements.2.warning','null'),('entryTypes.6f26f678-d8b0-4139-89ce-a173402cfe5f.fieldLayouts.227e499e-3a05-44b8-b015-38678ce3a2e8.tabs.0.elements.2.width','100'),('entryTypes.6f26f678-d8b0-4139-89ce-a173402cfe5f.fieldLayouts.227e499e-3a05-44b8-b015-38678ce3a2e8.tabs.0.elements.3.elementCondition','null'),('entryTypes.6f26f678-d8b0-4139-89ce-a173402cfe5f.fieldLayouts.227e499e-3a05-44b8-b015-38678ce3a2e8.tabs.0.elements.3.fieldUid','\"5e192a8d-1c33-4a39-ae36-85fb03ff44d8\"'),('entryTypes.6f26f678-d8b0-4139-89ce-a173402cfe5f.fieldLayouts.227e499e-3a05-44b8-b015-38678ce3a2e8.tabs.0.elements.3.instructions','null'),('entryTypes.6f26f678-d8b0-4139-89ce-a173402cfe5f.fieldLayouts.227e499e-3a05-44b8-b015-38678ce3a2e8.tabs.0.elements.3.label','null'),('entryTypes.6f26f678-d8b0-4139-89ce-a173402cfe5f.fieldLayouts.227e499e-3a05-44b8-b015-38678ce3a2e8.tabs.0.elements.3.required','false'),('entryTypes.6f26f678-d8b0-4139-89ce-a173402cfe5f.fieldLayouts.227e499e-3a05-44b8-b015-38678ce3a2e8.tabs.0.elements.3.tip','null'),('entryTypes.6f26f678-d8b0-4139-89ce-a173402cfe5f.fieldLayouts.227e499e-3a05-44b8-b015-38678ce3a2e8.tabs.0.elements.3.type','\"craft\\\\fieldlayoutelements\\\\CustomField\"'),('entryTypes.6f26f678-d8b0-4139-89ce-a173402cfe5f.fieldLayouts.227e499e-3a05-44b8-b015-38678ce3a2e8.tabs.0.elements.3.uid','\"ebb0b57c-32c3-46a2-a671-95de3a7e12d3\"'),('entryTypes.6f26f678-d8b0-4139-89ce-a173402cfe5f.fieldLayouts.227e499e-3a05-44b8-b015-38678ce3a2e8.tabs.0.elements.3.userCondition','null'),('entryTypes.6f26f678-d8b0-4139-89ce-a173402cfe5f.fieldLayouts.227e499e-3a05-44b8-b015-38678ce3a2e8.tabs.0.elements.3.warning','null'),('entryTypes.6f26f678-d8b0-4139-89ce-a173402cfe5f.fieldLayouts.227e499e-3a05-44b8-b015-38678ce3a2e8.tabs.0.elements.3.width','100'),('entryTypes.6f26f678-d8b0-4139-89ce-a173402cfe5f.fieldLayouts.227e499e-3a05-44b8-b015-38678ce3a2e8.tabs.0.name','\"Content\"'),('entryTypes.6f26f678-d8b0-4139-89ce-a173402cfe5f.fieldLayouts.227e499e-3a05-44b8-b015-38678ce3a2e8.tabs.0.uid','\"0d268fcd-4860-4fac-9364-0d3d76bc1041\"'),('entryTypes.6f26f678-d8b0-4139-89ce-a173402cfe5f.fieldLayouts.227e499e-3a05-44b8-b015-38678ce3a2e8.tabs.0.userCondition','null'),('entryTypes.6f26f678-d8b0-4139-89ce-a173402cfe5f.handle','\"testimonals\"'),('entryTypes.6f26f678-d8b0-4139-89ce-a173402cfe5f.hasTitleField','false'),('entryTypes.6f26f678-d8b0-4139-89ce-a173402cfe5f.name','\"Testimonals\"'),('entryTypes.6f26f678-d8b0-4139-89ce-a173402cfe5f.section','\"8e1b7ee2-cdc9-4b7f-96ef-253849340c13\"'),('entryTypes.6f26f678-d8b0-4139-89ce-a173402cfe5f.showStatusField','true'),('entryTypes.6f26f678-d8b0-4139-89ce-a173402cfe5f.slugTranslationKeyFormat','null'),('entryTypes.6f26f678-d8b0-4139-89ce-a173402cfe5f.slugTranslationMethod','\"site\"'),('entryTypes.6f26f678-d8b0-4139-89ce-a173402cfe5f.sortOrder','1'),('entryTypes.6f26f678-d8b0-4139-89ce-a173402cfe5f.titleFormat','\"{section.name|raw}\"'),('entryTypes.6f26f678-d8b0-4139-89ce-a173402cfe5f.titleTranslationKeyFormat','null'),('entryTypes.6f26f678-d8b0-4139-89ce-a173402cfe5f.titleTranslationMethod','\"site\"'),('entryTypes.7be2d13f-8a6d-49b3-a720-a14b4b50e56b.fieldLayouts.b1bd1e3e-b81f-4d31-9e94-21821595ca24.tabs.0.elementCondition','null'),('entryTypes.7be2d13f-8a6d-49b3-a720-a14b4b50e56b.fieldLayouts.b1bd1e3e-b81f-4d31-9e94-21821595ca24.tabs.0.elements.0.autocapitalize','true'),('entryTypes.7be2d13f-8a6d-49b3-a720-a14b4b50e56b.fieldLayouts.b1bd1e3e-b81f-4d31-9e94-21821595ca24.tabs.0.elements.0.autocomplete','false'),('entryTypes.7be2d13f-8a6d-49b3-a720-a14b4b50e56b.fieldLayouts.b1bd1e3e-b81f-4d31-9e94-21821595ca24.tabs.0.elements.0.autocorrect','true'),('entryTypes.7be2d13f-8a6d-49b3-a720-a14b4b50e56b.fieldLayouts.b1bd1e3e-b81f-4d31-9e94-21821595ca24.tabs.0.elements.0.class','null'),('entryTypes.7be2d13f-8a6d-49b3-a720-a14b4b50e56b.fieldLayouts.b1bd1e3e-b81f-4d31-9e94-21821595ca24.tabs.0.elements.0.disabled','false'),('entryTypes.7be2d13f-8a6d-49b3-a720-a14b4b50e56b.fieldLayouts.b1bd1e3e-b81f-4d31-9e94-21821595ca24.tabs.0.elements.0.elementCondition','null'),('entryTypes.7be2d13f-8a6d-49b3-a720-a14b4b50e56b.fieldLayouts.b1bd1e3e-b81f-4d31-9e94-21821595ca24.tabs.0.elements.0.id','null'),('entryTypes.7be2d13f-8a6d-49b3-a720-a14b4b50e56b.fieldLayouts.b1bd1e3e-b81f-4d31-9e94-21821595ca24.tabs.0.elements.0.inputType','null'),('entryTypes.7be2d13f-8a6d-49b3-a720-a14b4b50e56b.fieldLayouts.b1bd1e3e-b81f-4d31-9e94-21821595ca24.tabs.0.elements.0.instructions','null'),('entryTypes.7be2d13f-8a6d-49b3-a720-a14b4b50e56b.fieldLayouts.b1bd1e3e-b81f-4d31-9e94-21821595ca24.tabs.0.elements.0.label','null'),('entryTypes.7be2d13f-8a6d-49b3-a720-a14b4b50e56b.fieldLayouts.b1bd1e3e-b81f-4d31-9e94-21821595ca24.tabs.0.elements.0.max','null'),('entryTypes.7be2d13f-8a6d-49b3-a720-a14b4b50e56b.fieldLayouts.b1bd1e3e-b81f-4d31-9e94-21821595ca24.tabs.0.elements.0.min','null'),('entryTypes.7be2d13f-8a6d-49b3-a720-a14b4b50e56b.fieldLayouts.b1bd1e3e-b81f-4d31-9e94-21821595ca24.tabs.0.elements.0.name','null'),('entryTypes.7be2d13f-8a6d-49b3-a720-a14b4b50e56b.fieldLayouts.b1bd1e3e-b81f-4d31-9e94-21821595ca24.tabs.0.elements.0.orientation','null'),('entryTypes.7be2d13f-8a6d-49b3-a720-a14b4b50e56b.fieldLayouts.b1bd1e3e-b81f-4d31-9e94-21821595ca24.tabs.0.elements.0.placeholder','null'),('entryTypes.7be2d13f-8a6d-49b3-a720-a14b4b50e56b.fieldLayouts.b1bd1e3e-b81f-4d31-9e94-21821595ca24.tabs.0.elements.0.readonly','false'),('entryTypes.7be2d13f-8a6d-49b3-a720-a14b4b50e56b.fieldLayouts.b1bd1e3e-b81f-4d31-9e94-21821595ca24.tabs.0.elements.0.requirable','false'),('entryTypes.7be2d13f-8a6d-49b3-a720-a14b4b50e56b.fieldLayouts.b1bd1e3e-b81f-4d31-9e94-21821595ca24.tabs.0.elements.0.size','null'),('entryTypes.7be2d13f-8a6d-49b3-a720-a14b4b50e56b.fieldLayouts.b1bd1e3e-b81f-4d31-9e94-21821595ca24.tabs.0.elements.0.step','null'),('entryTypes.7be2d13f-8a6d-49b3-a720-a14b4b50e56b.fieldLayouts.b1bd1e3e-b81f-4d31-9e94-21821595ca24.tabs.0.elements.0.tip','null'),('entryTypes.7be2d13f-8a6d-49b3-a720-a14b4b50e56b.fieldLayouts.b1bd1e3e-b81f-4d31-9e94-21821595ca24.tabs.0.elements.0.title','null'),('entryTypes.7be2d13f-8a6d-49b3-a720-a14b4b50e56b.fieldLayouts.b1bd1e3e-b81f-4d31-9e94-21821595ca24.tabs.0.elements.0.type','\"craft\\\\fieldlayoutelements\\\\entries\\\\EntryTitleField\"'),('entryTypes.7be2d13f-8a6d-49b3-a720-a14b4b50e56b.fieldLayouts.b1bd1e3e-b81f-4d31-9e94-21821595ca24.tabs.0.elements.0.uid','\"bccc6998-9dfb-4b49-9c28-7edd5d4a090b\"'),('entryTypes.7be2d13f-8a6d-49b3-a720-a14b4b50e56b.fieldLayouts.b1bd1e3e-b81f-4d31-9e94-21821595ca24.tabs.0.elements.0.userCondition','null'),('entryTypes.7be2d13f-8a6d-49b3-a720-a14b4b50e56b.fieldLayouts.b1bd1e3e-b81f-4d31-9e94-21821595ca24.tabs.0.elements.0.warning','null'),('entryTypes.7be2d13f-8a6d-49b3-a720-a14b4b50e56b.fieldLayouts.b1bd1e3e-b81f-4d31-9e94-21821595ca24.tabs.0.elements.0.width','100'),('entryTypes.7be2d13f-8a6d-49b3-a720-a14b4b50e56b.fieldLayouts.b1bd1e3e-b81f-4d31-9e94-21821595ca24.tabs.0.elements.1.elementCondition','null'),('entryTypes.7be2d13f-8a6d-49b3-a720-a14b4b50e56b.fieldLayouts.b1bd1e3e-b81f-4d31-9e94-21821595ca24.tabs.0.elements.1.fieldUid','\"eab8a676-0d2d-4222-a0db-66b628376328\"'),('entryTypes.7be2d13f-8a6d-49b3-a720-a14b4b50e56b.fieldLayouts.b1bd1e3e-b81f-4d31-9e94-21821595ca24.tabs.0.elements.1.instructions','null'),('entryTypes.7be2d13f-8a6d-49b3-a720-a14b4b50e56b.fieldLayouts.b1bd1e3e-b81f-4d31-9e94-21821595ca24.tabs.0.elements.1.label','null'),('entryTypes.7be2d13f-8a6d-49b3-a720-a14b4b50e56b.fieldLayouts.b1bd1e3e-b81f-4d31-9e94-21821595ca24.tabs.0.elements.1.required','false'),('entryTypes.7be2d13f-8a6d-49b3-a720-a14b4b50e56b.fieldLayouts.b1bd1e3e-b81f-4d31-9e94-21821595ca24.tabs.0.elements.1.tip','null'),('entryTypes.7be2d13f-8a6d-49b3-a720-a14b4b50e56b.fieldLayouts.b1bd1e3e-b81f-4d31-9e94-21821595ca24.tabs.0.elements.1.type','\"craft\\\\fieldlayoutelements\\\\CustomField\"'),('entryTypes.7be2d13f-8a6d-49b3-a720-a14b4b50e56b.fieldLayouts.b1bd1e3e-b81f-4d31-9e94-21821595ca24.tabs.0.elements.1.uid','\"631256d9-13cf-4569-a8e6-7176875ca535\"'),('entryTypes.7be2d13f-8a6d-49b3-a720-a14b4b50e56b.fieldLayouts.b1bd1e3e-b81f-4d31-9e94-21821595ca24.tabs.0.elements.1.userCondition','null'),('entryTypes.7be2d13f-8a6d-49b3-a720-a14b4b50e56b.fieldLayouts.b1bd1e3e-b81f-4d31-9e94-21821595ca24.tabs.0.elements.1.warning','null'),('entryTypes.7be2d13f-8a6d-49b3-a720-a14b4b50e56b.fieldLayouts.b1bd1e3e-b81f-4d31-9e94-21821595ca24.tabs.0.elements.1.width','100'),('entryTypes.7be2d13f-8a6d-49b3-a720-a14b4b50e56b.fieldLayouts.b1bd1e3e-b81f-4d31-9e94-21821595ca24.tabs.0.elements.2.elementCondition','null'),('entryTypes.7be2d13f-8a6d-49b3-a720-a14b4b50e56b.fieldLayouts.b1bd1e3e-b81f-4d31-9e94-21821595ca24.tabs.0.elements.2.fieldUid','\"9d48da84-3e96-43b3-8db6-b9dd428b0c69\"'),('entryTypes.7be2d13f-8a6d-49b3-a720-a14b4b50e56b.fieldLayouts.b1bd1e3e-b81f-4d31-9e94-21821595ca24.tabs.0.elements.2.instructions','null'),('entryTypes.7be2d13f-8a6d-49b3-a720-a14b4b50e56b.fieldLayouts.b1bd1e3e-b81f-4d31-9e94-21821595ca24.tabs.0.elements.2.label','null'),('entryTypes.7be2d13f-8a6d-49b3-a720-a14b4b50e56b.fieldLayouts.b1bd1e3e-b81f-4d31-9e94-21821595ca24.tabs.0.elements.2.required','false'),('entryTypes.7be2d13f-8a6d-49b3-a720-a14b4b50e56b.fieldLayouts.b1bd1e3e-b81f-4d31-9e94-21821595ca24.tabs.0.elements.2.tip','null'),('entryTypes.7be2d13f-8a6d-49b3-a720-a14b4b50e56b.fieldLayouts.b1bd1e3e-b81f-4d31-9e94-21821595ca24.tabs.0.elements.2.type','\"craft\\\\fieldlayoutelements\\\\CustomField\"'),('entryTypes.7be2d13f-8a6d-49b3-a720-a14b4b50e56b.fieldLayouts.b1bd1e3e-b81f-4d31-9e94-21821595ca24.tabs.0.elements.2.uid','\"25f61557-0b6e-4aa7-95d7-e2c853718384\"'),('entryTypes.7be2d13f-8a6d-49b3-a720-a14b4b50e56b.fieldLayouts.b1bd1e3e-b81f-4d31-9e94-21821595ca24.tabs.0.elements.2.userCondition','null'),('entryTypes.7be2d13f-8a6d-49b3-a720-a14b4b50e56b.fieldLayouts.b1bd1e3e-b81f-4d31-9e94-21821595ca24.tabs.0.elements.2.warning','null'),('entryTypes.7be2d13f-8a6d-49b3-a720-a14b4b50e56b.fieldLayouts.b1bd1e3e-b81f-4d31-9e94-21821595ca24.tabs.0.elements.2.width','100'),('entryTypes.7be2d13f-8a6d-49b3-a720-a14b4b50e56b.fieldLayouts.b1bd1e3e-b81f-4d31-9e94-21821595ca24.tabs.0.elements.3.elementCondition','null'),('entryTypes.7be2d13f-8a6d-49b3-a720-a14b4b50e56b.fieldLayouts.b1bd1e3e-b81f-4d31-9e94-21821595ca24.tabs.0.elements.3.fieldUid','\"61556d00-6075-4da9-bacc-144b7bf20499\"'),('entryTypes.7be2d13f-8a6d-49b3-a720-a14b4b50e56b.fieldLayouts.b1bd1e3e-b81f-4d31-9e94-21821595ca24.tabs.0.elements.3.instructions','null'),('entryTypes.7be2d13f-8a6d-49b3-a720-a14b4b50e56b.fieldLayouts.b1bd1e3e-b81f-4d31-9e94-21821595ca24.tabs.0.elements.3.label','null'),('entryTypes.7be2d13f-8a6d-49b3-a720-a14b4b50e56b.fieldLayouts.b1bd1e3e-b81f-4d31-9e94-21821595ca24.tabs.0.elements.3.required','false'),('entryTypes.7be2d13f-8a6d-49b3-a720-a14b4b50e56b.fieldLayouts.b1bd1e3e-b81f-4d31-9e94-21821595ca24.tabs.0.elements.3.tip','null'),('entryTypes.7be2d13f-8a6d-49b3-a720-a14b4b50e56b.fieldLayouts.b1bd1e3e-b81f-4d31-9e94-21821595ca24.tabs.0.elements.3.type','\"craft\\\\fieldlayoutelements\\\\CustomField\"'),('entryTypes.7be2d13f-8a6d-49b3-a720-a14b4b50e56b.fieldLayouts.b1bd1e3e-b81f-4d31-9e94-21821595ca24.tabs.0.elements.3.uid','\"1e86e5b3-ee31-44fa-ae9a-63a53975cad9\"'),('entryTypes.7be2d13f-8a6d-49b3-a720-a14b4b50e56b.fieldLayouts.b1bd1e3e-b81f-4d31-9e94-21821595ca24.tabs.0.elements.3.userCondition','null'),('entryTypes.7be2d13f-8a6d-49b3-a720-a14b4b50e56b.fieldLayouts.b1bd1e3e-b81f-4d31-9e94-21821595ca24.tabs.0.elements.3.warning','null'),('entryTypes.7be2d13f-8a6d-49b3-a720-a14b4b50e56b.fieldLayouts.b1bd1e3e-b81f-4d31-9e94-21821595ca24.tabs.0.elements.3.width','100'),('entryTypes.7be2d13f-8a6d-49b3-a720-a14b4b50e56b.fieldLayouts.b1bd1e3e-b81f-4d31-9e94-21821595ca24.tabs.0.name','\"Content\"'),('entryTypes.7be2d13f-8a6d-49b3-a720-a14b4b50e56b.fieldLayouts.b1bd1e3e-b81f-4d31-9e94-21821595ca24.tabs.0.uid','\"96fb39d9-0208-4e00-885e-7d9c21eaa6bc\"'),('entryTypes.7be2d13f-8a6d-49b3-a720-a14b4b50e56b.fieldLayouts.b1bd1e3e-b81f-4d31-9e94-21821595ca24.tabs.0.userCondition','null'),('entryTypes.7be2d13f-8a6d-49b3-a720-a14b4b50e56b.handle','\"contact\"'),('entryTypes.7be2d13f-8a6d-49b3-a720-a14b4b50e56b.hasTitleField','false'),('entryTypes.7be2d13f-8a6d-49b3-a720-a14b4b50e56b.name','\"Contact\"'),('entryTypes.7be2d13f-8a6d-49b3-a720-a14b4b50e56b.section','\"79f49864-7f7d-4a13-b760-c5d9c1efdb22\"'),('entryTypes.7be2d13f-8a6d-49b3-a720-a14b4b50e56b.showStatusField','true'),('entryTypes.7be2d13f-8a6d-49b3-a720-a14b4b50e56b.slugTranslationKeyFormat','null'),('entryTypes.7be2d13f-8a6d-49b3-a720-a14b4b50e56b.slugTranslationMethod','\"site\"'),('entryTypes.7be2d13f-8a6d-49b3-a720-a14b4b50e56b.sortOrder','1'),('entryTypes.7be2d13f-8a6d-49b3-a720-a14b4b50e56b.titleFormat','\"{section.name|raw}\"'),('entryTypes.7be2d13f-8a6d-49b3-a720-a14b4b50e56b.titleTranslationKeyFormat','null'),('entryTypes.7be2d13f-8a6d-49b3-a720-a14b4b50e56b.titleTranslationMethod','\"site\"'),('entryTypes.896d88d8-f54b-4799-ba57-a346316c25a0.fieldLayouts.94f9c533-ede2-4aeb-8cd1-68142164ffd9.tabs.0.elementCondition','null'),('entryTypes.896d88d8-f54b-4799-ba57-a346316c25a0.fieldLayouts.94f9c533-ede2-4aeb-8cd1-68142164ffd9.tabs.0.elements.0.autocapitalize','true'),('entryTypes.896d88d8-f54b-4799-ba57-a346316c25a0.fieldLayouts.94f9c533-ede2-4aeb-8cd1-68142164ffd9.tabs.0.elements.0.autocomplete','false'),('entryTypes.896d88d8-f54b-4799-ba57-a346316c25a0.fieldLayouts.94f9c533-ede2-4aeb-8cd1-68142164ffd9.tabs.0.elements.0.autocorrect','true'),('entryTypes.896d88d8-f54b-4799-ba57-a346316c25a0.fieldLayouts.94f9c533-ede2-4aeb-8cd1-68142164ffd9.tabs.0.elements.0.class','null'),('entryTypes.896d88d8-f54b-4799-ba57-a346316c25a0.fieldLayouts.94f9c533-ede2-4aeb-8cd1-68142164ffd9.tabs.0.elements.0.disabled','false'),('entryTypes.896d88d8-f54b-4799-ba57-a346316c25a0.fieldLayouts.94f9c533-ede2-4aeb-8cd1-68142164ffd9.tabs.0.elements.0.elementCondition','null'),('entryTypes.896d88d8-f54b-4799-ba57-a346316c25a0.fieldLayouts.94f9c533-ede2-4aeb-8cd1-68142164ffd9.tabs.0.elements.0.id','null'),('entryTypes.896d88d8-f54b-4799-ba57-a346316c25a0.fieldLayouts.94f9c533-ede2-4aeb-8cd1-68142164ffd9.tabs.0.elements.0.inputType','null'),('entryTypes.896d88d8-f54b-4799-ba57-a346316c25a0.fieldLayouts.94f9c533-ede2-4aeb-8cd1-68142164ffd9.tabs.0.elements.0.instructions','null'),('entryTypes.896d88d8-f54b-4799-ba57-a346316c25a0.fieldLayouts.94f9c533-ede2-4aeb-8cd1-68142164ffd9.tabs.0.elements.0.label','null'),('entryTypes.896d88d8-f54b-4799-ba57-a346316c25a0.fieldLayouts.94f9c533-ede2-4aeb-8cd1-68142164ffd9.tabs.0.elements.0.max','null'),('entryTypes.896d88d8-f54b-4799-ba57-a346316c25a0.fieldLayouts.94f9c533-ede2-4aeb-8cd1-68142164ffd9.tabs.0.elements.0.min','null'),('entryTypes.896d88d8-f54b-4799-ba57-a346316c25a0.fieldLayouts.94f9c533-ede2-4aeb-8cd1-68142164ffd9.tabs.0.elements.0.name','null'),('entryTypes.896d88d8-f54b-4799-ba57-a346316c25a0.fieldLayouts.94f9c533-ede2-4aeb-8cd1-68142164ffd9.tabs.0.elements.0.orientation','null'),('entryTypes.896d88d8-f54b-4799-ba57-a346316c25a0.fieldLayouts.94f9c533-ede2-4aeb-8cd1-68142164ffd9.tabs.0.elements.0.placeholder','null'),('entryTypes.896d88d8-f54b-4799-ba57-a346316c25a0.fieldLayouts.94f9c533-ede2-4aeb-8cd1-68142164ffd9.tabs.0.elements.0.readonly','false'),('entryTypes.896d88d8-f54b-4799-ba57-a346316c25a0.fieldLayouts.94f9c533-ede2-4aeb-8cd1-68142164ffd9.tabs.0.elements.0.requirable','false'),('entryTypes.896d88d8-f54b-4799-ba57-a346316c25a0.fieldLayouts.94f9c533-ede2-4aeb-8cd1-68142164ffd9.tabs.0.elements.0.size','null'),('entryTypes.896d88d8-f54b-4799-ba57-a346316c25a0.fieldLayouts.94f9c533-ede2-4aeb-8cd1-68142164ffd9.tabs.0.elements.0.step','null'),('entryTypes.896d88d8-f54b-4799-ba57-a346316c25a0.fieldLayouts.94f9c533-ede2-4aeb-8cd1-68142164ffd9.tabs.0.elements.0.tip','null'),('entryTypes.896d88d8-f54b-4799-ba57-a346316c25a0.fieldLayouts.94f9c533-ede2-4aeb-8cd1-68142164ffd9.tabs.0.elements.0.title','null'),('entryTypes.896d88d8-f54b-4799-ba57-a346316c25a0.fieldLayouts.94f9c533-ede2-4aeb-8cd1-68142164ffd9.tabs.0.elements.0.type','\"craft\\\\fieldlayoutelements\\\\entries\\\\EntryTitleField\"'),('entryTypes.896d88d8-f54b-4799-ba57-a346316c25a0.fieldLayouts.94f9c533-ede2-4aeb-8cd1-68142164ffd9.tabs.0.elements.0.uid','\"1e4a8c99-7857-48f5-b9b7-5935ca792b1c\"'),('entryTypes.896d88d8-f54b-4799-ba57-a346316c25a0.fieldLayouts.94f9c533-ede2-4aeb-8cd1-68142164ffd9.tabs.0.elements.0.userCondition','null'),('entryTypes.896d88d8-f54b-4799-ba57-a346316c25a0.fieldLayouts.94f9c533-ede2-4aeb-8cd1-68142164ffd9.tabs.0.elements.0.warning','null'),('entryTypes.896d88d8-f54b-4799-ba57-a346316c25a0.fieldLayouts.94f9c533-ede2-4aeb-8cd1-68142164ffd9.tabs.0.elements.0.width','100'),('entryTypes.896d88d8-f54b-4799-ba57-a346316c25a0.fieldLayouts.94f9c533-ede2-4aeb-8cd1-68142164ffd9.tabs.0.elements.1.elementCondition','null'),('entryTypes.896d88d8-f54b-4799-ba57-a346316c25a0.fieldLayouts.94f9c533-ede2-4aeb-8cd1-68142164ffd9.tabs.0.elements.1.fieldUid','\"c4be0015-38d8-4cec-8afc-410a6a5f7ad8\"'),('entryTypes.896d88d8-f54b-4799-ba57-a346316c25a0.fieldLayouts.94f9c533-ede2-4aeb-8cd1-68142164ffd9.tabs.0.elements.1.instructions','null'),('entryTypes.896d88d8-f54b-4799-ba57-a346316c25a0.fieldLayouts.94f9c533-ede2-4aeb-8cd1-68142164ffd9.tabs.0.elements.1.label','null'),('entryTypes.896d88d8-f54b-4799-ba57-a346316c25a0.fieldLayouts.94f9c533-ede2-4aeb-8cd1-68142164ffd9.tabs.0.elements.1.required','false'),('entryTypes.896d88d8-f54b-4799-ba57-a346316c25a0.fieldLayouts.94f9c533-ede2-4aeb-8cd1-68142164ffd9.tabs.0.elements.1.tip','null'),('entryTypes.896d88d8-f54b-4799-ba57-a346316c25a0.fieldLayouts.94f9c533-ede2-4aeb-8cd1-68142164ffd9.tabs.0.elements.1.type','\"craft\\\\fieldlayoutelements\\\\CustomField\"'),('entryTypes.896d88d8-f54b-4799-ba57-a346316c25a0.fieldLayouts.94f9c533-ede2-4aeb-8cd1-68142164ffd9.tabs.0.elements.1.uid','\"c8e3f1b8-e173-40b8-8265-72c3748112ce\"'),('entryTypes.896d88d8-f54b-4799-ba57-a346316c25a0.fieldLayouts.94f9c533-ede2-4aeb-8cd1-68142164ffd9.tabs.0.elements.1.userCondition','null'),('entryTypes.896d88d8-f54b-4799-ba57-a346316c25a0.fieldLayouts.94f9c533-ede2-4aeb-8cd1-68142164ffd9.tabs.0.elements.1.warning','null'),('entryTypes.896d88d8-f54b-4799-ba57-a346316c25a0.fieldLayouts.94f9c533-ede2-4aeb-8cd1-68142164ffd9.tabs.0.elements.1.width','100'),('entryTypes.896d88d8-f54b-4799-ba57-a346316c25a0.fieldLayouts.94f9c533-ede2-4aeb-8cd1-68142164ffd9.tabs.0.elements.2.elementCondition','null'),('entryTypes.896d88d8-f54b-4799-ba57-a346316c25a0.fieldLayouts.94f9c533-ede2-4aeb-8cd1-68142164ffd9.tabs.0.elements.2.fieldUid','\"334d9b18-744c-492c-9c09-9417e30a9afd\"'),('entryTypes.896d88d8-f54b-4799-ba57-a346316c25a0.fieldLayouts.94f9c533-ede2-4aeb-8cd1-68142164ffd9.tabs.0.elements.2.instructions','null'),('entryTypes.896d88d8-f54b-4799-ba57-a346316c25a0.fieldLayouts.94f9c533-ede2-4aeb-8cd1-68142164ffd9.tabs.0.elements.2.label','null'),('entryTypes.896d88d8-f54b-4799-ba57-a346316c25a0.fieldLayouts.94f9c533-ede2-4aeb-8cd1-68142164ffd9.tabs.0.elements.2.required','false'),('entryTypes.896d88d8-f54b-4799-ba57-a346316c25a0.fieldLayouts.94f9c533-ede2-4aeb-8cd1-68142164ffd9.tabs.0.elements.2.tip','null'),('entryTypes.896d88d8-f54b-4799-ba57-a346316c25a0.fieldLayouts.94f9c533-ede2-4aeb-8cd1-68142164ffd9.tabs.0.elements.2.type','\"craft\\\\fieldlayoutelements\\\\CustomField\"'),('entryTypes.896d88d8-f54b-4799-ba57-a346316c25a0.fieldLayouts.94f9c533-ede2-4aeb-8cd1-68142164ffd9.tabs.0.elements.2.uid','\"d041d880-b9b5-4be0-9329-b096cdc6e300\"'),('entryTypes.896d88d8-f54b-4799-ba57-a346316c25a0.fieldLayouts.94f9c533-ede2-4aeb-8cd1-68142164ffd9.tabs.0.elements.2.userCondition','null'),('entryTypes.896d88d8-f54b-4799-ba57-a346316c25a0.fieldLayouts.94f9c533-ede2-4aeb-8cd1-68142164ffd9.tabs.0.elements.2.warning','null'),('entryTypes.896d88d8-f54b-4799-ba57-a346316c25a0.fieldLayouts.94f9c533-ede2-4aeb-8cd1-68142164ffd9.tabs.0.elements.2.width','100'),('entryTypes.896d88d8-f54b-4799-ba57-a346316c25a0.fieldLayouts.94f9c533-ede2-4aeb-8cd1-68142164ffd9.tabs.0.elements.3.elementCondition','null'),('entryTypes.896d88d8-f54b-4799-ba57-a346316c25a0.fieldLayouts.94f9c533-ede2-4aeb-8cd1-68142164ffd9.tabs.0.elements.3.fieldUid','\"dc86aa34-6468-4975-a85c-8439117a29ec\"'),('entryTypes.896d88d8-f54b-4799-ba57-a346316c25a0.fieldLayouts.94f9c533-ede2-4aeb-8cd1-68142164ffd9.tabs.0.elements.3.instructions','null'),('entryTypes.896d88d8-f54b-4799-ba57-a346316c25a0.fieldLayouts.94f9c533-ede2-4aeb-8cd1-68142164ffd9.tabs.0.elements.3.label','null'),('entryTypes.896d88d8-f54b-4799-ba57-a346316c25a0.fieldLayouts.94f9c533-ede2-4aeb-8cd1-68142164ffd9.tabs.0.elements.3.required','false'),('entryTypes.896d88d8-f54b-4799-ba57-a346316c25a0.fieldLayouts.94f9c533-ede2-4aeb-8cd1-68142164ffd9.tabs.0.elements.3.tip','null'),('entryTypes.896d88d8-f54b-4799-ba57-a346316c25a0.fieldLayouts.94f9c533-ede2-4aeb-8cd1-68142164ffd9.tabs.0.elements.3.type','\"craft\\\\fieldlayoutelements\\\\CustomField\"'),('entryTypes.896d88d8-f54b-4799-ba57-a346316c25a0.fieldLayouts.94f9c533-ede2-4aeb-8cd1-68142164ffd9.tabs.0.elements.3.uid','\"9dbc0a4c-075c-4924-800f-00c9193ec36b\"'),('entryTypes.896d88d8-f54b-4799-ba57-a346316c25a0.fieldLayouts.94f9c533-ede2-4aeb-8cd1-68142164ffd9.tabs.0.elements.3.userCondition','null'),('entryTypes.896d88d8-f54b-4799-ba57-a346316c25a0.fieldLayouts.94f9c533-ede2-4aeb-8cd1-68142164ffd9.tabs.0.elements.3.warning','null'),('entryTypes.896d88d8-f54b-4799-ba57-a346316c25a0.fieldLayouts.94f9c533-ede2-4aeb-8cd1-68142164ffd9.tabs.0.elements.3.width','100'),('entryTypes.896d88d8-f54b-4799-ba57-a346316c25a0.fieldLayouts.94f9c533-ede2-4aeb-8cd1-68142164ffd9.tabs.0.elements.4.elementCondition','null'),('entryTypes.896d88d8-f54b-4799-ba57-a346316c25a0.fieldLayouts.94f9c533-ede2-4aeb-8cd1-68142164ffd9.tabs.0.elements.4.fieldUid','\"5e192a8d-1c33-4a39-ae36-85fb03ff44d8\"'),('entryTypes.896d88d8-f54b-4799-ba57-a346316c25a0.fieldLayouts.94f9c533-ede2-4aeb-8cd1-68142164ffd9.tabs.0.elements.4.instructions','null'),('entryTypes.896d88d8-f54b-4799-ba57-a346316c25a0.fieldLayouts.94f9c533-ede2-4aeb-8cd1-68142164ffd9.tabs.0.elements.4.label','null'),('entryTypes.896d88d8-f54b-4799-ba57-a346316c25a0.fieldLayouts.94f9c533-ede2-4aeb-8cd1-68142164ffd9.tabs.0.elements.4.required','false'),('entryTypes.896d88d8-f54b-4799-ba57-a346316c25a0.fieldLayouts.94f9c533-ede2-4aeb-8cd1-68142164ffd9.tabs.0.elements.4.tip','null'),('entryTypes.896d88d8-f54b-4799-ba57-a346316c25a0.fieldLayouts.94f9c533-ede2-4aeb-8cd1-68142164ffd9.tabs.0.elements.4.type','\"craft\\\\fieldlayoutelements\\\\CustomField\"'),('entryTypes.896d88d8-f54b-4799-ba57-a346316c25a0.fieldLayouts.94f9c533-ede2-4aeb-8cd1-68142164ffd9.tabs.0.elements.4.uid','\"3d0e83fc-d902-4477-8364-7878f9a6f9e3\"'),('entryTypes.896d88d8-f54b-4799-ba57-a346316c25a0.fieldLayouts.94f9c533-ede2-4aeb-8cd1-68142164ffd9.tabs.0.elements.4.userCondition','null'),('entryTypes.896d88d8-f54b-4799-ba57-a346316c25a0.fieldLayouts.94f9c533-ede2-4aeb-8cd1-68142164ffd9.tabs.0.elements.4.warning','null'),('entryTypes.896d88d8-f54b-4799-ba57-a346316c25a0.fieldLayouts.94f9c533-ede2-4aeb-8cd1-68142164ffd9.tabs.0.elements.4.width','100'),('entryTypes.896d88d8-f54b-4799-ba57-a346316c25a0.fieldLayouts.94f9c533-ede2-4aeb-8cd1-68142164ffd9.tabs.0.name','\"Content\"'),('entryTypes.896d88d8-f54b-4799-ba57-a346316c25a0.fieldLayouts.94f9c533-ede2-4aeb-8cd1-68142164ffd9.tabs.0.uid','\"c690b68a-4112-4c3d-9c48-5cc9d5a2704d\"'),('entryTypes.896d88d8-f54b-4799-ba57-a346316c25a0.fieldLayouts.94f9c533-ede2-4aeb-8cd1-68142164ffd9.tabs.0.userCondition','null'),('entryTypes.896d88d8-f54b-4799-ba57-a346316c25a0.handle','\"home\"'),('entryTypes.896d88d8-f54b-4799-ba57-a346316c25a0.hasTitleField','false'),('entryTypes.896d88d8-f54b-4799-ba57-a346316c25a0.name','\"Home\"'),('entryTypes.896d88d8-f54b-4799-ba57-a346316c25a0.section','\"1cfc45d2-ff87-4732-98f4-6c4f983ee59a\"'),('entryTypes.896d88d8-f54b-4799-ba57-a346316c25a0.showStatusField','true'),('entryTypes.896d88d8-f54b-4799-ba57-a346316c25a0.slugTranslationKeyFormat','null'),('entryTypes.896d88d8-f54b-4799-ba57-a346316c25a0.slugTranslationMethod','\"site\"'),('entryTypes.896d88d8-f54b-4799-ba57-a346316c25a0.sortOrder','1'),('entryTypes.896d88d8-f54b-4799-ba57-a346316c25a0.titleFormat','\"{section.name|raw}\"'),('entryTypes.896d88d8-f54b-4799-ba57-a346316c25a0.titleTranslationKeyFormat','null'),('entryTypes.896d88d8-f54b-4799-ba57-a346316c25a0.titleTranslationMethod','\"site\"'),('fieldGroups.bd0d155e-95be-41a2-880b-08b603e0e675.name','\"Common\"'),('fields.334d9b18-744c-492c-9c09-9417e30a9afd.columnSuffix','\"twasfpfx\"'),('fields.334d9b18-744c-492c-9c09-9417e30a9afd.contentColumnType','\"text\"'),('fields.334d9b18-744c-492c-9c09-9417e30a9afd.fieldGroup','\"bd0d155e-95be-41a2-880b-08b603e0e675\"'),('fields.334d9b18-744c-492c-9c09-9417e30a9afd.handle','\"metaTitle\"'),('fields.334d9b18-744c-492c-9c09-9417e30a9afd.instructions','null'),('fields.334d9b18-744c-492c-9c09-9417e30a9afd.name','\"Meta Title\"'),('fields.334d9b18-744c-492c-9c09-9417e30a9afd.searchable','false'),('fields.334d9b18-744c-492c-9c09-9417e30a9afd.settings.byteLimit','null'),('fields.334d9b18-744c-492c-9c09-9417e30a9afd.settings.charLimit','null'),('fields.334d9b18-744c-492c-9c09-9417e30a9afd.settings.code','false'),('fields.334d9b18-744c-492c-9c09-9417e30a9afd.settings.columnType','null'),('fields.334d9b18-744c-492c-9c09-9417e30a9afd.settings.initialRows','4'),('fields.334d9b18-744c-492c-9c09-9417e30a9afd.settings.multiline','false'),('fields.334d9b18-744c-492c-9c09-9417e30a9afd.settings.placeholder','null'),('fields.334d9b18-744c-492c-9c09-9417e30a9afd.settings.uiMode','\"normal\"'),('fields.334d9b18-744c-492c-9c09-9417e30a9afd.translationKeyFormat','null'),('fields.334d9b18-744c-492c-9c09-9417e30a9afd.translationMethod','\"none\"'),('fields.334d9b18-744c-492c-9c09-9417e30a9afd.type','\"craft\\\\fields\\\\PlainText\"'),('fields.5e192a8d-1c33-4a39-ae36-85fb03ff44d8.columnSuffix','\"oixzmdop\"'),('fields.5e192a8d-1c33-4a39-ae36-85fb03ff44d8.contentColumnType','\"text\"'),('fields.5e192a8d-1c33-4a39-ae36-85fb03ff44d8.fieldGroup','\"bd0d155e-95be-41a2-880b-08b603e0e675\"'),('fields.5e192a8d-1c33-4a39-ae36-85fb03ff44d8.handle','\"metaKeywords\"'),('fields.5e192a8d-1c33-4a39-ae36-85fb03ff44d8.instructions','null'),('fields.5e192a8d-1c33-4a39-ae36-85fb03ff44d8.name','\"Meta Keywords\"'),('fields.5e192a8d-1c33-4a39-ae36-85fb03ff44d8.searchable','false'),('fields.5e192a8d-1c33-4a39-ae36-85fb03ff44d8.settings.byteLimit','null'),('fields.5e192a8d-1c33-4a39-ae36-85fb03ff44d8.settings.charLimit','null'),('fields.5e192a8d-1c33-4a39-ae36-85fb03ff44d8.settings.code','false'),('fields.5e192a8d-1c33-4a39-ae36-85fb03ff44d8.settings.columnType','null'),('fields.5e192a8d-1c33-4a39-ae36-85fb03ff44d8.settings.initialRows','4'),('fields.5e192a8d-1c33-4a39-ae36-85fb03ff44d8.settings.multiline','false'),('fields.5e192a8d-1c33-4a39-ae36-85fb03ff44d8.settings.placeholder','null'),('fields.5e192a8d-1c33-4a39-ae36-85fb03ff44d8.settings.uiMode','\"normal\"'),('fields.5e192a8d-1c33-4a39-ae36-85fb03ff44d8.translationKeyFormat','null'),('fields.5e192a8d-1c33-4a39-ae36-85fb03ff44d8.translationMethod','\"none\"'),('fields.5e192a8d-1c33-4a39-ae36-85fb03ff44d8.type','\"craft\\\\fields\\\\PlainText\"'),('fields.61556d00-6075-4da9-bacc-144b7bf20499.columnSuffix','\"redxynfl\"'),('fields.61556d00-6075-4da9-bacc-144b7bf20499.contentColumnType','\"text\"'),('fields.61556d00-6075-4da9-bacc-144b7bf20499.fieldGroup','\"bd0d155e-95be-41a2-880b-08b603e0e675\"'),('fields.61556d00-6075-4da9-bacc-144b7bf20499.handle','\"websiteInfo\"'),('fields.61556d00-6075-4da9-bacc-144b7bf20499.instructions','null'),('fields.61556d00-6075-4da9-bacc-144b7bf20499.name','\"Website Info\"'),('fields.61556d00-6075-4da9-bacc-144b7bf20499.searchable','false'),('fields.61556d00-6075-4da9-bacc-144b7bf20499.settings.byteLimit','null'),('fields.61556d00-6075-4da9-bacc-144b7bf20499.settings.charLimit','null'),('fields.61556d00-6075-4da9-bacc-144b7bf20499.settings.code','false'),('fields.61556d00-6075-4da9-bacc-144b7bf20499.settings.columnType','null'),('fields.61556d00-6075-4da9-bacc-144b7bf20499.settings.initialRows','4'),('fields.61556d00-6075-4da9-bacc-144b7bf20499.settings.multiline','false'),('fields.61556d00-6075-4da9-bacc-144b7bf20499.settings.placeholder','null'),('fields.61556d00-6075-4da9-bacc-144b7bf20499.settings.uiMode','\"normal\"'),('fields.61556d00-6075-4da9-bacc-144b7bf20499.translationKeyFormat','null'),('fields.61556d00-6075-4da9-bacc-144b7bf20499.translationMethod','\"none\"'),('fields.61556d00-6075-4da9-bacc-144b7bf20499.type','\"craft\\\\fields\\\\PlainText\"'),('fields.9d48da84-3e96-43b3-8db6-b9dd428b0c69.columnSuffix','\"dldokaha\"'),('fields.9d48da84-3e96-43b3-8db6-b9dd428b0c69.contentColumnType','\"text\"'),('fields.9d48da84-3e96-43b3-8db6-b9dd428b0c69.fieldGroup','\"bd0d155e-95be-41a2-880b-08b603e0e675\"'),('fields.9d48da84-3e96-43b3-8db6-b9dd428b0c69.handle','\"phoneInfo\"'),('fields.9d48da84-3e96-43b3-8db6-b9dd428b0c69.instructions','null'),('fields.9d48da84-3e96-43b3-8db6-b9dd428b0c69.name','\"Phone Info\"'),('fields.9d48da84-3e96-43b3-8db6-b9dd428b0c69.searchable','false'),('fields.9d48da84-3e96-43b3-8db6-b9dd428b0c69.settings.byteLimit','null'),('fields.9d48da84-3e96-43b3-8db6-b9dd428b0c69.settings.charLimit','null'),('fields.9d48da84-3e96-43b3-8db6-b9dd428b0c69.settings.code','false'),('fields.9d48da84-3e96-43b3-8db6-b9dd428b0c69.settings.columnType','null'),('fields.9d48da84-3e96-43b3-8db6-b9dd428b0c69.settings.initialRows','4'),('fields.9d48da84-3e96-43b3-8db6-b9dd428b0c69.settings.multiline','false'),('fields.9d48da84-3e96-43b3-8db6-b9dd428b0c69.settings.placeholder','null'),('fields.9d48da84-3e96-43b3-8db6-b9dd428b0c69.settings.uiMode','\"normal\"'),('fields.9d48da84-3e96-43b3-8db6-b9dd428b0c69.translationKeyFormat','null'),('fields.9d48da84-3e96-43b3-8db6-b9dd428b0c69.translationMethod','\"none\"'),('fields.9d48da84-3e96-43b3-8db6-b9dd428b0c69.type','\"craft\\\\fields\\\\PlainText\"'),('fields.c4be0015-38d8-4cec-8afc-410a6a5f7ad8.columnSuffix','\"tpegdnet\"'),('fields.c4be0015-38d8-4cec-8afc-410a6a5f7ad8.contentColumnType','\"text\"'),('fields.c4be0015-38d8-4cec-8afc-410a6a5f7ad8.fieldGroup','\"bd0d155e-95be-41a2-880b-08b603e0e675\"'),('fields.c4be0015-38d8-4cec-8afc-410a6a5f7ad8.handle','\"mainBody\"'),('fields.c4be0015-38d8-4cec-8afc-410a6a5f7ad8.instructions','null'),('fields.c4be0015-38d8-4cec-8afc-410a6a5f7ad8.name','\"Main Body\"'),('fields.c4be0015-38d8-4cec-8afc-410a6a5f7ad8.searchable','false'),('fields.c4be0015-38d8-4cec-8afc-410a6a5f7ad8.settings.availableTransforms','\"\"'),('fields.c4be0015-38d8-4cec-8afc-410a6a5f7ad8.settings.availableVolumes','\"\"'),('fields.c4be0015-38d8-4cec-8afc-410a6a5f7ad8.settings.columnType','\"text\"'),('fields.c4be0015-38d8-4cec-8afc-410a6a5f7ad8.settings.configSelectionMode','\"choose\"'),('fields.c4be0015-38d8-4cec-8afc-410a6a5f7ad8.settings.defaultTransform','\"\"'),('fields.c4be0015-38d8-4cec-8afc-410a6a5f7ad8.settings.manualConfig','\"\"'),('fields.c4be0015-38d8-4cec-8afc-410a6a5f7ad8.settings.purifierConfig','null'),('fields.c4be0015-38d8-4cec-8afc-410a6a5f7ad8.settings.purifyHtml','true'),('fields.c4be0015-38d8-4cec-8afc-410a6a5f7ad8.settings.redactorConfig','null'),('fields.c4be0015-38d8-4cec-8afc-410a6a5f7ad8.settings.removeEmptyTags','false'),('fields.c4be0015-38d8-4cec-8afc-410a6a5f7ad8.settings.removeInlineStyles','false'),('fields.c4be0015-38d8-4cec-8afc-410a6a5f7ad8.settings.removeNbsp','false'),('fields.c4be0015-38d8-4cec-8afc-410a6a5f7ad8.settings.showHtmlButtonForNonAdmins','false'),('fields.c4be0015-38d8-4cec-8afc-410a6a5f7ad8.settings.showUnpermittedFiles','false'),('fields.c4be0015-38d8-4cec-8afc-410a6a5f7ad8.settings.showUnpermittedVolumes','false'),('fields.c4be0015-38d8-4cec-8afc-410a6a5f7ad8.settings.uiMode','\"enlarged\"'),('fields.c4be0015-38d8-4cec-8afc-410a6a5f7ad8.translationKeyFormat','null'),('fields.c4be0015-38d8-4cec-8afc-410a6a5f7ad8.translationMethod','\"none\"'),('fields.c4be0015-38d8-4cec-8afc-410a6a5f7ad8.type','\"craft\\\\redactor\\\\Field\"'),('fields.dc86aa34-6468-4975-a85c-8439117a29ec.columnSuffix','\"btnkhqnn\"'),('fields.dc86aa34-6468-4975-a85c-8439117a29ec.contentColumnType','\"text\"'),('fields.dc86aa34-6468-4975-a85c-8439117a29ec.fieldGroup','\"bd0d155e-95be-41a2-880b-08b603e0e675\"'),('fields.dc86aa34-6468-4975-a85c-8439117a29ec.handle','\"metaDescription\"'),('fields.dc86aa34-6468-4975-a85c-8439117a29ec.instructions','null'),('fields.dc86aa34-6468-4975-a85c-8439117a29ec.name','\"Meta Description\"'),('fields.dc86aa34-6468-4975-a85c-8439117a29ec.searchable','false'),('fields.dc86aa34-6468-4975-a85c-8439117a29ec.settings.byteLimit','null'),('fields.dc86aa34-6468-4975-a85c-8439117a29ec.settings.charLimit','null'),('fields.dc86aa34-6468-4975-a85c-8439117a29ec.settings.code','false'),('fields.dc86aa34-6468-4975-a85c-8439117a29ec.settings.columnType','null'),('fields.dc86aa34-6468-4975-a85c-8439117a29ec.settings.initialRows','4'),('fields.dc86aa34-6468-4975-a85c-8439117a29ec.settings.multiline','false'),('fields.dc86aa34-6468-4975-a85c-8439117a29ec.settings.placeholder','null'),('fields.dc86aa34-6468-4975-a85c-8439117a29ec.settings.uiMode','\"normal\"'),('fields.dc86aa34-6468-4975-a85c-8439117a29ec.translationKeyFormat','null'),('fields.dc86aa34-6468-4975-a85c-8439117a29ec.translationMethod','\"none\"'),('fields.dc86aa34-6468-4975-a85c-8439117a29ec.type','\"craft\\\\fields\\\\PlainText\"'),('fields.eab8a676-0d2d-4222-a0db-66b628376328.columnSuffix','\"yvoxjiqw\"'),('fields.eab8a676-0d2d-4222-a0db-66b628376328.contentColumnType','\"text\"'),('fields.eab8a676-0d2d-4222-a0db-66b628376328.fieldGroup','\"bd0d155e-95be-41a2-880b-08b603e0e675\"'),('fields.eab8a676-0d2d-4222-a0db-66b628376328.handle','\"addressInfo\"'),('fields.eab8a676-0d2d-4222-a0db-66b628376328.instructions','null'),('fields.eab8a676-0d2d-4222-a0db-66b628376328.name','\"Address Info\"'),('fields.eab8a676-0d2d-4222-a0db-66b628376328.searchable','false'),('fields.eab8a676-0d2d-4222-a0db-66b628376328.settings.byteLimit','null'),('fields.eab8a676-0d2d-4222-a0db-66b628376328.settings.charLimit','null'),('fields.eab8a676-0d2d-4222-a0db-66b628376328.settings.code','false'),('fields.eab8a676-0d2d-4222-a0db-66b628376328.settings.columnType','null'),('fields.eab8a676-0d2d-4222-a0db-66b628376328.settings.initialRows','4'),('fields.eab8a676-0d2d-4222-a0db-66b628376328.settings.multiline','false'),('fields.eab8a676-0d2d-4222-a0db-66b628376328.settings.placeholder','null'),('fields.eab8a676-0d2d-4222-a0db-66b628376328.settings.uiMode','\"normal\"'),('fields.eab8a676-0d2d-4222-a0db-66b628376328.translationKeyFormat','null'),('fields.eab8a676-0d2d-4222-a0db-66b628376328.translationMethod','\"none\"'),('fields.eab8a676-0d2d-4222-a0db-66b628376328.type','\"craft\\\\fields\\\\PlainText\"'),('meta.__names__.1cfc45d2-ff87-4732-98f4-6c4f983ee59a','\"Home\"'),('meta.__names__.21dbe197-ce98-47a8-b0f1-d9481543e69c','\"cnc.vikal.com.au\"'),('meta.__names__.243132ec-7ddc-431a-9f35-a01167e7601e','\"Concentre Formation\"'),('meta.__names__.334d9b18-744c-492c-9c09-9417e30a9afd','\"Meta Title\"'),('meta.__names__.5e192a8d-1c33-4a39-ae36-85fb03ff44d8','\"Meta Keywords\"'),('meta.__names__.61556d00-6075-4da9-bacc-144b7bf20499','\"Website Info\"'),('meta.__names__.6abe29e6-3ce9-46ae-99e3-810a99427a60','\"Concentre Formation\"'),('meta.__names__.6f26f678-d8b0-4139-89ce-a173402cfe5f','\"Testimonals\"'),('meta.__names__.79f49864-7f7d-4a13-b760-c5d9c1efdb22','\"Contact\"'),('meta.__names__.7be2d13f-8a6d-49b3-a720-a14b4b50e56b','\"Contact\"'),('meta.__names__.896d88d8-f54b-4799-ba57-a346316c25a0','\"Home\"'),('meta.__names__.8e1b7ee2-cdc9-4b7f-96ef-253849340c13','\"Testimonals\"'),('meta.__names__.93ee64eb-8bca-4dd2-860b-d4ced4cecc14','\"cnc.vikal.com.au\"'),('meta.__names__.9d48da84-3e96-43b3-8db6-b9dd428b0c69','\"Phone Info\"'),('meta.__names__.bd0d155e-95be-41a2-880b-08b603e0e675','\"Common\"'),('meta.__names__.c4be0015-38d8-4cec-8afc-410a6a5f7ad8','\"Main Body\"'),('meta.__names__.dc86aa34-6468-4975-a85c-8439117a29ec','\"Meta Description\"'),('meta.__names__.eab8a676-0d2d-4222-a0db-66b628376328','\"Address Info\"'),('plugins.contact-form.edition','\"standard\"'),('plugins.contact-form.enabled','true'),('plugins.contact-form.schemaVersion','\"1.0.0\"'),('plugins.postmark.edition','\"standard\"'),('plugins.postmark.enabled','true'),('plugins.postmark.schemaVersion','\"2.0.1\"'),('plugins.redactor.edition','\"standard\"'),('plugins.redactor.enabled','true'),('plugins.redactor.schemaVersion','\"2.3.0\"'),('routes.0775de07-664e-4d8d-9fa1-3d59fd379663.siteUid','null'),('routes.0775de07-664e-4d8d-9fa1-3d59fd379663.sortOrder','2'),('routes.0775de07-664e-4d8d-9fa1-3d59fd379663.template','\"testimonials\"'),('routes.0775de07-664e-4d8d-9fa1-3d59fd379663.uriParts.0','\"testimonials\"'),('routes.0775de07-664e-4d8d-9fa1-3d59fd379663.uriPattern','\"testimonials\"'),('routes.0be95705-eaed-4022-8669-b2fcc3ffad6b.siteUid','null'),('routes.0be95705-eaed-4022-8669-b2fcc3ffad6b.sortOrder','1'),('routes.0be95705-eaed-4022-8669-b2fcc3ffad6b.template','\"concreate\"'),('routes.0be95705-eaed-4022-8669-b2fcc3ffad6b.uriParts.0','\"curved-concrete-formwork\"'),('routes.0be95705-eaed-4022-8669-b2fcc3ffad6b.uriPattern','\"curved-concrete-formwork\"'),('routes.3907fdb3-2b6f-4b40-a813-b0ab877e2712.siteUid','null'),('routes.3907fdb3-2b6f-4b40-a813-b0ab877e2712.sortOrder','3'),('routes.3907fdb3-2b6f-4b40-a813-b0ab877e2712.template','\"thanks\"'),('routes.3907fdb3-2b6f-4b40-a813-b0ab877e2712.uriParts.0','\"contact/thanks\"'),('routes.3907fdb3-2b6f-4b40-a813-b0ab877e2712.uriPattern','\"contact/thanks\"'),('sections.1cfc45d2-ff87-4732-98f4-6c4f983ee59a.defaultPlacement','\"end\"'),('sections.1cfc45d2-ff87-4732-98f4-6c4f983ee59a.enableVersioning','true'),('sections.1cfc45d2-ff87-4732-98f4-6c4f983ee59a.handle','\"home\"'),('sections.1cfc45d2-ff87-4732-98f4-6c4f983ee59a.name','\"Home\"'),('sections.1cfc45d2-ff87-4732-98f4-6c4f983ee59a.propagationMethod','\"all\"'),('sections.1cfc45d2-ff87-4732-98f4-6c4f983ee59a.siteSettings.21dbe197-ce98-47a8-b0f1-d9481543e69c.enabledByDefault','true'),('sections.1cfc45d2-ff87-4732-98f4-6c4f983ee59a.siteSettings.21dbe197-ce98-47a8-b0f1-d9481543e69c.hasUrls','false'),('sections.1cfc45d2-ff87-4732-98f4-6c4f983ee59a.siteSettings.21dbe197-ce98-47a8-b0f1-d9481543e69c.template','null'),('sections.1cfc45d2-ff87-4732-98f4-6c4f983ee59a.siteSettings.21dbe197-ce98-47a8-b0f1-d9481543e69c.uriFormat','null'),('sections.1cfc45d2-ff87-4732-98f4-6c4f983ee59a.type','\"single\"'),('sections.6abe29e6-3ce9-46ae-99e3-810a99427a60.defaultPlacement','\"end\"'),('sections.6abe29e6-3ce9-46ae-99e3-810a99427a60.enableVersioning','true'),('sections.6abe29e6-3ce9-46ae-99e3-810a99427a60.handle','\"concentreFormation\"'),('sections.6abe29e6-3ce9-46ae-99e3-810a99427a60.name','\"Concentre Formation\"'),('sections.6abe29e6-3ce9-46ae-99e3-810a99427a60.propagationMethod','\"all\"'),('sections.6abe29e6-3ce9-46ae-99e3-810a99427a60.siteSettings.21dbe197-ce98-47a8-b0f1-d9481543e69c.enabledByDefault','true'),('sections.6abe29e6-3ce9-46ae-99e3-810a99427a60.siteSettings.21dbe197-ce98-47a8-b0f1-d9481543e69c.hasUrls','true'),('sections.6abe29e6-3ce9-46ae-99e3-810a99427a60.siteSettings.21dbe197-ce98-47a8-b0f1-d9481543e69c.template','\"concentre-formation/_entry\"'),('sections.6abe29e6-3ce9-46ae-99e3-810a99427a60.siteSettings.21dbe197-ce98-47a8-b0f1-d9481543e69c.uriFormat','\"concentre-formation\"'),('sections.6abe29e6-3ce9-46ae-99e3-810a99427a60.type','\"single\"'),('sections.79f49864-7f7d-4a13-b760-c5d9c1efdb22.defaultPlacement','\"end\"'),('sections.79f49864-7f7d-4a13-b760-c5d9c1efdb22.enableVersioning','true'),('sections.79f49864-7f7d-4a13-b760-c5d9c1efdb22.handle','\"contact\"'),('sections.79f49864-7f7d-4a13-b760-c5d9c1efdb22.name','\"Contact\"'),('sections.79f49864-7f7d-4a13-b760-c5d9c1efdb22.propagationMethod','\"all\"'),('sections.79f49864-7f7d-4a13-b760-c5d9c1efdb22.siteSettings.21dbe197-ce98-47a8-b0f1-d9481543e69c.enabledByDefault','true'),('sections.79f49864-7f7d-4a13-b760-c5d9c1efdb22.siteSettings.21dbe197-ce98-47a8-b0f1-d9481543e69c.hasUrls','false'),('sections.79f49864-7f7d-4a13-b760-c5d9c1efdb22.siteSettings.21dbe197-ce98-47a8-b0f1-d9481543e69c.template','null'),('sections.79f49864-7f7d-4a13-b760-c5d9c1efdb22.siteSettings.21dbe197-ce98-47a8-b0f1-d9481543e69c.uriFormat','null'),('sections.79f49864-7f7d-4a13-b760-c5d9c1efdb22.type','\"single\"'),('sections.8e1b7ee2-cdc9-4b7f-96ef-253849340c13.defaultPlacement','\"end\"'),('sections.8e1b7ee2-cdc9-4b7f-96ef-253849340c13.enableVersioning','true'),('sections.8e1b7ee2-cdc9-4b7f-96ef-253849340c13.handle','\"testimonals\"'),('sections.8e1b7ee2-cdc9-4b7f-96ef-253849340c13.name','\"Testimonals\"'),('sections.8e1b7ee2-cdc9-4b7f-96ef-253849340c13.propagationMethod','\"all\"'),('sections.8e1b7ee2-cdc9-4b7f-96ef-253849340c13.siteSettings.21dbe197-ce98-47a8-b0f1-d9481543e69c.enabledByDefault','true'),('sections.8e1b7ee2-cdc9-4b7f-96ef-253849340c13.siteSettings.21dbe197-ce98-47a8-b0f1-d9481543e69c.hasUrls','true'),('sections.8e1b7ee2-cdc9-4b7f-96ef-253849340c13.siteSettings.21dbe197-ce98-47a8-b0f1-d9481543e69c.template','\"testimonals/_entry\"'),('sections.8e1b7ee2-cdc9-4b7f-96ef-253849340c13.siteSettings.21dbe197-ce98-47a8-b0f1-d9481543e69c.uriFormat','\"testimonals\"'),('sections.8e1b7ee2-cdc9-4b7f-96ef-253849340c13.type','\"single\"'),('siteGroups.93ee64eb-8bca-4dd2-860b-d4ced4cecc14.name','\"cnc.vikal.com.au\"'),('sites.21dbe197-ce98-47a8-b0f1-d9481543e69c.baseUrl','\"$PRIMARY_SITE_URL\"'),('sites.21dbe197-ce98-47a8-b0f1-d9481543e69c.enabled','true'),('sites.21dbe197-ce98-47a8-b0f1-d9481543e69c.handle','\"default\"'),('sites.21dbe197-ce98-47a8-b0f1-d9481543e69c.hasUrls','true'),('sites.21dbe197-ce98-47a8-b0f1-d9481543e69c.language','\"en-US\"'),('sites.21dbe197-ce98-47a8-b0f1-d9481543e69c.name','\"cnc.vikal.com.au\"'),('sites.21dbe197-ce98-47a8-b0f1-d9481543e69c.primary','true'),('sites.21dbe197-ce98-47a8-b0f1-d9481543e69c.siteGroup','\"93ee64eb-8bca-4dd2-860b-d4ced4cecc14\"'),('sites.21dbe197-ce98-47a8-b0f1-d9481543e69c.sortOrder','1'),('system.edition','\"solo\"'),('system.live','true'),('system.name','\"cnc.vikal.com.au\"'),('system.schemaVersion','\"4.5.3.0\"'),('system.timeZone','\"America/Los_Angeles\"'),('users.allowPublicRegistration','false'),('users.defaultGroup','null'),('users.photoSubpath','null'),('users.photoVolumeUid','null'),('users.requireEmailVerification','true');
commit;

--
-- Dumping data for table `queue`
--

set autocommit=0;
commit;

--
-- Dumping data for table `relations`
--

set autocommit=0;
commit;

--
-- Dumping data for table `revisions`
--

set autocommit=0;
INSERT INTO `revisions` VALUES (1,1,NULL,1,NULL),(2,1,NULL,2,NULL),(3,4,NULL,1,NULL),(4,4,NULL,2,NULL),(5,7,NULL,1,NULL),(6,7,NULL,2,NULL),(7,10,NULL,1,NULL),(8,10,NULL,2,NULL),(9,1,NULL,3,NULL),(10,1,NULL,4,NULL),(11,4,NULL,3,NULL),(12,4,NULL,4,NULL);
commit;

--
-- Dumping data for table `searchindex`
--

set autocommit=0;
INSERT INTO `searchindex` VALUES (1,'slug',0,1,' concentre formation '),(1,'title',0,1,' concentre formation '),(4,'slug',0,1,' home '),(4,'title',0,1,' home '),(7,'slug',0,1,' contact '),(7,'title',0,1,' contact '),(10,'slug',0,1,' testimonals '),(10,'title',0,1,' testimonals '),(17,'email',0,1,' admin vikalmodular com au '),(17,'firstname',0,1,''),(17,'fullname',0,1,''),(17,'lastname',0,1,''),(17,'slug',0,1,''),(17,'username',0,1,' admin ');
commit;

--
-- Dumping data for table `sections`
--

set autocommit=0;
INSERT INTO `sections` VALUES (1,NULL,'Contact','contact','single',1,'all','end',NULL,'2024-02-20 03:47:35','2024-02-20 03:47:35',NULL,'79f49864-7f7d-4a13-b760-c5d9c1efdb22'),(2,NULL,'Concentre Formation','concentreFormation','single',1,'all','end',NULL,'2024-02-20 03:47:35','2024-02-20 03:47:35',NULL,'6abe29e6-3ce9-46ae-99e3-810a99427a60'),(3,NULL,'Home','home','single',1,'all','end',NULL,'2024-02-20 03:47:35','2024-02-20 03:47:35',NULL,'1cfc45d2-ff87-4732-98f4-6c4f983ee59a'),(4,NULL,'Testimonals','testimonals','single',1,'all','end',NULL,'2024-02-20 03:47:35','2024-02-20 03:47:35',NULL,'8e1b7ee2-cdc9-4b7f-96ef-253849340c13');
commit;

--
-- Dumping data for table `sections_sites`
--

set autocommit=0;
INSERT INTO `sections_sites` VALUES (1,1,1,0,NULL,NULL,1,'2024-02-20 03:47:35','2024-02-20 03:47:35','95543bc5-e1f2-4c50-b591-87503b0754fc'),(2,2,1,1,'concentre-formation','concentre-formation/_entry',1,'2024-02-20 03:47:35','2024-02-20 03:47:35','d7ad1038-d08a-444d-be2e-3cedaca397da'),(3,3,1,0,NULL,NULL,1,'2024-02-20 03:47:35','2024-02-20 03:47:35','62bb508b-ff75-40e3-a456-2155bccf8ee1'),(4,4,1,1,'testimonals','testimonals/_entry',1,'2024-02-20 03:47:35','2024-02-20 03:47:35','44fd5a6f-ed6f-4c71-87da-ac5cc9041e8e');
commit;

--
-- Dumping data for table `sequences`
--

set autocommit=0;
commit;

--
-- Dumping data for table `shunnedmessages`
--

set autocommit=0;
commit;

--
-- Dumping data for table `sitegroups`
--

set autocommit=0;
INSERT INTO `sitegroups` VALUES (1,'cnc.vikal.com.au','2024-02-20 03:47:34','2024-02-20 03:47:34',NULL,'93ee64eb-8bca-4dd2-860b-d4ced4cecc14');
commit;

--
-- Dumping data for table `sites`
--

set autocommit=0;
INSERT INTO `sites` VALUES (1,1,1,'1','cnc.vikal.com.au','default','en-US',1,'$PRIMARY_SITE_URL',1,'2024-02-20 03:47:34','2024-02-20 03:47:37',NULL,'21dbe197-ce98-47a8-b0f1-d9481543e69c');
commit;

--
-- Dumping data for table `structureelements`
--

set autocommit=0;
commit;

--
-- Dumping data for table `structures`
--

set autocommit=0;
commit;
set autocommit=0;
commit;

--
-- Dumping data for table `taggroups`
--

set autocommit=0;
commit;

--
-- Dumping data for table `tags`
--

set autocommit=0;
commit;
set autocommit=0;
commit;

--
-- Dumping data for table `usergroups`
--

set autocommit=0;
commit;

--
-- Dumping data for table `usergroups_users`
--

set autocommit=0;
commit;

--
-- Dumping data for table `userpermissions`
--

set autocommit=0;
commit;

--
-- Dumping data for table `userpermissions_usergroups`
--

set autocommit=0;
commit;

--
-- Dumping data for table `userpermissions_users`
--

set autocommit=0;
commit;

--
-- Dumping data for table `userpreferences`
--

set autocommit=0;
INSERT INTO `userpreferences` VALUES (17,'{\"language\":\"en-US\"}');
commit;
set autocommit=0;
commit;

--
-- Dumping data for table `volumefolders`
--

set autocommit=0;
commit;

--
-- Dumping data for table `volumes`
--

set autocommit=0;
commit;

--
-- Dumping data for table `widgets`
--

set autocommit=0;
INSERT INTO `widgets` VALUES (1,17,'craft\\widgets\\RecentEntries',1,NULL,'{\"siteId\":1,\"section\":\"*\",\"limit\":10}',1,'2024-02-20 03:47:40','2024-02-20 03:47:40','ab8855a1-9660-4f74-83e2-03d9f240e804'),(2,17,'craft\\widgets\\CraftSupport',2,NULL,'[]',1,'2024-02-20 03:47:40','2024-02-20 03:47:40','8a7eefcb-7b45-4785-9900-b02bbd75b389'),(3,17,'craft\\widgets\\Updates',3,NULL,'[]',1,'2024-02-20 03:47:40','2024-02-20 03:47:40','9b393f32-1951-410c-9c3d-20fb4f65dfe1'),(4,17,'craft\\widgets\\Feed',4,NULL,'{\"url\":\"https:\\/\\/craftcms.com\\/news.rss\",\"title\":\"Craft News\",\"limit\":5}',1,'2024-02-20 03:47:40','2024-02-20 03:47:40','eda2b3db-9261-4100-afa2-d11d6301bdd8');
commit;

--
-- Dumping routines for database 'db'
--


